-- https://www.phpmyadmin.net/
--




--
-- Database: `uipl_reclaimed`
--

DELIMITER $$
--
-- Procedures
--
CREATE DEFINER=`uipl`@`%` PROCEDURE `dumpSiteListAll` (IN `limitValue` INT(11), IN `offsetValue` INT(11))  BEGIN
SELECT `dump_site`.*, `ratingDetails`.`id` AS `ratingDetails.id`, `ratingDetails`.`to_id` AS `ratingDetails.to_id`, `ratingDetails`.`from_id` AS `ratingDetails.from_id`, `ratingDetails`.`type` AS `ratingDetails.type`, `ratingDetails`.`job_site_id` AS `ratingDetails.job_site_id`, `ratingDetails`.`rating` AS `ratingDetails.rating`, `ratingDetails`.`description` AS `ratingDetails.description`, `ratingDetails`.`is_deleted` AS `ratingDetails.is_deleted`, `ratingDetails`.`is_approved` AS `ratingDetails.is_approved`, `ratingDetails`.`created_at` AS `ratingDetails.created_at`, `ratingDetails`.`updated_at` AS `ratingDetails.updated_at` FROM (SELECT `dump_site`.`id`, `dump_site`.`user_id`, `dump_site`.`site_name`, `dump_site`.`description`, `dump_site`.`street`, `dump_site`.`city`, `dump_site`.`state`, `dump_site`.`zipcode`, `dump_site`.`direction_note`, `dump_site`.`phone_no`, `dump_site`.`primary_mobile_no`, `dump_site`.`secondary_mobile_no`, `dump_site`.`email`, `dump_site`.`website`, `dump_site`.`hours_of_operations`, `dump_site`.`driver_instructions`, `dump_site`.`quantity_required`, `dump_site`.`is_call_advance`, `dump_site`.`dump_location`, `dump_site`.`latitude`, `dump_site`.`longitude`, `dump_site`.`is_available`, `dump_site`.`is_deleted`, `dump_site`.`created_at`, `dump_site`.`updated_at` FROM `dump_site` AS `dump_site` WHERE `dump_site`.`is_deleted` = '0' LIMIT offsetValue, limitValue) AS `dump_site` LEFT OUTER JOIN `rating` AS `ratingDetails` ON `dump_site`.`id` = `ratingDetails`.`to_id`;
END$$

DELIMITER ;

-- --------------------------------------------------------

--
-- Table structure for table `accepted_dump_materials`
--

CREATE TABLE `accepted_dump_materials` (
  `id` int(255) NOT NULL,
  `dump_id` int(255) NOT NULL,
  `material_id` int(255) NOT NULL
) ENGINE=InnoDB DEFAULT CHARSET=latin1;

--
-- Dumping data for table `accepted_dump_materials`
--

INSERT INTO `accepted_dump_materials` (`id`, `dump_id`, `material_id`) VALUES
(13, 6, 1),
(14, 6, 3),
(15, 6, 4),
(16, 7, 1),
(17, 7, 3),
(18, 7, 4),
(22, 9, 1),
(23, 9, 3),
(24, 9, 4),
(25, 10, 1),
(26, 10, 3),
(27, 10, 4),
(28, 11, 1),
(29, 11, 2),
(30, 11, 3),
(31, 12, 1),
(32, 12, 2),
(33, 12, 3),
(36, 14, 1),
(37, 14, 2),
(38, 14, 3),
(39, 15, 2),
(40, 15, 5),
(41, 16, 2),
(42, 16, 5),
(43, 17, 2),
(44, 17, 5),
(45, 18, 2),
(46, 18, 5),
(47, 19, 2),
(48, 19, 5),
(49, 20, 2),
(50, 20, 5),
(51, 21, 2),
(52, 21, 5),
(53, 22, 2),
(54, 22, 5),
(55, 23, 2),
(56, 23, 5),
(57, 24, 2),
(58, 24, 5),
(59, 25, 2),
(60, 25, 5),
(61, 26, 2),
(62, 26, 5),
(63, 27, 2),
(64, 27, 5),
(65, 28, 2),
(66, 28, 5),
(67, 29, 2),
(68, 29, 5),
(69, 30, 2),
(70, 30, 5),
(71, 31, 0),
(72, 31, 0),
(73, 31, 0),
(74, 32, 0),
(75, 32, 0),
(76, 32, 0),
(77, 33, 0),
(78, 33, 0),
(79, 33, 0),
(80, 34, 0),
(81, 34, 0),
(82, 34, 0),
(83, 34, 0),
(87, 36, 1),
(88, 36, 2),
(89, 36, 3),
(98, 37, 2),
(99, 37, 5),
(100, 38, 2),
(101, 38, 5),
(104, 39, 2),
(105, 39, 5),
(106, 2, 4),
(107, 2, 57),
(108, 40, 1),
(109, 40, 2),
(110, 40, 3),
(111, 40, 4),
(112, 40, 5),
(114, 42, 3),
(115, 43, 2),
(116, 43, 3),
(117, 43, 5),
(118, 43, 6),
(119, 44, 2),
(120, 44, 3),
(121, 45, 2),
(122, 45, 3),
(123, 46, 1),
(124, 46, 3),
(125, 46, 5),
(126, 46, 6),
(127, 47, 1),
(128, 47, 2),
(129, 48, 1),
(130, 48, 2),
(131, 48, 3),
(132, 48, 4),
(133, 49, 2),
(134, 49, 3),
(135, 49, 4),
(136, 49, 5),
(137, 50, 4),
(138, 50, 5),
(139, 50, 6),
(152, 5, 1),
(153, 5, 2),
(154, 5, 3),
(155, 5, 4),
(156, 8, 4),
(157, 8, 5),
(158, 8, 6),
(163, 3, 3),
(164, 3, 4),
(165, 3, 5),
(166, 13, 1),
(167, 13, 2),
(168, 13, 3),
(169, 13, 4),
(170, 13, 5),
(171, 13, 6),
(172, 35, 1),
(173, 35, 2),
(174, 35, 3),
(175, 35, 4),
(176, 35, 5),
(177, 35, 6),
(187, 51, 4),
(188, 41, 5),
(189, 41, 4),
(190, 41, 3),
(191, 52, 2),
(192, 52, 3),
(193, 52, 4),
(194, 53, 2),
(195, 53, 3),
(196, 54, 1),
(197, 54, 2),
(198, 55, 1),
(199, 55, 2),
(200, 55, 3),
(201, 55, 5),
(202, 56, 1),
(203, 56, 2),
(204, 56, 3),
(205, 56, 5),
(206, 57, 1),
(207, 57, 2),
(208, 57, 3),
(209, 57, 5),
(210, 58, 1),
(211, 58, 2),
(212, 58, 3),
(213, 58, 5),
(214, 59, 6),
(215, 59, 5),
(216, 59, 4),
(217, 4, 1),
(218, 4, 3),
(219, 4, 4),
(220, 60, 1),
(221, 60, 3),
(222, 61, 1),
(223, 61, 3);

-- --------------------------------------------------------

--
-- Table structure for table `appeared_in_search_analytics_driver`
--

CREATE TABLE `appeared_in_search_analytics_driver` (
  `id` int(11) NOT NULL,
  `searched_by` int(11) NOT NULL COMMENT 'user_id',
  `result_id` int(11) NOT NULL COMMENT 'driver_id',
  `created_at` datetime NOT NULL
) ENGINE=InnoDB DEFAULT CHARSET=latin1;

--
-- Dumping data for table `appeared_in_search_analytics_driver`
--

INSERT INTO `appeared_in_search_analytics_driver` (`id`, `searched_by`, `result_id`, `created_at`) VALUES
(1, 5, 20, '2017-11-23 10:54:26'),
(2, 5, 23, '2017-11-23 10:54:26'),
(3, 5, 24, '2017-11-23 10:54:26'),
(4, 5, 30, '2017-11-23 10:54:26'),
(5, 5, 33, '2017-11-23 10:54:26'),
(6, 2, 20, '2017-11-23 10:58:18'),
(7, 2, 23, '2017-11-23 10:58:18'),
(8, 2, 24, '2017-11-23 10:58:18'),
(9, 2, 30, '2017-11-23 10:58:18'),
(10, 2, 33, '2017-11-23 10:58:18'),
(11, 36, 20, '2017-11-23 11:10:19'),
(12, 36, 23, '2017-11-23 11:10:19'),
(13, 36, 24, '2017-11-23 11:10:19'),
(14, 36, 30, '2017-11-23 11:10:19'),
(15, 36, 33, '2017-11-23 11:10:19'),
(16, 2, 20, '2017-11-23 11:10:28'),
(17, 2, 23, '2017-11-23 11:10:28'),
(18, 2, 24, '2017-11-23 11:10:28'),
(19, 2, 30, '2017-11-23 11:10:28'),
(20, 2, 33, '2017-11-23 11:10:28'),
(21, 2, 20, '2017-11-23 11:13:50'),
(22, 2, 23, '2017-11-23 11:13:50'),
(23, 2, 24, '2017-11-23 11:13:50'),
(24, 2, 30, '2017-11-23 11:13:50'),
(25, 2, 33, '2017-11-23 11:13:50'),
(26, 2, 20, '2017-11-23 11:14:07'),
(27, 2, 23, '2017-11-23 11:14:07'),
(28, 2, 24, '2017-11-23 11:14:07'),
(29, 2, 30, '2017-11-23 11:14:07'),
(30, 2, 33, '2017-11-23 11:14:07'),
(31, 2, 20, '2017-11-23 11:14:52'),
(32, 2, 23, '2017-11-23 11:14:52'),
(33, 2, 24, '2017-11-23 11:14:52'),
(34, 2, 30, '2017-11-23 11:14:52'),
(35, 2, 33, '2017-11-23 11:14:52'),
(36, 2, 20, '2017-11-23 11:18:35'),
(37, 2, 23, '2017-11-23 11:18:35'),
(38, 2, 24, '2017-11-23 11:18:35'),
(39, 2, 30, '2017-11-23 11:18:35'),
(40, 2, 33, '2017-11-23 11:18:35'),
(41, 2, 20, '2017-11-23 11:19:06'),
(42, 2, 23, '2017-11-23 11:19:06'),
(43, 2, 24, '2017-11-23 11:19:06'),
(44, 2, 30, '2017-11-23 11:19:06'),
(45, 2, 33, '2017-11-23 11:19:06'),
(46, 2, 20, '2017-11-23 11:19:15'),
(47, 2, 23, '2017-11-23 11:19:15'),
(48, 2, 24, '2017-11-23 11:19:15'),
(49, 2, 30, '2017-11-23 11:19:15'),
(50, 2, 33, '2017-11-23 11:19:15'),
(51, 2, 20, '2017-11-23 11:19:29'),
(52, 2, 23, '2017-11-23 11:19:29'),
(53, 2, 24, '2017-11-23 11:19:29'),
(54, 2, 30, '2017-11-23 11:19:29'),
(55, 2, 33, '2017-11-23 11:19:29'),
(56, 2, 20, '2017-11-23 11:20:27'),
(57, 2, 23, '2017-11-23 11:20:27'),
(58, 2, 24, '2017-11-23 11:20:27'),
(59, 2, 30, '2017-11-23 11:20:27'),
(60, 2, 33, '2017-11-23 11:20:27'),
(61, 2, 20, '2017-11-23 11:22:28'),
(62, 2, 23, '2017-11-23 11:22:28'),
(63, 2, 24, '2017-11-23 11:22:28'),
(64, 2, 30, '2017-11-23 11:22:28'),
(65, 2, 33, '2017-11-23 11:22:28'),
(66, 5, 20, '2017-11-23 11:25:19'),
(67, 5, 23, '2017-11-23 11:25:19'),
(68, 5, 24, '2017-11-23 11:25:19'),
(69, 5, 30, '2017-11-23 11:25:19'),
(70, 5, 33, '2017-11-23 11:25:19'),
(71, 2, 20, '2017-11-23 11:29:05'),
(72, 2, 23, '2017-11-23 11:29:05'),
(73, 2, 24, '2017-11-23 11:29:05'),
(74, 2, 30, '2017-11-23 11:29:05'),
(75, 2, 33, '2017-11-23 11:29:05'),
(76, 2, 20, '2017-11-23 11:29:09'),
(77, 2, 23, '2017-11-23 11:29:09'),
(78, 2, 24, '2017-11-23 11:29:09'),
(79, 2, 30, '2017-11-23 11:29:09'),
(80, 2, 33, '2017-11-23 11:29:09'),
(81, 36, 20, '2017-11-23 11:41:23'),
(82, 36, 23, '2017-11-23 11:41:23'),
(83, 36, 24, '2017-11-23 11:41:23'),
(84, 36, 30, '2017-11-23 11:41:23'),
(85, 36, 33, '2017-11-23 11:41:23'),
(86, 36, 20, '2017-11-23 11:42:30'),
(87, 36, 23, '2017-11-23 11:42:30'),
(88, 36, 24, '2017-11-23 11:42:30'),
(89, 36, 30, '2017-11-23 11:42:30'),
(90, 36, 33, '2017-11-23 11:42:30'),
(91, 5, 20, '2017-11-23 13:09:17'),
(92, 5, 23, '2017-11-23 13:09:17'),
(93, 5, 24, '2017-11-23 13:09:17'),
(94, 5, 30, '2017-11-23 13:09:17'),
(95, 5, 33, '2017-11-23 13:09:17'),
(96, 5, 20, '2017-11-23 13:09:31'),
(97, 5, 23, '2017-11-23 13:09:31'),
(98, 5, 24, '2017-11-23 13:09:31'),
(99, 5, 30, '2017-11-23 13:09:31'),
(100, 5, 33, '2017-11-23 13:09:31'),
(101, 5, 20, '2017-11-23 13:09:46'),
(102, 5, 23, '2017-11-23 13:09:46'),
(103, 5, 24, '2017-11-23 13:09:46'),
(104, 5, 30, '2017-11-23 13:09:46'),
(105, 5, 33, '2017-11-23 13:09:46'),
(106, 5, 20, '2017-11-23 13:33:30'),
(107, 5, 23, '2017-11-23 13:33:30'),
(108, 5, 24, '2017-11-23 13:33:30'),
(109, 5, 30, '2017-11-23 13:33:30'),
(110, 5, 33, '2017-11-23 13:33:30'),
(111, 36, 20, '2017-11-23 13:51:01'),
(112, 36, 23, '2017-11-23 13:51:01'),
(113, 36, 24, '2017-11-23 13:51:01'),
(114, 36, 30, '2017-11-23 13:51:01'),
(115, 36, 33, '2017-11-23 13:51:01'),
(116, 2, 20, '2017-11-23 14:14:22'),
(117, 2, 23, '2017-11-23 14:14:22'),
(118, 2, 24, '2017-11-23 14:14:22'),
(119, 2, 30, '2017-11-23 14:14:22'),
(120, 2, 33, '2017-11-23 14:14:22'),
(121, 36, 20, '2017-11-23 21:50:28'),
(122, 36, 23, '2017-11-23 21:50:28'),
(123, 36, 24, '2017-11-23 21:50:28'),
(124, 36, 30, '2017-11-23 21:50:28'),
(125, 36, 33, '2017-11-23 21:50:28'),
(126, 36, 20, '2017-11-23 21:50:31'),
(127, 36, 23, '2017-11-23 21:50:31'),
(128, 36, 24, '2017-11-23 21:50:31'),
(129, 36, 30, '2017-11-23 21:50:31'),
(130, 36, 33, '2017-11-23 21:50:31'),
(131, 36, 20, '2017-11-24 04:04:21'),
(132, 36, 23, '2017-11-24 04:04:21'),
(133, 36, 24, '2017-11-24 04:04:21'),
(134, 36, 30, '2017-11-24 04:04:21'),
(135, 36, 33, '2017-11-24 04:04:21'),
(136, 36, 20, '2017-11-24 04:04:28'),
(137, 36, 23, '2017-11-24 04:04:28'),
(138, 36, 24, '2017-11-24 04:04:28'),
(139, 36, 30, '2017-11-24 04:04:28'),
(140, 36, 33, '2017-11-24 04:04:28'),
(141, 36, 20, '2017-11-24 04:05:36'),
(142, 36, 23, '2017-11-24 04:05:36'),
(143, 36, 24, '2017-11-24 04:05:36'),
(144, 36, 30, '2017-11-24 04:05:36'),
(145, 36, 33, '2017-11-24 04:05:36'),
(146, 2, 33, '2017-11-24 06:46:49'),
(147, 2, 23, '2017-11-24 06:46:49'),
(148, 2, 24, '2017-11-24 06:46:49'),
(149, 2, 30, '2017-11-24 06:46:49'),
(150, 2, 20, '2017-11-24 06:46:49'),
(151, 2, 33, '2017-11-24 06:47:00'),
(152, 2, 23, '2017-11-24 06:47:00'),
(153, 2, 24, '2017-11-24 06:47:00'),
(154, 2, 30, '2017-11-24 06:47:00'),
(155, 2, 20, '2017-11-24 06:47:00'),
(156, 2, 33, '2017-11-24 07:03:12'),
(157, 2, 23, '2017-11-24 07:03:12'),
(158, 2, 24, '2017-11-24 07:03:12'),
(159, 2, 30, '2017-11-24 07:03:12'),
(160, 2, 20, '2017-11-24 07:03:12'),
(161, 2, 33, '2017-11-24 07:03:16'),
(162, 2, 23, '2017-11-24 07:03:16'),
(163, 2, 24, '2017-11-24 07:03:16'),
(164, 2, 30, '2017-11-24 07:03:16'),
(165, 2, 20, '2017-11-24 07:03:16'),
(166, 2, 33, '2017-11-24 07:03:27'),
(167, 2, 23, '2017-11-24 07:03:27'),
(168, 2, 24, '2017-11-24 07:03:27'),
(169, 2, 30, '2017-11-24 07:03:27'),
(170, 2, 20, '2017-11-24 07:03:27'),
(171, 2, 33, '2017-11-24 07:03:27'),
(172, 2, 23, '2017-11-24 07:03:27'),
(173, 2, 24, '2017-11-24 07:03:27'),
(174, 2, 30, '2017-11-24 07:03:27'),
(175, 2, 20, '2017-11-24 07:03:27'),
(176, 2, 33, '2017-11-24 07:03:42'),
(177, 2, 23, '2017-11-24 07:03:42'),
(178, 2, 24, '2017-11-24 07:03:42'),
(179, 2, 30, '2017-11-24 07:03:42'),
(180, 2, 20, '2017-11-24 07:03:42'),
(181, 2, 33, '2017-11-24 07:03:45'),
(182, 2, 23, '2017-11-24 07:03:45'),
(183, 2, 24, '2017-11-24 07:03:45'),
(184, 2, 30, '2017-11-24 07:03:45'),
(185, 2, 20, '2017-11-24 07:03:45'),
(186, 2, 33, '2017-11-24 09:15:02'),
(187, 2, 23, '2017-11-24 09:15:02'),
(188, 2, 24, '2017-11-24 09:15:02'),
(189, 2, 30, '2017-11-24 09:15:02'),
(190, 2, 20, '2017-11-24 09:15:02'),
(191, 2, 33, '2017-11-24 09:15:06'),
(192, 2, 23, '2017-11-24 09:15:06'),
(193, 2, 24, '2017-11-24 09:15:06'),
(194, 2, 30, '2017-11-24 09:15:06'),
(195, 2, 20, '2017-11-24 09:15:06'),
(196, 2, 33, '2017-11-24 09:23:22'),
(197, 2, 23, '2017-11-24 09:23:22'),
(198, 2, 24, '2017-11-24 09:23:22'),
(199, 2, 30, '2017-11-24 09:23:22'),
(200, 2, 20, '2017-11-24 09:23:22'),
(201, 2, 33, '2017-11-24 09:23:33'),
(202, 2, 30, '2017-11-24 09:23:33'),
(203, 2, 33, '2017-11-24 09:24:41'),
(204, 2, 30, '2017-11-24 09:24:41'),
(205, 2, 20, '2017-11-24 09:29:47'),
(206, 2, 23, '2017-11-24 09:29:47'),
(207, 2, 24, '2017-11-24 09:29:47'),
(208, 2, 30, '2017-11-24 09:29:47'),
(209, 2, 33, '2017-11-24 09:29:47'),
(210, 2, 33, '2017-11-24 09:43:25'),
(211, 2, 30, '2017-11-24 09:43:25'),
(212, 2, 33, '2017-11-24 10:02:29'),
(213, 2, 30, '2017-11-24 10:02:29'),
(214, 2, 33, '2017-11-24 10:04:13'),
(215, 2, 30, '2017-11-24 10:04:13'),
(216, 2, 33, '2017-11-24 10:04:43'),
(217, 2, 30, '2017-11-24 10:04:43'),
(218, 2, 33, '2017-11-24 10:05:55'),
(219, 2, 30, '2017-11-24 10:05:55'),
(220, 2, 33, '2017-11-24 10:06:00'),
(221, 2, 33, '2017-11-24 10:06:07'),
(222, 2, 23, '2017-11-24 10:06:07'),
(223, 2, 24, '2017-11-24 10:06:07'),
(224, 2, 30, '2017-11-24 10:06:07'),
(225, 2, 20, '2017-11-24 10:06:07'),
(226, 2, 33, '2017-11-24 10:06:12'),
(227, 2, 23, '2017-11-24 10:06:12'),
(228, 2, 24, '2017-11-24 10:06:12'),
(229, 2, 30, '2017-11-24 10:06:12'),
(230, 2, 20, '2017-11-24 10:06:12'),
(231, 2, 33, '2017-11-24 10:06:22'),
(232, 2, 23, '2017-11-24 10:06:22'),
(233, 2, 24, '2017-11-24 10:06:22'),
(234, 2, 30, '2017-11-24 10:06:22'),
(235, 2, 20, '2017-11-24 10:06:22'),
(236, 2, 33, '2017-11-24 10:06:26'),
(237, 2, 23, '2017-11-24 10:06:26'),
(238, 2, 24, '2017-11-24 10:06:26'),
(239, 2, 30, '2017-11-24 10:06:26'),
(240, 2, 20, '2017-11-24 10:06:26'),
(241, 2, 33, '2017-11-24 10:11:26'),
(242, 2, 23, '2017-11-24 10:11:26'),
(243, 2, 24, '2017-11-24 10:11:26'),
(244, 2, 30, '2017-11-24 10:11:26'),
(245, 2, 20, '2017-11-24 10:11:26'),
(246, 39, 20, '2017-11-24 11:10:49'),
(247, 39, 23, '2017-11-24 11:10:49'),
(248, 39, 24, '2017-11-24 11:10:49'),
(249, 39, 30, '2017-11-24 11:10:49'),
(250, 39, 33, '2017-11-24 11:10:49'),
(251, 39, 20, '2017-11-24 11:10:53'),
(252, 39, 23, '2017-11-24 11:10:53'),
(253, 39, 24, '2017-11-24 11:10:53'),
(254, 39, 30, '2017-11-24 11:10:53'),
(255, 39, 33, '2017-11-24 11:10:53'),
(256, 39, 20, '2017-11-24 11:11:01'),
(257, 39, 23, '2017-11-24 11:11:01'),
(258, 39, 24, '2017-11-24 11:11:01'),
(259, 39, 30, '2017-11-24 11:11:01'),
(260, 39, 33, '2017-11-24 11:11:01'),
(261, 39, 20, '2017-11-24 11:12:41'),
(262, 39, 23, '2017-11-24 11:12:41'),
(263, 39, 24, '2017-11-24 11:12:41'),
(264, 39, 30, '2017-11-24 11:12:41'),
(265, 39, 33, '2017-11-24 11:12:41'),
(266, 39, 20, '2017-11-24 11:12:48'),
(267, 39, 23, '2017-11-24 11:12:48'),
(268, 39, 24, '2017-11-24 11:12:48'),
(269, 39, 30, '2017-11-24 11:12:48'),
(270, 39, 33, '2017-11-24 11:12:48'),
(271, 39, 20, '2017-11-24 11:12:59'),
(272, 39, 23, '2017-11-24 11:12:59'),
(273, 39, 24, '2017-11-24 11:12:59'),
(274, 39, 30, '2017-11-24 11:12:59'),
(275, 39, 33, '2017-11-24 11:12:59'),
(276, 39, 20, '2017-11-24 11:13:50'),
(277, 39, 23, '2017-11-24 11:13:50'),
(278, 39, 24, '2017-11-24 11:13:50'),
(279, 39, 30, '2017-11-24 11:13:50'),
(280, 39, 33, '2017-11-24 11:13:50'),
(281, 39, 20, '2017-11-24 11:15:29'),
(282, 39, 23, '2017-11-24 11:15:29'),
(283, 39, 24, '2017-11-24 11:15:29'),
(284, 39, 30, '2017-11-24 11:15:29'),
(285, 39, 33, '2017-11-24 11:15:29'),
(286, 39, 20, '2017-11-24 11:18:52'),
(287, 39, 23, '2017-11-24 11:18:52'),
(288, 39, 24, '2017-11-24 11:18:52'),
(289, 39, 30, '2017-11-24 11:18:52'),
(290, 39, 33, '2017-11-24 11:18:52'),
(291, 2, 20, '2017-11-24 14:26:53'),
(292, 2, 23, '2017-11-24 14:26:53'),
(293, 2, 24, '2017-11-24 14:26:53'),
(294, 2, 30, '2017-11-24 14:26:53'),
(295, 2, 33, '2017-11-24 14:26:53'),
(296, 2, 20, '2017-11-24 14:27:07'),
(297, 2, 23, '2017-11-24 14:27:07'),
(298, 2, 24, '2017-11-24 14:27:07'),
(299, 2, 30, '2017-11-24 14:27:07'),
(300, 2, 33, '2017-11-24 14:27:07'),
(301, 36, 20, '2017-11-26 20:46:13'),
(302, 36, 23, '2017-11-26 20:46:13'),
(303, 36, 24, '2017-11-26 20:46:13'),
(304, 36, 30, '2017-11-26 20:46:13'),
(305, 36, 33, '2017-11-26 20:46:13'),
(306, 5, 20, '2017-11-27 08:52:58'),
(307, 5, 23, '2017-11-27 08:52:58'),
(308, 5, 24, '2017-11-27 08:52:58'),
(309, 5, 30, '2017-11-27 08:52:58'),
(310, 5, 33, '2017-11-27 08:52:58'),
(311, 5, 23, '2017-11-27 08:53:13'),
(312, 5, 30, '2017-11-27 08:53:13'),
(313, 5, 23, '2017-11-27 08:53:34'),
(314, 5, 30, '2017-11-27 08:53:34'),
(315, 5, 23, '2017-11-27 08:56:01'),
(316, 5, 30, '2017-11-27 08:56:01'),
(317, 5, 23, '2017-11-27 08:56:08'),
(318, 5, 30, '2017-11-27 08:56:08'),
(319, 5, 20, '2017-11-27 08:56:12'),
(320, 5, 23, '2017-11-27 08:56:12'),
(321, 5, 24, '2017-11-27 08:56:12'),
(322, 5, 30, '2017-11-27 08:56:12'),
(323, 5, 33, '2017-11-27 08:56:12'),
(324, 5, 20, '2017-11-27 09:03:11'),
(325, 5, 23, '2017-11-27 09:03:11'),
(326, 5, 24, '2017-11-27 09:03:11'),
(327, 5, 30, '2017-11-27 09:03:11'),
(328, 5, 33, '2017-11-27 09:03:11'),
(329, 2, 20, '2017-11-27 09:44:20'),
(330, 2, 23, '2017-11-27 09:44:20'),
(331, 2, 24, '2017-11-27 09:44:20'),
(332, 2, 30, '2017-11-27 09:44:20'),
(333, 2, 33, '2017-11-27 09:44:20'),
(334, 2, 41, '2017-11-27 09:44:20'),
(335, 2, 42, '2017-11-27 09:44:20'),
(336, 2, 43, '2017-11-27 09:44:20'),
(337, 2, 44, '2017-11-27 09:44:20'),
(338, 2, 45, '2017-11-27 09:44:20'),
(339, 2, 46, '2017-11-27 09:44:22'),
(340, 2, 47, '2017-11-27 09:44:22'),
(341, 2, 48, '2017-11-27 09:44:22'),
(342, 2, 49, '2017-11-27 09:44:22'),
(343, 2, 20, '2017-11-27 09:45:44'),
(344, 2, 23, '2017-11-27 09:45:44'),
(345, 2, 24, '2017-11-27 09:45:44'),
(346, 2, 30, '2017-11-27 09:45:44'),
(347, 2, 33, '2017-11-27 09:45:44'),
(348, 2, 41, '2017-11-27 09:45:44'),
(349, 2, 42, '2017-11-27 09:45:44'),
(350, 2, 43, '2017-11-27 09:45:44'),
(351, 2, 44, '2017-11-27 09:45:44'),
(352, 2, 45, '2017-11-27 09:45:44'),
(353, 5, 20, '2017-11-27 09:50:34'),
(354, 5, 23, '2017-11-27 09:50:34'),
(355, 5, 24, '2017-11-27 09:50:34'),
(356, 5, 30, '2017-11-27 09:50:34'),
(357, 5, 33, '2017-11-27 09:50:34'),
(358, 5, 20, '2017-11-27 09:50:41'),
(359, 5, 23, '2017-11-27 09:50:41'),
(360, 5, 24, '2017-11-27 09:50:41'),
(361, 5, 30, '2017-11-27 09:50:41'),
(362, 5, 33, '2017-11-27 09:50:41'),
(363, 5, 20, '2017-11-27 09:50:54'),
(364, 5, 23, '2017-11-27 09:50:54'),
(365, 5, 24, '2017-11-27 09:50:54'),
(366, 5, 30, '2017-11-27 09:50:54'),
(367, 5, 33, '2017-11-27 09:50:54'),
(368, 39, 20, '2017-11-27 09:54:10'),
(369, 39, 23, '2017-11-27 09:54:10'),
(370, 39, 24, '2017-11-27 09:54:10'),
(371, 39, 30, '2017-11-27 09:54:10'),
(372, 39, 33, '2017-11-27 09:54:10'),
(373, 39, 41, '2017-11-27 09:54:10'),
(374, 39, 42, '2017-11-27 09:54:10'),
(375, 39, 43, '2017-11-27 09:54:10'),
(376, 39, 44, '2017-11-27 09:54:10'),
(377, 39, 45, '2017-11-27 09:54:10'),
(378, 39, 20, '2017-11-27 09:54:22'),
(379, 39, 23, '2017-11-27 09:54:22'),
(380, 39, 24, '2017-11-27 09:54:22'),
(381, 39, 30, '2017-11-27 09:54:22'),
(382, 39, 33, '2017-11-27 09:54:22'),
(383, 39, 41, '2017-11-27 09:54:22'),
(384, 39, 42, '2017-11-27 09:54:22'),
(385, 39, 43, '2017-11-27 09:54:22'),
(386, 39, 44, '2017-11-27 09:54:22'),
(387, 39, 45, '2017-11-27 09:54:22'),
(388, 39, 20, '2017-11-27 09:54:33'),
(389, 39, 23, '2017-11-27 09:54:33'),
(390, 39, 24, '2017-11-27 09:54:33'),
(391, 39, 30, '2017-11-27 09:54:33'),
(392, 39, 33, '2017-11-27 09:54:33'),
(393, 39, 41, '2017-11-27 09:54:33'),
(394, 39, 42, '2017-11-27 09:54:33'),
(395, 39, 43, '2017-11-27 09:54:33'),
(396, 39, 44, '2017-11-27 09:54:33'),
(397, 39, 45, '2017-11-27 09:54:33'),
(398, 39, 20, '2017-11-27 09:54:47'),
(399, 39, 23, '2017-11-27 09:54:47'),
(400, 39, 24, '2017-11-27 09:54:47'),
(401, 39, 30, '2017-11-27 09:54:47'),
(402, 39, 33, '2017-11-27 09:54:47'),
(403, 39, 41, '2017-11-27 09:54:47'),
(404, 39, 42, '2017-11-27 09:54:47'),
(405, 39, 43, '2017-11-27 09:54:47'),
(406, 39, 44, '2017-11-27 09:54:47'),
(407, 39, 45, '2017-11-27 09:54:47'),
(408, 39, 20, '2017-11-27 09:55:11'),
(409, 39, 23, '2017-11-27 09:55:11'),
(410, 39, 24, '2017-11-27 09:55:11'),
(411, 39, 30, '2017-11-27 09:55:11'),
(412, 39, 33, '2017-11-27 09:55:11'),
(413, 39, 41, '2017-11-27 09:55:11'),
(414, 39, 42, '2017-11-27 09:55:11'),
(415, 39, 43, '2017-11-27 09:55:11'),
(416, 39, 44, '2017-11-27 09:55:11'),
(417, 39, 45, '2017-11-27 09:55:11'),
(418, 39, 20, '2017-11-27 10:08:24'),
(419, 39, 23, '2017-11-27 10:08:24'),
(420, 39, 24, '2017-11-27 10:08:24'),
(421, 39, 30, '2017-11-27 10:08:24'),
(422, 39, 33, '2017-11-27 10:08:24'),
(423, 39, 20, '2017-11-27 10:08:24'),
(424, 39, 23, '2017-11-27 10:08:24'),
(425, 39, 24, '2017-11-27 10:08:24'),
(426, 39, 30, '2017-11-27 10:08:24'),
(427, 39, 33, '2017-11-27 10:08:24'),
(428, 39, 41, '2017-11-27 10:08:24'),
(429, 39, 42, '2017-11-27 10:08:24'),
(430, 39, 43, '2017-11-27 10:08:24'),
(431, 39, 44, '2017-11-27 10:08:24'),
(432, 39, 45, '2017-11-27 10:08:24'),
(433, 39, 20, '2017-11-27 10:08:57'),
(434, 39, 23, '2017-11-27 10:08:57'),
(435, 39, 24, '2017-11-27 10:08:57'),
(436, 39, 30, '2017-11-27 10:08:57'),
(437, 39, 33, '2017-11-27 10:08:57'),
(438, 39, 41, '2017-11-27 10:08:57'),
(439, 39, 42, '2017-11-27 10:08:57'),
(440, 39, 43, '2017-11-27 10:08:57'),
(441, 39, 44, '2017-11-27 10:08:57'),
(442, 39, 45, '2017-11-27 10:08:57'),
(443, 39, 20, '2017-11-27 10:08:58'),
(444, 39, 23, '2017-11-27 10:08:58'),
(445, 39, 24, '2017-11-27 10:08:58'),
(446, 39, 30, '2017-11-27 10:08:58'),
(447, 39, 33, '2017-11-27 10:08:58'),
(448, 39, 20, '2017-11-27 10:28:54'),
(449, 39, 23, '2017-11-27 10:28:54'),
(450, 39, 24, '2017-11-27 10:28:54'),
(451, 39, 30, '2017-11-27 10:28:54'),
(452, 39, 33, '2017-11-27 10:28:54'),
(453, 39, 41, '2017-11-27 10:28:54'),
(454, 39, 42, '2017-11-27 10:28:54'),
(455, 39, 43, '2017-11-27 10:28:54'),
(456, 39, 44, '2017-11-27 10:28:54'),
(457, 39, 45, '2017-11-27 10:28:54'),
(458, 39, 20, '2017-11-27 10:45:58'),
(459, 39, 23, '2017-11-27 10:45:58'),
(460, 39, 24, '2017-11-27 10:45:58'),
(461, 39, 30, '2017-11-27 10:45:58'),
(462, 39, 33, '2017-11-27 10:45:58'),
(463, 39, 41, '2017-11-27 10:45:58'),
(464, 39, 42, '2017-11-27 10:45:58'),
(465, 39, 43, '2017-11-27 10:45:58'),
(466, 39, 44, '2017-11-27 10:45:58'),
(467, 39, 45, '2017-11-27 10:45:58');

-- --------------------------------------------------------

--
-- Table structure for table `appeared_in_search_analytics_dump_site`
--

CREATE TABLE `appeared_in_search_analytics_dump_site` (
  `id` int(11) NOT NULL,
  `searched_by` int(11) NOT NULL COMMENT 'user_id',
  `result_id` int(11) NOT NULL COMMENT 'dump_site_id',
  `owner_id` int(11) NOT NULL COMMENT 'contractor_id/material_customer_id',
  `created_at` datetime NOT NULL
) ENGINE=InnoDB DEFAULT CHARSET=latin1;

--
-- Dumping data for table `appeared_in_search_analytics_dump_site`
--

INSERT INTO `appeared_in_search_analytics_dump_site` (`id`, `searched_by`, `result_id`, `owner_id`, `created_at`) VALUES
(1, 2, 14, 11, '2017-11-23 14:28:09'),
(2, 2, 15, 2, '2017-11-23 14:28:09'),
(3, 2, 16, 11, '2017-11-23 14:28:09'),
(4, 2, 17, 11, '2017-11-23 14:28:09'),
(5, 2, 18, 11, '2017-11-23 14:28:09'),
(6, 2, 19, 11, '2017-11-23 14:28:09'),
(7, 2, 20, 11, '2017-11-23 14:28:09'),
(8, 2, 21, 11, '2017-11-23 14:28:09'),
(9, 2, 22, 11, '2017-11-23 14:28:09'),
(10, 2, 23, 11, '2017-11-23 14:28:09'),
(11, 5, 3, 2, '2017-11-23 14:31:36'),
(12, 5, 4, 2, '2017-11-23 14:31:36'),
(13, 5, 5, 2, '2017-11-23 14:31:36'),
(14, 5, 6, 2, '2017-11-23 14:31:36'),
(15, 5, 7, 2, '2017-11-23 14:31:36'),
(16, 5, 8, 2, '2017-11-23 14:31:36'),
(17, 5, 9, 2, '2017-11-23 14:31:36'),
(18, 5, 10, 2, '2017-11-23 14:31:36'),
(19, 5, 11, 11, '2017-11-23 14:31:36'),
(20, 5, 13, 2, '2017-11-23 14:31:36'),
(21, 2, 14, 11, '2017-11-23 14:33:15'),
(22, 2, 15, 2, '2017-11-23 14:33:15'),
(23, 2, 16, 11, '2017-11-23 14:33:15'),
(24, 2, 17, 11, '2017-11-23 14:33:15'),
(25, 2, 18, 11, '2017-11-23 14:33:15'),
(26, 2, 19, 11, '2017-11-23 14:33:15'),
(27, 2, 20, 11, '2017-11-23 14:33:15'),
(28, 2, 21, 11, '2017-11-23 14:33:15'),
(29, 2, 22, 11, '2017-11-23 14:33:15'),
(30, 2, 23, 11, '2017-11-23 14:33:15'),
(31, 5, 3, 2, '2017-11-23 14:33:23'),
(32, 5, 4, 2, '2017-11-23 14:33:23'),
(33, 5, 5, 2, '2017-11-23 14:33:23'),
(34, 5, 6, 2, '2017-11-23 14:33:23'),
(35, 5, 7, 2, '2017-11-23 14:33:23'),
(36, 5, 8, 2, '2017-11-23 14:33:23'),
(37, 5, 9, 2, '2017-11-23 14:33:23'),
(38, 5, 10, 2, '2017-11-23 14:33:23'),
(39, 5, 11, 11, '2017-11-23 14:33:23'),
(40, 5, 13, 2, '2017-11-23 14:33:23'),
(41, 5, 14, 11, '2017-11-23 14:33:28'),
(42, 5, 15, 2, '2017-11-23 14:33:28'),
(43, 5, 16, 11, '2017-11-23 14:33:28'),
(44, 5, 17, 11, '2017-11-23 14:33:28'),
(45, 5, 18, 11, '2017-11-23 14:33:28'),
(46, 5, 19, 11, '2017-11-23 14:33:28'),
(47, 5, 20, 11, '2017-11-23 14:33:28'),
(48, 5, 21, 11, '2017-11-23 14:33:28'),
(49, 5, 22, 11, '2017-11-23 14:33:28'),
(50, 5, 23, 11, '2017-11-23 14:33:28'),
(51, 5, 24, 11, '2017-11-23 14:33:40'),
(52, 5, 25, 11, '2017-11-23 14:33:40'),
(53, 5, 26, 11, '2017-11-23 14:33:40'),
(54, 5, 27, 11, '2017-11-23 14:33:40'),
(55, 5, 28, 11, '2017-11-23 14:33:40'),
(56, 5, 29, 11, '2017-11-23 14:33:40'),
(57, 5, 30, 11, '2017-11-23 14:33:40'),
(58, 5, 31, 2, '2017-11-23 14:33:40'),
(59, 5, 32, 2, '2017-11-23 14:33:40'),
(60, 5, 33, 2, '2017-11-23 14:33:40'),
(61, 5, 34, 2, '2017-11-23 14:33:41'),
(62, 5, 35, 2, '2017-11-23 14:33:41'),
(63, 5, 36, 2, '2017-11-23 14:33:41'),
(64, 5, 37, 2, '2017-11-23 14:33:41'),
(65, 5, 38, 2, '2017-11-23 14:33:41'),
(66, 5, 39, 2, '2017-11-23 14:33:41'),
(67, 5, 40, 2, '2017-11-23 14:33:41'),
(68, 5, 41, 2, '2017-11-23 14:33:41'),
(69, 5, 42, 2, '2017-11-23 14:33:41'),
(70, 5, 43, 22, '2017-11-23 14:33:41'),
(71, 5, 44, 0, '2017-11-23 14:33:41'),
(72, 5, 45, 2, '2017-11-23 14:33:41'),
(73, 5, 46, 2, '2017-11-23 14:33:41'),
(74, 5, 47, 2, '2017-11-23 14:33:41'),
(75, 5, 48, 2, '2017-11-23 14:33:41'),
(76, 5, 49, 2, '2017-11-23 14:33:41'),
(77, 5, 50, 2, '2017-11-23 14:33:41'),
(78, 5, 51, 2, '2017-11-23 14:33:41'),
(79, 5, 52, 2, '2017-11-23 14:33:41'),
(80, 5, 53, 2, '2017-11-23 14:33:41'),
(81, 5, 54, 2, '2017-11-23 14:33:43'),
(82, 5, 55, 2, '2017-11-23 14:33:43'),
(83, 5, 56, 2, '2017-11-23 14:33:43'),
(84, 5, 57, 2, '2017-11-23 14:33:43'),
(85, 5, 58, 2, '2017-11-23 14:33:43'),
(86, 5, 3, 2, '2017-11-23 14:34:05'),
(87, 5, 5, 2, '2017-11-23 14:34:05'),
(88, 5, 8, 2, '2017-11-23 14:34:05'),
(89, 5, 13, 2, '2017-11-23 14:34:05'),
(90, 5, 35, 2, '2017-11-23 14:34:05'),
(91, 5, 41, 2, '2017-11-23 14:34:05'),
(92, 5, 45, 2, '2017-11-23 14:34:05'),
(93, 5, 46, 2, '2017-11-23 14:34:05'),
(94, 5, 47, 2, '2017-11-23 14:34:05'),
(95, 5, 48, 2, '2017-11-23 14:34:05'),
(96, 5, 49, 2, '2017-11-23 14:34:08'),
(97, 5, 50, 2, '2017-11-23 14:34:08'),
(98, 5, 51, 2, '2017-11-23 14:34:08'),
(99, 5, 52, 2, '2017-11-23 14:34:08'),
(100, 5, 53, 2, '2017-11-23 14:34:08'),
(101, 5, 54, 2, '2017-11-23 14:34:08'),
(102, 5, 55, 2, '2017-11-23 14:34:08'),
(103, 5, 56, 2, '2017-11-23 14:34:08'),
(104, 5, 57, 2, '2017-11-23 14:34:08'),
(105, 5, 58, 2, '2017-11-23 14:34:08'),
(106, 5, 3, 2, '2017-11-23 14:34:25'),
(107, 5, 5, 2, '2017-11-23 14:34:25'),
(108, 5, 8, 2, '2017-11-23 14:34:25'),
(109, 5, 13, 2, '2017-11-23 14:34:25'),
(110, 5, 35, 2, '2017-11-23 14:34:25'),
(111, 5, 41, 2, '2017-11-23 14:34:25'),
(112, 5, 45, 2, '2017-11-23 14:34:25'),
(113, 5, 46, 2, '2017-11-23 14:34:25'),
(114, 5, 47, 2, '2017-11-23 14:34:25'),
(115, 5, 48, 2, '2017-11-23 14:34:25'),
(116, 5, 3, 2, '2017-11-23 14:35:20'),
(117, 5, 4, 2, '2017-11-23 14:35:20'),
(118, 5, 5, 2, '2017-11-23 14:35:20'),
(119, 5, 6, 2, '2017-11-23 14:35:20'),
(120, 5, 7, 2, '2017-11-23 14:35:20'),
(121, 5, 8, 2, '2017-11-23 14:35:20'),
(122, 5, 9, 2, '2017-11-23 14:35:20'),
(123, 5, 10, 2, '2017-11-23 14:35:20'),
(124, 5, 11, 11, '2017-11-23 14:35:20'),
(125, 5, 13, 2, '2017-11-23 14:35:20'),
(126, 5, 4, 2, '2017-11-23 14:36:51'),
(127, 5, 6, 2, '2017-11-23 14:36:51'),
(128, 5, 7, 2, '2017-11-23 14:36:51'),
(129, 5, 9, 2, '2017-11-23 14:36:51'),
(130, 5, 10, 2, '2017-11-23 14:36:51'),
(131, 5, 4, 2, '2017-11-23 14:38:03'),
(132, 5, 6, 2, '2017-11-23 14:38:03'),
(133, 5, 7, 2, '2017-11-23 14:38:03'),
(134, 5, 9, 2, '2017-11-23 14:38:03'),
(135, 5, 10, 2, '2017-11-23 14:38:03'),
(136, 5, 45, 2, '2017-11-23 14:38:15'),
(137, 5, 46, 2, '2017-11-23 14:38:15'),
(138, 5, 47, 2, '2017-11-23 14:38:15'),
(139, 5, 48, 2, '2017-11-23 14:38:15'),
(140, 5, 49, 2, '2017-11-23 14:38:15'),
(141, 5, 50, 2, '2017-11-23 14:38:37'),
(142, 5, 5, 2, '2017-11-23 14:38:37'),
(143, 5, 8, 2, '2017-11-23 14:38:37'),
(144, 5, 3, 2, '2017-11-23 14:38:37'),
(145, 5, 13, 2, '2017-11-23 14:38:37'),
(146, 5, 3, 2, '2017-11-23 14:38:54'),
(147, 5, 5, 2, '2017-11-23 14:38:54'),
(148, 5, 8, 2, '2017-11-23 14:38:54'),
(149, 5, 13, 2, '2017-11-23 14:38:54'),
(150, 5, 35, 2, '2017-11-23 14:38:54'),
(151, 5, 41, 2, '2017-11-23 14:38:54'),
(152, 5, 45, 2, '2017-11-23 14:38:54'),
(153, 5, 46, 2, '2017-11-23 14:38:54'),
(154, 5, 47, 2, '2017-11-23 14:38:54'),
(155, 5, 48, 2, '2017-11-23 14:38:54'),
(156, 5, 4, 2, '2017-11-23 14:38:55'),
(157, 5, 6, 2, '2017-11-23 14:38:55'),
(158, 5, 7, 2, '2017-11-23 14:38:55'),
(159, 5, 9, 2, '2017-11-23 14:38:55'),
(160, 5, 10, 2, '2017-11-23 14:38:55'),
(161, 5, 49, 2, '2017-11-23 14:38:59'),
(162, 5, 50, 2, '2017-11-23 14:38:59'),
(163, 5, 51, 2, '2017-11-23 14:38:59'),
(164, 5, 52, 2, '2017-11-23 14:38:59'),
(165, 5, 53, 2, '2017-11-23 14:38:59'),
(166, 5, 54, 2, '2017-11-23 14:38:59'),
(167, 5, 55, 2, '2017-11-23 14:38:59'),
(168, 5, 56, 2, '2017-11-23 14:38:59'),
(169, 5, 57, 2, '2017-11-23 14:38:59'),
(170, 5, 58, 2, '2017-11-23 14:38:59'),
(171, 5, 11, 11, '2017-11-23 14:39:06'),
(172, 5, 14, 11, '2017-11-23 14:39:06'),
(173, 5, 15, 2, '2017-11-23 14:39:06'),
(174, 5, 16, 11, '2017-11-23 14:39:06'),
(175, 5, 17, 11, '2017-11-23 14:39:06'),
(176, 5, 18, 11, '2017-11-23 14:39:07'),
(177, 5, 19, 11, '2017-11-23 14:39:07'),
(178, 5, 20, 11, '2017-11-23 14:39:07'),
(179, 5, 21, 11, '2017-11-23 14:39:07'),
(180, 5, 22, 11, '2017-11-23 14:39:07'),
(181, 5, 23, 11, '2017-11-23 14:39:09'),
(182, 5, 24, 11, '2017-11-23 14:39:09'),
(183, 5, 25, 11, '2017-11-23 14:39:09'),
(184, 5, 26, 11, '2017-11-23 14:39:09'),
(185, 5, 27, 11, '2017-11-23 14:39:09'),
(186, 5, 28, 11, '2017-11-23 14:39:10'),
(187, 5, 29, 11, '2017-11-23 14:39:10'),
(188, 5, 30, 11, '2017-11-23 14:39:10'),
(189, 5, 31, 2, '2017-11-23 14:39:10'),
(190, 5, 32, 2, '2017-11-23 14:39:10'),
(191, 5, 4, 2, '2017-11-23 14:41:39'),
(192, 5, 6, 2, '2017-11-23 14:41:39'),
(193, 5, 7, 2, '2017-11-23 14:41:39'),
(194, 5, 9, 2, '2017-11-23 14:41:39'),
(195, 5, 10, 2, '2017-11-23 14:41:39'),
(196, 36, 59, 2, '2017-11-24 04:09:12'),
(197, 36, 58, 2, '2017-11-24 04:09:12'),
(198, 36, 57, 2, '2017-11-24 04:09:12'),
(199, 36, 56, 2, '2017-11-24 04:09:12'),
(200, 36, 55, 2, '2017-11-24 04:09:12'),
(201, 2, 3, 2, '2017-11-24 05:49:34'),
(202, 2, 4, 2, '2017-11-24 05:49:34'),
(203, 2, 5, 2, '2017-11-24 05:49:34'),
(204, 2, 6, 2, '2017-11-24 05:49:34'),
(205, 2, 7, 2, '2017-11-24 05:49:34'),
(206, 2, 8, 2, '2017-11-24 05:49:34'),
(207, 2, 9, 2, '2017-11-24 05:49:34'),
(208, 2, 10, 2, '2017-11-24 05:49:34'),
(209, 2, 11, 11, '2017-11-24 05:49:34'),
(210, 2, 13, 2, '2017-11-24 05:49:34'),
(211, 2, 4, 2, '2017-11-24 06:26:07'),
(212, 2, 6, 2, '2017-11-24 06:26:07'),
(213, 2, 7, 2, '2017-11-24 06:26:07'),
(214, 2, 9, 2, '2017-11-24 06:26:07'),
(215, 2, 10, 2, '2017-11-24 06:26:07'),
(216, 2, 4, 2, '2017-11-24 06:46:29'),
(217, 2, 6, 2, '2017-11-24 06:46:29'),
(218, 2, 7, 2, '2017-11-24 06:46:29'),
(219, 2, 9, 2, '2017-11-24 06:46:29'),
(220, 2, 10, 2, '2017-11-24 06:46:29'),
(221, 2, 4, 2, '2017-11-24 06:46:44'),
(222, 2, 6, 2, '2017-11-24 06:46:44'),
(223, 2, 7, 2, '2017-11-24 06:46:44'),
(224, 2, 9, 2, '2017-11-24 06:46:44'),
(225, 2, 10, 2, '2017-11-24 06:46:44'),
(226, 2, 4, 2, '2017-11-24 06:47:09'),
(227, 2, 6, 2, '2017-11-24 06:47:09'),
(228, 2, 7, 2, '2017-11-24 06:47:09'),
(229, 2, 9, 2, '2017-11-24 06:47:09'),
(230, 2, 10, 2, '2017-11-24 06:47:09'),
(231, 2, 4, 2, '2017-11-24 06:47:18'),
(232, 2, 6, 2, '2017-11-24 06:47:18'),
(233, 2, 7, 2, '2017-11-24 06:47:18'),
(234, 2, 9, 2, '2017-11-24 06:47:18'),
(235, 2, 10, 2, '2017-11-24 06:47:18'),
(236, 2, 4, 2, '2017-11-24 07:02:52'),
(237, 2, 6, 2, '2017-11-24 07:02:52'),
(238, 2, 7, 2, '2017-11-24 07:02:52'),
(239, 2, 9, 2, '2017-11-24 07:02:52'),
(240, 2, 10, 2, '2017-11-24 07:02:52'),
(241, 2, 4, 2, '2017-11-24 07:03:01'),
(242, 2, 6, 2, '2017-11-24 07:03:01'),
(243, 2, 7, 2, '2017-11-24 07:03:01'),
(244, 2, 9, 2, '2017-11-24 07:03:01'),
(245, 2, 10, 2, '2017-11-24 07:03:01'),
(246, 2, 4, 2, '2017-11-24 07:03:06'),
(247, 2, 6, 2, '2017-11-24 07:03:06'),
(248, 2, 7, 2, '2017-11-24 07:03:06'),
(249, 2, 9, 2, '2017-11-24 07:03:06'),
(250, 2, 10, 2, '2017-11-24 07:03:06'),
(251, 2, 4, 2, '2017-11-24 07:03:09'),
(252, 2, 6, 2, '2017-11-24 07:03:09'),
(253, 2, 7, 2, '2017-11-24 07:03:09'),
(254, 2, 9, 2, '2017-11-24 07:03:09'),
(255, 2, 10, 2, '2017-11-24 07:03:09'),
(256, 2, 3, 2, '2017-11-24 07:14:32'),
(257, 2, 4, 2, '2017-11-24 07:14:32'),
(258, 2, 5, 2, '2017-11-24 07:14:32'),
(259, 2, 6, 2, '2017-11-24 07:14:32'),
(260, 2, 7, 2, '2017-11-24 07:14:32'),
(261, 2, 8, 2, '2017-11-24 07:14:32'),
(262, 2, 9, 2, '2017-11-24 07:14:32'),
(263, 2, 10, 2, '2017-11-24 07:14:32'),
(264, 2, 11, 11, '2017-11-24 07:14:32'),
(265, 2, 13, 2, '2017-11-24 07:14:32'),
(266, 36, 3, 2, '2017-11-24 07:20:15'),
(267, 36, 4, 2, '2017-11-24 07:20:15'),
(268, 36, 5, 2, '2017-11-24 07:20:15'),
(269, 36, 6, 2, '2017-11-24 07:20:15'),
(270, 36, 7, 2, '2017-11-24 07:20:15'),
(271, 36, 8, 2, '2017-11-24 07:20:15'),
(272, 36, 9, 2, '2017-11-24 07:20:15'),
(273, 36, 10, 2, '2017-11-24 07:20:15'),
(274, 36, 11, 11, '2017-11-24 07:20:15'),
(275, 36, 13, 2, '2017-11-24 07:20:15'),
(276, 2, 3, 2, '2017-11-24 07:20:35'),
(277, 2, 4, 2, '2017-11-24 07:20:35'),
(278, 2, 5, 2, '2017-11-24 07:20:35'),
(279, 2, 6, 2, '2017-11-24 07:20:35'),
(280, 2, 7, 2, '2017-11-24 07:20:35'),
(281, 2, 8, 2, '2017-11-24 07:20:35'),
(282, 2, 9, 2, '2017-11-24 07:20:35'),
(283, 2, 10, 2, '2017-11-24 07:20:35'),
(284, 2, 11, 11, '2017-11-24 07:20:35'),
(285, 2, 13, 2, '2017-11-24 07:20:35'),
(286, 36, 14, 11, '2017-11-24 07:20:56'),
(287, 36, 15, 2, '2017-11-24 07:20:56'),
(288, 36, 16, 11, '2017-11-24 07:20:56'),
(289, 36, 17, 11, '2017-11-24 07:20:56'),
(290, 36, 18, 11, '2017-11-24 07:20:56'),
(291, 36, 19, 11, '2017-11-24 07:20:56'),
(292, 36, 20, 11, '2017-11-24 07:20:56'),
(293, 36, 21, 11, '2017-11-24 07:20:56'),
(294, 36, 22, 11, '2017-11-24 07:20:56'),
(295, 36, 23, 11, '2017-11-24 07:20:56'),
(296, 36, 24, 11, '2017-11-24 07:21:18'),
(297, 36, 25, 11, '2017-11-24 07:21:18'),
(298, 36, 26, 11, '2017-11-24 07:21:18'),
(299, 36, 27, 11, '2017-11-24 07:21:18'),
(300, 36, 28, 11, '2017-11-24 07:21:18'),
(301, 36, 29, 11, '2017-11-24 07:21:18'),
(302, 36, 30, 11, '2017-11-24 07:21:18'),
(303, 36, 31, 2, '2017-11-24 07:21:18'),
(304, 36, 32, 2, '2017-11-24 07:21:18'),
(305, 36, 33, 2, '2017-11-24 07:21:18'),
(306, 36, 34, 2, '2017-11-24 07:21:33'),
(307, 36, 35, 2, '2017-11-24 07:21:33'),
(308, 36, 36, 2, '2017-11-24 07:21:33'),
(309, 36, 37, 2, '2017-11-24 07:21:33'),
(310, 36, 38, 2, '2017-11-24 07:21:33'),
(311, 36, 39, 2, '2017-11-24 07:21:33'),
(312, 36, 40, 2, '2017-11-24 07:21:33'),
(313, 36, 41, 2, '2017-11-24 07:21:33'),
(314, 36, 42, 2, '2017-11-24 07:21:33'),
(315, 36, 43, 22, '2017-11-24 07:21:33'),
(316, 36, 44, 0, '2017-11-24 07:21:35'),
(317, 36, 45, 2, '2017-11-24 07:21:35'),
(318, 36, 46, 2, '2017-11-24 07:21:35'),
(319, 36, 47, 2, '2017-11-24 07:21:35'),
(320, 36, 48, 2, '2017-11-24 07:21:35'),
(321, 36, 49, 2, '2017-11-24 07:21:35'),
(322, 36, 50, 2, '2017-11-24 07:21:35'),
(323, 36, 51, 2, '2017-11-24 07:21:35'),
(324, 36, 52, 2, '2017-11-24 07:21:35'),
(325, 36, 53, 2, '2017-11-24 07:21:35'),
(326, 36, 54, 2, '2017-11-24 07:21:50'),
(327, 36, 55, 2, '2017-11-24 07:21:50'),
(328, 36, 56, 2, '2017-11-24 07:21:50'),
(329, 36, 57, 2, '2017-11-24 07:21:50'),
(330, 36, 58, 2, '2017-11-24 07:21:50'),
(331, 2, 3, 2, '2017-11-24 07:33:19'),
(332, 2, 4, 2, '2017-11-24 07:33:19'),
(333, 2, 5, 2, '2017-11-24 07:33:19'),
(334, 2, 6, 2, '2017-11-24 07:33:19'),
(335, 2, 7, 2, '2017-11-24 07:33:19'),
(336, 2, 8, 2, '2017-11-24 07:33:19'),
(337, 2, 9, 2, '2017-11-24 07:33:19'),
(338, 2, 10, 2, '2017-11-24 07:33:19'),
(339, 2, 11, 11, '2017-11-24 07:33:19'),
(340, 2, 13, 2, '2017-11-24 07:33:19'),
(341, 40, 4, 2, '2017-11-24 07:58:07'),
(342, 40, 6, 2, '2017-11-24 07:58:07'),
(343, 40, 7, 2, '2017-11-24 07:58:07'),
(344, 40, 9, 2, '2017-11-24 07:58:07'),
(345, 40, 10, 2, '2017-11-24 07:58:07'),
(346, 2, 4, 2, '2017-11-24 08:59:11'),
(347, 2, 6, 2, '2017-11-24 08:59:11'),
(348, 2, 7, 2, '2017-11-24 08:59:11'),
(349, 2, 9, 2, '2017-11-24 08:59:11'),
(350, 2, 10, 2, '2017-11-24 08:59:11'),
(351, 2, 4, 2, '2017-11-24 08:59:16'),
(352, 2, 6, 2, '2017-11-24 08:59:16'),
(353, 2, 7, 2, '2017-11-24 08:59:16'),
(354, 2, 9, 2, '2017-11-24 08:59:16'),
(355, 2, 10, 2, '2017-11-24 08:59:16'),
(356, 2, 4, 2, '2017-11-24 08:59:29'),
(357, 2, 14, 11, '2017-11-24 08:59:29'),
(358, 2, 32, 2, '2017-11-24 08:59:29'),
(359, 2, 3, 2, '2017-11-24 08:59:29'),
(360, 2, 4, 2, '2017-11-24 08:59:47'),
(361, 2, 14, 11, '2017-11-24 08:59:47'),
(362, 2, 32, 2, '2017-11-24 08:59:47'),
(363, 2, 3, 2, '2017-11-24 08:59:47'),
(364, 2, 4, 2, '2017-11-24 08:59:51'),
(365, 2, 14, 11, '2017-11-24 08:59:51'),
(366, 2, 32, 2, '2017-11-24 08:59:51'),
(367, 2, 3, 2, '2017-11-24 08:59:51'),
(368, 2, 4, 2, '2017-11-24 08:59:53'),
(369, 2, 14, 11, '2017-11-24 08:59:53'),
(370, 2, 32, 2, '2017-11-24 08:59:53'),
(371, 2, 3, 2, '2017-11-24 08:59:53'),
(372, 2, 4, 2, '2017-11-24 08:59:57'),
(373, 2, 14, 11, '2017-11-24 08:59:57'),
(374, 2, 32, 2, '2017-11-24 08:59:57'),
(375, 2, 3, 2, '2017-11-24 08:59:57'),
(376, 2, 4, 2, '2017-11-24 09:00:06'),
(377, 2, 6, 2, '2017-11-24 09:00:06'),
(378, 2, 7, 2, '2017-11-24 09:00:06'),
(379, 2, 9, 2, '2017-11-24 09:00:06'),
(380, 2, 10, 2, '2017-11-24 09:00:06'),
(381, 2, 11, 11, '2017-11-24 09:00:08'),
(382, 2, 14, 11, '2017-11-24 09:00:08'),
(383, 2, 15, 2, '2017-11-24 09:00:08'),
(384, 2, 16, 11, '2017-11-24 09:00:08'),
(385, 2, 17, 11, '2017-11-24 09:00:08'),
(386, 2, 14, 11, '2017-11-24 09:03:20'),
(387, 2, 15, 2, '2017-11-24 09:03:20'),
(388, 2, 16, 11, '2017-11-24 09:03:20'),
(389, 2, 17, 11, '2017-11-24 09:03:20'),
(390, 2, 18, 11, '2017-11-24 09:03:20'),
(391, 2, 19, 11, '2017-11-24 09:03:20'),
(392, 2, 20, 11, '2017-11-24 09:03:20'),
(393, 2, 21, 11, '2017-11-24 09:03:20'),
(394, 2, 22, 11, '2017-11-24 09:03:20'),
(395, 2, 23, 11, '2017-11-24 09:03:20'),
(396, 36, 4, 2, '2017-11-24 09:19:47'),
(397, 36, 6, 2, '2017-11-24 09:19:47'),
(398, 36, 7, 2, '2017-11-24 09:19:47'),
(399, 36, 9, 2, '2017-11-24 09:19:47'),
(400, 36, 10, 2, '2017-11-24 09:19:47'),
(401, 36, 4, 2, '2017-11-24 09:19:54'),
(402, 36, 6, 2, '2017-11-24 09:19:54'),
(403, 36, 7, 2, '2017-11-24 09:19:54'),
(404, 36, 9, 2, '2017-11-24 09:19:54'),
(405, 36, 10, 2, '2017-11-24 09:19:54'),
(406, 36, 11, 11, '2017-11-24 09:19:56'),
(407, 36, 14, 11, '2017-11-24 09:19:56'),
(408, 36, 15, 2, '2017-11-24 09:19:56'),
(409, 36, 16, 11, '2017-11-24 09:19:56'),
(410, 36, 17, 11, '2017-11-24 09:19:56'),
(411, 36, 18, 11, '2017-11-24 09:19:56'),
(412, 36, 19, 11, '2017-11-24 09:19:56'),
(413, 36, 20, 11, '2017-11-24 09:19:56'),
(414, 36, 21, 11, '2017-11-24 09:19:56'),
(415, 36, 22, 11, '2017-11-24 09:19:56'),
(416, 36, 3, 2, '2017-11-24 09:20:07'),
(417, 36, 4, 2, '2017-11-24 09:20:07'),
(418, 36, 5, 2, '2017-11-24 09:20:07'),
(419, 36, 6, 2, '2017-11-24 09:20:07'),
(420, 36, 7, 2, '2017-11-24 09:20:07'),
(421, 36, 8, 2, '2017-11-24 09:20:07'),
(422, 36, 9, 2, '2017-11-24 09:20:07'),
(423, 36, 10, 2, '2017-11-24 09:20:07'),
(424, 36, 11, 11, '2017-11-24 09:20:07'),
(425, 36, 13, 2, '2017-11-24 09:20:07'),
(426, 36, 4, 2, '2017-11-24 09:20:12'),
(427, 36, 6, 2, '2017-11-24 09:20:12'),
(428, 36, 7, 2, '2017-11-24 09:20:12'),
(429, 36, 9, 2, '2017-11-24 09:20:12'),
(430, 36, 10, 2, '2017-11-24 09:20:12'),
(431, 36, 11, 11, '2017-11-24 09:20:23'),
(432, 36, 14, 11, '2017-11-24 09:20:23'),
(433, 36, 15, 2, '2017-11-24 09:20:23'),
(434, 36, 16, 11, '2017-11-24 09:20:23'),
(435, 36, 17, 11, '2017-11-24 09:20:23'),
(436, 36, 18, 11, '2017-11-24 09:20:23'),
(437, 36, 19, 11, '2017-11-24 09:20:23'),
(438, 36, 20, 11, '2017-11-24 09:20:23'),
(439, 36, 21, 11, '2017-11-24 09:20:23'),
(440, 36, 22, 11, '2017-11-24 09:20:23'),
(441, 36, 23, 11, '2017-11-24 09:20:24'),
(442, 36, 24, 11, '2017-11-24 09:20:24'),
(443, 36, 25, 11, '2017-11-24 09:20:24'),
(444, 36, 26, 11, '2017-11-24 09:20:24'),
(445, 36, 27, 11, '2017-11-24 09:20:24'),
(446, 36, 28, 11, '2017-11-24 09:20:25'),
(447, 36, 29, 11, '2017-11-24 09:20:25'),
(448, 36, 30, 11, '2017-11-24 09:20:25'),
(449, 36, 31, 2, '2017-11-24 09:20:25'),
(450, 36, 32, 2, '2017-11-24 09:20:25'),
(451, 36, 33, 2, '2017-11-24 09:20:27'),
(452, 36, 34, 2, '2017-11-24 09:20:27'),
(453, 36, 36, 2, '2017-11-24 09:20:27'),
(454, 36, 37, 2, '2017-11-24 09:20:27'),
(455, 36, 38, 2, '2017-11-24 09:20:27'),
(456, 36, 39, 2, '2017-11-24 09:20:29'),
(457, 36, 40, 2, '2017-11-24 09:20:29'),
(458, 36, 42, 2, '2017-11-24 09:20:29'),
(459, 36, 43, 22, '2017-11-24 09:20:29'),
(460, 36, 44, 0, '2017-11-24 09:20:29'),
(461, 36, 45, 2, '2017-11-24 09:20:30'),
(462, 36, 46, 2, '2017-11-24 09:20:30'),
(463, 36, 47, 2, '2017-11-24 09:20:30'),
(464, 36, 48, 2, '2017-11-24 09:20:30'),
(465, 36, 49, 2, '2017-11-24 09:20:30'),
(466, 36, 50, 2, '2017-11-24 09:20:34'),
(467, 36, 5, 2, '2017-11-24 09:20:34'),
(468, 36, 8, 2, '2017-11-24 09:20:34'),
(469, 36, 3, 2, '2017-11-24 09:20:34'),
(470, 36, 13, 2, '2017-11-24 09:20:34'),
(471, 36, 4, 2, '2017-11-24 09:20:46'),
(472, 36, 6, 2, '2017-11-24 09:20:46'),
(473, 36, 7, 2, '2017-11-24 09:20:46'),
(474, 36, 9, 2, '2017-11-24 09:20:46'),
(475, 36, 10, 2, '2017-11-24 09:20:46'),
(476, 36, 4, 2, '2017-11-24 09:21:23'),
(477, 36, 6, 2, '2017-11-24 09:21:23'),
(478, 36, 7, 2, '2017-11-24 09:21:23'),
(479, 36, 9, 2, '2017-11-24 09:21:23'),
(480, 36, 10, 2, '2017-11-24 09:21:23'),
(481, 36, 4, 2, '2017-11-24 09:21:48'),
(482, 36, 6, 2, '2017-11-24 09:21:48'),
(483, 36, 7, 2, '2017-11-24 09:21:48'),
(484, 36, 9, 2, '2017-11-24 09:21:48'),
(485, 36, 10, 2, '2017-11-24 09:21:48'),
(486, 36, 3, 2, '2017-11-24 09:22:04'),
(487, 36, 4, 2, '2017-11-24 09:22:04'),
(488, 36, 5, 2, '2017-11-24 09:22:04'),
(489, 36, 6, 2, '2017-11-24 09:22:04'),
(490, 36, 7, 2, '2017-11-24 09:22:04'),
(491, 36, 8, 2, '2017-11-24 09:22:04'),
(492, 36, 9, 2, '2017-11-24 09:22:04'),
(493, 36, 10, 2, '2017-11-24 09:22:04'),
(494, 36, 11, 11, '2017-11-24 09:22:04'),
(495, 36, 13, 2, '2017-11-24 09:22:04'),
(496, 36, 14, 11, '2017-11-24 09:22:06'),
(497, 36, 15, 2, '2017-11-24 09:22:06'),
(498, 36, 16, 11, '2017-11-24 09:22:06'),
(499, 36, 17, 11, '2017-11-24 09:22:06'),
(500, 36, 18, 11, '2017-11-24 09:22:06'),
(501, 36, 19, 11, '2017-11-24 09:22:06'),
(502, 36, 20, 11, '2017-11-24 09:22:06'),
(503, 36, 21, 11, '2017-11-24 09:22:06'),
(504, 36, 22, 11, '2017-11-24 09:22:06'),
(505, 36, 23, 11, '2017-11-24 09:22:06'),
(506, 36, 24, 11, '2017-11-24 09:22:07'),
(507, 36, 25, 11, '2017-11-24 09:22:07'),
(508, 36, 26, 11, '2017-11-24 09:22:07'),
(509, 36, 27, 11, '2017-11-24 09:22:07'),
(510, 36, 28, 11, '2017-11-24 09:22:07'),
(511, 36, 29, 11, '2017-11-24 09:22:07'),
(512, 36, 30, 11, '2017-11-24 09:22:07'),
(513, 36, 31, 2, '2017-11-24 09:22:07'),
(514, 36, 32, 2, '2017-11-24 09:22:07'),
(515, 36, 33, 2, '2017-11-24 09:22:07'),
(516, 36, 34, 2, '2017-11-24 09:22:35'),
(517, 36, 35, 2, '2017-11-24 09:22:35'),
(518, 36, 36, 2, '2017-11-24 09:22:35'),
(519, 36, 37, 2, '2017-11-24 09:22:35'),
(520, 36, 38, 2, '2017-11-24 09:22:35'),
(521, 36, 39, 2, '2017-11-24 09:22:35'),
(522, 36, 40, 2, '2017-11-24 09:22:35'),
(523, 36, 41, 2, '2017-11-24 09:22:35'),
(524, 36, 42, 2, '2017-11-24 09:22:35'),
(525, 36, 43, 22, '2017-11-24 09:22:35'),
(526, 36, 4, 2, '2017-11-24 09:22:50'),
(527, 36, 6, 2, '2017-11-24 09:22:50'),
(528, 36, 7, 2, '2017-11-24 09:22:50'),
(529, 36, 9, 2, '2017-11-24 09:22:50'),
(530, 36, 10, 2, '2017-11-24 09:22:50'),
(531, 36, 3, 2, '2017-11-24 09:22:55'),
(532, 36, 4, 2, '2017-11-24 09:22:55'),
(533, 36, 5, 2, '2017-11-24 09:22:55'),
(534, 36, 6, 2, '2017-11-24 09:22:55'),
(535, 36, 7, 2, '2017-11-24 09:22:55'),
(536, 36, 8, 2, '2017-11-24 09:22:55'),
(537, 36, 9, 2, '2017-11-24 09:22:55'),
(538, 36, 10, 2, '2017-11-24 09:22:55'),
(539, 36, 11, 11, '2017-11-24 09:22:55'),
(540, 36, 13, 2, '2017-11-24 09:22:55'),
(541, 2, 3, 2, '2017-11-24 09:29:33'),
(542, 2, 4, 2, '2017-11-24 09:29:33'),
(543, 2, 5, 2, '2017-11-24 09:29:33'),
(544, 2, 6, 2, '2017-11-24 09:29:33'),
(545, 2, 7, 2, '2017-11-24 09:29:33'),
(546, 2, 8, 2, '2017-11-24 09:29:33'),
(547, 2, 9, 2, '2017-11-24 09:29:33'),
(548, 2, 10, 2, '2017-11-24 09:29:33'),
(549, 2, 11, 11, '2017-11-24 09:29:33'),
(550, 2, 13, 2, '2017-11-24 09:29:33'),
(551, 36, 14, 11, '2017-11-24 09:35:05'),
(552, 36, 15, 2, '2017-11-24 09:35:05'),
(553, 36, 16, 11, '2017-11-24 09:35:05'),
(554, 36, 17, 11, '2017-11-24 09:35:05'),
(555, 36, 18, 11, '2017-11-24 09:35:05'),
(556, 36, 19, 11, '2017-11-24 09:35:05'),
(557, 36, 20, 11, '2017-11-24 09:35:05'),
(558, 36, 21, 11, '2017-11-24 09:35:05'),
(559, 36, 22, 11, '2017-11-24 09:35:05'),
(560, 36, 23, 11, '2017-11-24 09:35:05'),
(561, 36, 4, 2, '2017-11-24 09:35:14'),
(562, 36, 6, 2, '2017-11-24 09:35:14'),
(563, 36, 7, 2, '2017-11-24 09:35:14'),
(564, 36, 9, 2, '2017-11-24 09:35:14'),
(565, 36, 10, 2, '2017-11-24 09:35:14'),
(566, 36, 4, 2, '2017-11-24 09:35:16'),
(567, 36, 6, 2, '2017-11-24 09:35:16'),
(568, 36, 7, 2, '2017-11-24 09:35:16'),
(569, 36, 9, 2, '2017-11-24 09:35:16'),
(570, 36, 10, 2, '2017-11-24 09:35:16'),
(571, 36, 4, 2, '2017-11-24 09:35:35'),
(572, 36, 6, 2, '2017-11-24 09:35:35'),
(573, 36, 7, 2, '2017-11-24 09:35:35'),
(574, 36, 9, 2, '2017-11-24 09:35:35'),
(575, 36, 10, 2, '2017-11-24 09:35:35'),
(576, 36, 4, 2, '2017-11-24 09:36:01'),
(577, 36, 6, 2, '2017-11-24 09:36:01'),
(578, 36, 7, 2, '2017-11-24 09:36:01'),
(579, 36, 9, 2, '2017-11-24 09:36:01'),
(580, 36, 10, 2, '2017-11-24 09:36:01'),
(581, 36, 11, 11, '2017-11-24 09:36:02'),
(582, 36, 14, 11, '2017-11-24 09:36:02'),
(583, 36, 15, 2, '2017-11-24 09:36:02'),
(584, 36, 16, 11, '2017-11-24 09:36:02'),
(585, 36, 17, 11, '2017-11-24 09:36:02'),
(586, 36, 18, 11, '2017-11-24 09:36:04'),
(587, 36, 19, 11, '2017-11-24 09:36:04'),
(588, 36, 20, 11, '2017-11-24 09:36:04'),
(589, 36, 21, 11, '2017-11-24 09:36:04'),
(590, 36, 22, 11, '2017-11-24 09:36:04'),
(591, 36, 23, 11, '2017-11-24 09:36:06'),
(592, 36, 24, 11, '2017-11-24 09:36:06'),
(593, 36, 25, 11, '2017-11-24 09:36:06'),
(594, 36, 26, 11, '2017-11-24 09:36:06'),
(595, 36, 27, 11, '2017-11-24 09:36:06'),
(596, 36, 28, 11, '2017-11-24 09:36:08'),
(597, 36, 29, 11, '2017-11-24 09:36:08'),
(598, 36, 30, 11, '2017-11-24 09:36:08'),
(599, 36, 31, 2, '2017-11-24 09:36:08'),
(600, 36, 32, 2, '2017-11-24 09:36:08'),
(601, 36, 33, 2, '2017-11-24 09:36:11'),
(602, 36, 34, 2, '2017-11-24 09:36:11'),
(603, 36, 36, 2, '2017-11-24 09:36:11'),
(604, 36, 37, 2, '2017-11-24 09:36:11'),
(605, 36, 38, 2, '2017-11-24 09:36:11'),
(606, 36, 39, 2, '2017-11-24 09:36:14'),
(607, 36, 40, 2, '2017-11-24 09:36:14'),
(608, 36, 42, 2, '2017-11-24 09:36:14'),
(609, 36, 43, 22, '2017-11-24 09:36:14'),
(610, 36, 44, 0, '2017-11-24 09:36:14'),
(611, 36, 45, 2, '2017-11-24 09:36:17'),
(612, 36, 46, 2, '2017-11-24 09:36:17'),
(613, 36, 47, 2, '2017-11-24 09:36:17'),
(614, 36, 48, 2, '2017-11-24 09:36:17'),
(615, 36, 49, 2, '2017-11-24 09:36:17'),
(616, 36, 50, 2, '2017-11-24 09:36:20'),
(617, 36, 5, 2, '2017-11-24 09:36:20'),
(618, 36, 8, 2, '2017-11-24 09:36:20'),
(619, 36, 3, 2, '2017-11-24 09:36:20'),
(620, 36, 13, 2, '2017-11-24 09:36:20'),
(621, 36, 35, 2, '2017-11-24 09:36:23'),
(622, 36, 51, 2, '2017-11-24 09:36:23'),
(623, 36, 41, 2, '2017-11-24 09:36:23'),
(624, 36, 52, 2, '2017-11-24 09:36:23'),
(625, 36, 53, 2, '2017-11-24 09:36:23'),
(626, 36, 4, 2, '2017-11-24 09:36:46'),
(627, 36, 6, 2, '2017-11-24 09:36:46'),
(628, 36, 7, 2, '2017-11-24 09:36:46'),
(629, 36, 9, 2, '2017-11-24 09:36:46'),
(630, 36, 10, 2, '2017-11-24 09:36:46'),
(631, 36, 4, 2, '2017-11-24 09:42:18'),
(632, 36, 6, 2, '2017-11-24 09:42:18'),
(633, 36, 7, 2, '2017-11-24 09:42:18'),
(634, 36, 9, 2, '2017-11-24 09:42:18'),
(635, 36, 10, 2, '2017-11-24 09:42:18'),
(636, 36, 4, 2, '2017-11-24 09:42:33'),
(637, 36, 6, 2, '2017-11-24 09:42:33'),
(638, 36, 7, 2, '2017-11-24 09:42:33'),
(639, 36, 9, 2, '2017-11-24 09:42:33'),
(640, 36, 10, 2, '2017-11-24 09:42:33'),
(641, 36, 4, 2, '2017-11-24 09:42:36'),
(642, 36, 6, 2, '2017-11-24 09:42:36'),
(643, 36, 7, 2, '2017-11-24 09:42:36'),
(644, 36, 9, 2, '2017-11-24 09:42:36'),
(645, 36, 10, 2, '2017-11-24 09:42:36'),
(646, 36, 4, 2, '2017-11-24 09:42:43'),
(647, 36, 6, 2, '2017-11-24 09:42:43'),
(648, 36, 7, 2, '2017-11-24 09:42:43'),
(649, 36, 9, 2, '2017-11-24 09:42:43'),
(650, 36, 10, 2, '2017-11-24 09:42:43'),
(651, 36, 4, 2, '2017-11-24 09:42:45'),
(652, 36, 6, 2, '2017-11-24 09:42:45'),
(653, 36, 7, 2, '2017-11-24 09:42:45'),
(654, 36, 9, 2, '2017-11-24 09:42:45'),
(655, 36, 10, 2, '2017-11-24 09:42:45'),
(656, 36, 4, 2, '2017-11-24 09:42:52'),
(657, 36, 6, 2, '2017-11-24 09:42:52'),
(658, 36, 7, 2, '2017-11-24 09:42:52'),
(659, 36, 9, 2, '2017-11-24 09:42:52'),
(660, 36, 10, 2, '2017-11-24 09:42:52'),
(661, 36, 4, 2, '2017-11-24 09:45:15'),
(662, 36, 6, 2, '2017-11-24 09:45:15'),
(663, 36, 7, 2, '2017-11-24 09:45:15'),
(664, 36, 9, 2, '2017-11-24 09:45:15'),
(665, 36, 10, 2, '2017-11-24 09:45:15'),
(666, 39, 4, 2, '2017-11-24 11:10:22'),
(667, 39, 6, 2, '2017-11-24 11:10:22'),
(668, 39, 7, 2, '2017-11-24 11:10:22'),
(669, 39, 9, 2, '2017-11-24 11:10:22'),
(670, 39, 10, 2, '2017-11-24 11:10:22'),
(671, 39, 6, 2, '2017-11-24 11:10:44'),
(672, 39, 7, 2, '2017-11-24 11:10:44'),
(673, 39, 9, 2, '2017-11-24 11:10:44'),
(674, 39, 10, 2, '2017-11-24 11:10:44'),
(675, 39, 11, 11, '2017-11-24 11:10:44'),
(676, 39, 6, 2, '2017-11-24 11:13:44'),
(677, 39, 7, 2, '2017-11-24 11:13:44'),
(678, 39, 9, 2, '2017-11-24 11:13:44'),
(679, 39, 10, 2, '2017-11-24 11:13:44'),
(680, 39, 11, 11, '2017-11-24 11:13:44'),
(681, 36, 6, 2, '2017-11-24 12:54:52'),
(682, 36, 7, 2, '2017-11-24 12:54:52'),
(683, 36, 9, 2, '2017-11-24 12:54:52'),
(684, 36, 10, 2, '2017-11-24 12:54:52'),
(685, 36, 11, 11, '2017-11-24 12:54:52'),
(686, 36, 6, 2, '2017-11-24 12:54:59'),
(687, 36, 7, 2, '2017-11-24 12:54:59'),
(688, 36, 9, 2, '2017-11-24 12:54:59'),
(689, 36, 10, 2, '2017-11-24 12:54:59'),
(690, 36, 11, 11, '2017-11-24 12:54:59'),
(691, 36, 14, 11, '2017-11-24 12:55:00'),
(692, 36, 15, 2, '2017-11-24 12:55:00'),
(693, 36, 16, 11, '2017-11-24 12:55:00'),
(694, 36, 17, 11, '2017-11-24 12:55:00'),
(695, 36, 18, 11, '2017-11-24 12:55:00'),
(696, 2, 6, 2, '2017-11-24 12:56:59'),
(697, 2, 7, 2, '2017-11-24 12:56:59'),
(698, 2, 9, 2, '2017-11-24 12:56:59'),
(699, 2, 10, 2, '2017-11-24 12:56:59'),
(700, 2, 11, 11, '2017-11-24 12:56:59'),
(701, 36, 6, 2, '2017-11-24 13:19:45'),
(702, 36, 7, 2, '2017-11-24 13:19:45'),
(703, 36, 9, 2, '2017-11-24 13:19:45'),
(704, 36, 10, 2, '2017-11-24 13:19:45'),
(705, 36, 11, 11, '2017-11-24 13:19:45'),
(706, 2, 3, 2, '2017-11-24 13:22:33'),
(707, 2, 4, 2, '2017-11-24 13:22:33'),
(708, 2, 5, 2, '2017-11-24 13:22:33'),
(709, 2, 6, 2, '2017-11-24 13:22:33'),
(710, 2, 7, 2, '2017-11-24 13:22:33'),
(711, 2, 8, 2, '2017-11-24 13:22:33'),
(712, 2, 9, 2, '2017-11-24 13:22:33'),
(713, 2, 10, 2, '2017-11-24 13:22:33'),
(714, 2, 11, 11, '2017-11-24 13:22:33'),
(715, 2, 13, 2, '2017-11-24 13:22:33'),
(716, 2, 14, 11, '2017-11-24 13:22:45'),
(717, 2, 15, 2, '2017-11-24 13:22:45'),
(718, 2, 16, 11, '2017-11-24 13:22:45'),
(719, 2, 17, 11, '2017-11-24 13:22:45'),
(720, 2, 18, 11, '2017-11-24 13:22:45'),
(721, 2, 19, 11, '2017-11-24 13:22:45'),
(722, 2, 20, 11, '2017-11-24 13:22:45'),
(723, 2, 21, 11, '2017-11-24 13:22:45'),
(724, 2, 22, 11, '2017-11-24 13:22:45'),
(725, 2, 23, 11, '2017-11-24 13:22:45'),
(726, 2, 3, 2, '2017-11-24 13:24:04'),
(727, 2, 4, 2, '2017-11-24 13:24:04'),
(728, 2, 5, 2, '2017-11-24 13:24:04'),
(729, 2, 6, 2, '2017-11-24 13:24:04'),
(730, 2, 7, 2, '2017-11-24 13:24:04'),
(731, 2, 8, 2, '2017-11-24 13:24:04'),
(732, 2, 9, 2, '2017-11-24 13:24:04'),
(733, 2, 10, 2, '2017-11-24 13:24:04'),
(734, 2, 11, 11, '2017-11-24 13:24:04'),
(735, 2, 13, 2, '2017-11-24 13:24:04'),
(736, 2, 14, 11, '2017-11-24 13:26:53'),
(737, 2, 15, 2, '2017-11-24 13:26:53'),
(738, 2, 16, 11, '2017-11-24 13:26:53'),
(739, 2, 17, 11, '2017-11-24 13:26:53'),
(740, 2, 18, 11, '2017-11-24 13:26:53'),
(741, 2, 19, 11, '2017-11-24 13:26:53'),
(742, 2, 20, 11, '2017-11-24 13:26:53'),
(743, 2, 21, 11, '2017-11-24 13:26:53'),
(744, 2, 22, 11, '2017-11-24 13:26:53'),
(745, 2, 23, 11, '2017-11-24 13:26:53'),
(746, 36, 14, 11, '2017-11-24 13:27:02'),
(747, 36, 15, 2, '2017-11-24 13:27:02'),
(748, 36, 16, 11, '2017-11-24 13:27:02'),
(749, 36, 17, 11, '2017-11-24 13:27:02'),
(750, 36, 18, 11, '2017-11-24 13:27:02'),
(751, 36, 19, 11, '2017-11-24 13:27:05'),
(752, 36, 20, 11, '2017-11-24 13:27:05'),
(753, 36, 21, 11, '2017-11-24 13:27:05'),
(754, 36, 22, 11, '2017-11-24 13:27:05'),
(755, 36, 23, 11, '2017-11-24 13:27:05'),
(756, 36, 24, 11, '2017-11-24 13:27:06'),
(757, 36, 25, 11, '2017-11-24 13:27:06'),
(758, 36, 26, 11, '2017-11-24 13:27:06'),
(759, 36, 27, 11, '2017-11-24 13:27:06'),
(760, 36, 28, 11, '2017-11-24 13:27:06'),
(761, 36, 29, 11, '2017-11-24 13:27:08'),
(762, 36, 30, 11, '2017-11-24 13:27:08'),
(763, 36, 31, 2, '2017-11-24 13:27:08'),
(764, 36, 32, 2, '2017-11-24 13:27:08'),
(765, 36, 33, 2, '2017-11-24 13:27:08'),
(766, 36, 34, 2, '2017-11-24 13:27:19'),
(767, 36, 36, 2, '2017-11-24 13:27:19'),
(768, 36, 37, 2, '2017-11-24 13:27:19'),
(769, 36, 38, 2, '2017-11-24 13:27:19'),
(770, 36, 39, 2, '2017-11-24 13:27:19'),
(771, 36, 40, 2, '2017-11-24 13:27:21'),
(772, 36, 42, 2, '2017-11-24 13:27:21'),
(773, 36, 43, 22, '2017-11-24 13:27:21'),
(774, 36, 44, 0, '2017-11-24 13:27:21'),
(775, 36, 45, 2, '2017-11-24 13:27:21'),
(776, 36, 46, 2, '2017-11-24 13:27:25'),
(777, 36, 47, 2, '2017-11-24 13:27:25'),
(778, 36, 48, 2, '2017-11-24 13:27:25'),
(779, 36, 49, 2, '2017-11-24 13:27:25'),
(780, 36, 50, 2, '2017-11-24 13:27:25'),
(781, 36, 5, 2, '2017-11-24 13:27:29'),
(782, 36, 8, 2, '2017-11-24 13:27:29'),
(783, 36, 3, 2, '2017-11-24 13:27:29'),
(784, 36, 13, 2, '2017-11-24 13:27:29'),
(785, 36, 35, 2, '2017-11-24 13:27:29'),
(786, 36, 51, 2, '2017-11-24 13:27:32'),
(787, 36, 41, 2, '2017-11-24 13:27:32'),
(788, 36, 52, 2, '2017-11-24 13:27:32'),
(789, 36, 53, 2, '2017-11-24 13:27:32'),
(790, 36, 54, 2, '2017-11-24 13:27:32'),
(791, 36, 55, 2, '2017-11-24 13:27:36'),
(792, 36, 56, 2, '2017-11-24 13:27:36'),
(793, 36, 57, 2, '2017-11-24 13:27:36'),
(794, 36, 58, 2, '2017-11-24 13:27:36'),
(795, 36, 59, 2, '2017-11-24 13:27:36'),
(796, 36, 4, 2, '2017-11-24 13:27:41'),
(797, 36, 6, 2, '2017-11-24 13:48:12'),
(798, 36, 7, 2, '2017-11-24 13:48:12'),
(799, 36, 9, 2, '2017-11-24 13:48:12'),
(800, 36, 10, 2, '2017-11-24 13:48:12'),
(801, 36, 11, 11, '2017-11-24 13:48:12'),
(802, 36, 14, 11, '2017-11-24 13:48:17'),
(803, 36, 15, 2, '2017-11-24 13:48:17'),
(804, 36, 16, 11, '2017-11-24 13:48:17'),
(805, 36, 17, 11, '2017-11-24 13:48:17'),
(806, 36, 18, 11, '2017-11-24 13:48:17'),
(807, 36, 19, 11, '2017-11-24 13:48:18'),
(808, 36, 20, 11, '2017-11-24 13:48:18'),
(809, 36, 21, 11, '2017-11-24 13:48:18'),
(810, 36, 22, 11, '2017-11-24 13:48:18'),
(811, 36, 23, 11, '2017-11-24 13:48:18'),
(812, 36, 24, 11, '2017-11-24 13:48:19'),
(813, 36, 25, 11, '2017-11-24 13:48:19'),
(814, 36, 26, 11, '2017-11-24 13:48:19'),
(815, 36, 27, 11, '2017-11-24 13:48:19'),
(816, 36, 28, 11, '2017-11-24 13:48:19'),
(817, 36, 29, 11, '2017-11-24 13:48:20'),
(818, 36, 30, 11, '2017-11-24 13:48:20'),
(819, 36, 31, 2, '2017-11-24 13:48:20'),
(820, 36, 32, 2, '2017-11-24 13:48:20'),
(821, 36, 33, 2, '2017-11-24 13:48:20'),
(822, 36, 34, 2, '2017-11-24 13:48:21'),
(823, 36, 36, 2, '2017-11-24 13:48:21'),
(824, 36, 37, 2, '2017-11-24 13:48:21'),
(825, 36, 38, 2, '2017-11-24 13:48:21'),
(826, 36, 39, 2, '2017-11-24 13:48:21'),
(827, 36, 40, 2, '2017-11-24 13:48:22'),
(828, 36, 42, 2, '2017-11-24 13:48:22'),
(829, 36, 43, 22, '2017-11-24 13:48:22'),
(830, 36, 44, 0, '2017-11-24 13:48:22'),
(831, 36, 45, 2, '2017-11-24 13:48:22'),
(832, 36, 46, 2, '2017-11-24 13:48:23'),
(833, 36, 47, 2, '2017-11-24 13:48:23'),
(834, 36, 48, 2, '2017-11-24 13:48:23'),
(835, 36, 49, 2, '2017-11-24 13:48:23'),
(836, 36, 50, 2, '2017-11-24 13:48:23'),
(837, 2, 6, 2, '2017-11-24 13:49:20'),
(838, 2, 7, 2, '2017-11-24 13:49:20'),
(839, 2, 9, 2, '2017-11-24 13:49:20'),
(840, 2, 10, 2, '2017-11-24 13:49:20'),
(841, 2, 11, 11, '2017-11-24 13:49:20'),
(842, 2, 6, 2, '2017-11-24 13:49:25'),
(843, 2, 7, 2, '2017-11-24 13:49:25'),
(844, 2, 9, 2, '2017-11-24 13:49:25'),
(845, 2, 10, 2, '2017-11-24 13:49:25'),
(846, 2, 11, 11, '2017-11-24 13:49:25'),
(847, 2, 6, 2, '2017-11-24 13:51:15'),
(848, 2, 7, 2, '2017-11-24 13:51:15'),
(849, 2, 9, 2, '2017-11-24 13:51:15'),
(850, 2, 10, 2, '2017-11-24 13:51:15'),
(851, 2, 11, 11, '2017-11-24 13:51:15'),
(852, 36, 3, 2, '2017-11-24 13:52:56'),
(853, 36, 4, 2, '2017-11-24 13:52:56'),
(854, 36, 5, 2, '2017-11-24 13:52:56'),
(855, 36, 6, 2, '2017-11-24 13:52:56'),
(856, 36, 7, 2, '2017-11-24 13:52:56'),
(857, 36, 8, 2, '2017-11-24 13:52:56'),
(858, 36, 9, 2, '2017-11-24 13:52:56'),
(859, 36, 10, 2, '2017-11-24 13:52:56'),
(860, 36, 11, 11, '2017-11-24 13:52:56'),
(861, 36, 13, 2, '2017-11-24 13:52:56'),
(862, 2, 6, 2, '2017-11-24 13:53:14'),
(863, 2, 7, 2, '2017-11-24 13:53:14'),
(864, 2, 9, 2, '2017-11-24 13:53:14'),
(865, 2, 10, 2, '2017-11-24 13:53:14'),
(866, 2, 11, 11, '2017-11-24 13:53:14'),
(867, 2, 6, 2, '2017-11-24 13:54:47'),
(868, 2, 7, 2, '2017-11-24 13:54:47'),
(869, 2, 9, 2, '2017-11-24 13:54:47'),
(870, 2, 10, 2, '2017-11-24 13:54:47'),
(871, 2, 11, 11, '2017-11-24 13:54:47'),
(872, 2, 6, 2, '2017-11-24 13:56:46'),
(873, 2, 7, 2, '2017-11-24 13:56:46'),
(874, 2, 9, 2, '2017-11-24 13:56:46'),
(875, 2, 10, 2, '2017-11-24 13:56:46'),
(876, 2, 11, 11, '2017-11-24 13:56:46'),
(877, 2, 6, 2, '2017-11-24 14:00:42'),
(878, 2, 7, 2, '2017-11-24 14:00:42'),
(879, 2, 9, 2, '2017-11-24 14:00:42'),
(880, 2, 10, 2, '2017-11-24 14:00:42'),
(881, 2, 11, 11, '2017-11-24 14:00:42'),
(882, 2, 14, 11, '2017-11-24 14:02:07'),
(883, 2, 15, 2, '2017-11-24 14:02:07'),
(884, 2, 16, 11, '2017-11-24 14:02:07'),
(885, 2, 17, 11, '2017-11-24 14:02:07'),
(886, 2, 18, 11, '2017-11-24 14:02:07'),
(887, 36, 3, 2, '2017-11-24 14:02:12'),
(888, 36, 4, 2, '2017-11-24 14:02:12'),
(889, 36, 5, 2, '2017-11-24 14:02:12'),
(890, 36, 6, 2, '2017-11-24 14:02:12'),
(891, 36, 7, 2, '2017-11-24 14:02:12'),
(892, 36, 8, 2, '2017-11-24 14:02:12'),
(893, 36, 9, 2, '2017-11-24 14:02:12'),
(894, 36, 10, 2, '2017-11-24 14:02:12'),
(895, 36, 11, 11, '2017-11-24 14:02:12'),
(896, 36, 13, 2, '2017-11-24 14:02:12'),
(897, 2, 24, 11, '2017-11-24 14:03:29'),
(898, 2, 25, 11, '2017-11-24 14:03:29'),
(899, 2, 26, 11, '2017-11-24 14:03:29'),
(900, 2, 27, 11, '2017-11-24 14:03:29'),
(901, 2, 28, 11, '2017-11-24 14:03:29'),
(902, 2, 6, 2, '2017-11-24 14:03:34'),
(903, 2, 7, 2, '2017-11-24 14:03:34'),
(904, 2, 9, 2, '2017-11-24 14:03:34'),
(905, 2, 10, 2, '2017-11-24 14:03:34'),
(906, 2, 11, 11, '2017-11-24 14:03:34'),
(907, 2, 19, 11, '2017-11-24 14:02:46'),
(908, 2, 20, 11, '2017-11-24 14:02:46'),
(909, 2, 21, 11, '2017-11-24 14:02:46'),
(910, 2, 22, 11, '2017-11-24 14:02:46'),
(911, 2, 23, 11, '2017-11-24 14:02:46'),
(912, 2, 14, 11, '2017-11-24 14:05:01'),
(913, 2, 15, 2, '2017-11-24 14:05:01'),
(914, 2, 16, 11, '2017-11-24 14:05:01'),
(915, 2, 17, 11, '2017-11-24 14:05:01'),
(916, 2, 18, 11, '2017-11-24 14:05:01'),
(917, 2, 19, 11, '2017-11-24 14:05:23'),
(918, 2, 20, 11, '2017-11-24 14:05:23'),
(919, 2, 21, 11, '2017-11-24 14:05:23'),
(920, 2, 22, 11, '2017-11-24 14:05:23'),
(921, 2, 23, 11, '2017-11-24 14:05:23'),
(922, 2, 24, 11, '2017-11-24 14:05:31'),
(923, 2, 25, 11, '2017-11-24 14:05:31'),
(924, 2, 26, 11, '2017-11-24 14:05:31'),
(925, 2, 27, 11, '2017-11-24 14:05:31'),
(926, 2, 28, 11, '2017-11-24 14:05:31'),
(927, 2, 29, 11, '2017-11-24 14:05:32'),
(928, 2, 30, 11, '2017-11-24 14:05:32'),
(929, 2, 31, 2, '2017-11-24 14:05:32'),
(930, 2, 32, 2, '2017-11-24 14:05:32'),
(931, 2, 33, 2, '2017-11-24 14:05:32'),
(932, 2, 34, 2, '2017-11-24 14:05:35'),
(933, 2, 36, 2, '2017-11-24 14:05:35'),
(934, 2, 37, 2, '2017-11-24 14:05:35'),
(935, 2, 38, 2, '2017-11-24 14:05:35'),
(936, 2, 39, 2, '2017-11-24 14:05:35'),
(937, 36, 3, 2, '2017-11-24 14:05:47'),
(938, 36, 4, 2, '2017-11-24 14:05:47'),
(939, 36, 5, 2, '2017-11-24 14:05:47'),
(940, 36, 6, 2, '2017-11-24 14:05:47'),
(941, 36, 7, 2, '2017-11-24 14:05:47'),
(942, 36, 8, 2, '2017-11-24 14:05:47'),
(943, 36, 9, 2, '2017-11-24 14:05:47'),
(944, 36, 10, 2, '2017-11-24 14:05:47'),
(945, 36, 11, 11, '2017-11-24 14:05:47'),
(946, 36, 13, 2, '2017-11-24 14:05:47'),
(947, 2, 6, 2, '2017-11-24 14:15:31'),
(948, 2, 7, 2, '2017-11-24 14:15:31'),
(949, 2, 9, 2, '2017-11-24 14:15:31'),
(950, 2, 10, 2, '2017-11-24 14:15:31'),
(951, 2, 11, 11, '2017-11-24 14:15:31'),
(952, 2, 6, 2, '2017-11-24 14:17:29'),
(953, 2, 7, 2, '2017-11-24 14:17:29'),
(954, 2, 9, 2, '2017-11-24 14:17:29'),
(955, 2, 10, 2, '2017-11-24 14:17:29'),
(956, 2, 11, 11, '2017-11-24 14:17:29'),
(957, 2, 14, 11, '2017-11-24 14:18:16'),
(958, 2, 15, 2, '2017-11-24 14:18:16'),
(959, 2, 16, 11, '2017-11-24 14:18:16'),
(960, 2, 17, 11, '2017-11-24 14:18:16'),
(961, 2, 18, 11, '2017-11-24 14:18:16'),
(962, 2, 6, 2, '2017-11-24 14:19:33'),
(963, 2, 7, 2, '2017-11-24 14:19:33'),
(964, 2, 9, 2, '2017-11-24 14:19:33'),
(965, 2, 10, 2, '2017-11-24 14:19:33'),
(966, 2, 11, 11, '2017-11-24 14:19:33'),
(967, 2, 6, 2, '2017-11-24 14:20:19'),
(968, 2, 7, 2, '2017-11-24 14:20:19'),
(969, 2, 9, 2, '2017-11-24 14:20:19'),
(970, 2, 10, 2, '2017-11-24 14:20:19'),
(971, 2, 11, 11, '2017-11-24 14:20:19'),
(972, 36, 3, 2, '2017-11-24 14:20:34'),
(973, 36, 4, 2, '2017-11-24 14:20:34'),
(974, 36, 5, 2, '2017-11-24 14:20:34'),
(975, 36, 6, 2, '2017-11-24 14:20:34'),
(976, 36, 7, 2, '2017-11-24 14:20:34'),
(977, 36, 8, 2, '2017-11-24 14:20:34'),
(978, 36, 9, 2, '2017-11-24 14:20:34'),
(979, 36, 10, 2, '2017-11-24 14:20:34'),
(980, 36, 11, 11, '2017-11-24 14:20:34'),
(981, 36, 13, 2, '2017-11-24 14:20:34'),
(982, 2, 14, 11, '2017-11-24 14:20:49'),
(983, 2, 15, 2, '2017-11-24 14:20:49'),
(984, 2, 16, 11, '2017-11-24 14:20:49'),
(985, 2, 17, 11, '2017-11-24 14:20:49'),
(986, 2, 18, 11, '2017-11-24 14:20:49'),
(987, 2, 19, 11, '2017-11-24 14:21:05'),
(988, 2, 20, 11, '2017-11-24 14:21:05'),
(989, 2, 21, 11, '2017-11-24 14:21:05'),
(990, 2, 22, 11, '2017-11-24 14:21:05'),
(991, 2, 23, 11, '2017-11-24 14:21:05'),
(992, 2, 24, 11, '2017-11-24 14:21:09'),
(993, 2, 25, 11, '2017-11-24 14:21:09'),
(994, 2, 26, 11, '2017-11-24 14:21:09'),
(995, 2, 27, 11, '2017-11-24 14:21:09'),
(996, 2, 28, 11, '2017-11-24 14:21:09'),
(997, 39, 3, 2, '2017-11-24 14:30:13'),
(998, 39, 4, 2, '2017-11-24 14:30:13'),
(999, 39, 5, 2, '2017-11-24 14:30:13'),
(1000, 39, 6, 2, '2017-11-24 14:30:13'),
(1001, 39, 7, 2, '2017-11-24 14:30:13'),
(1002, 39, 8, 2, '2017-11-24 14:30:13'),
(1003, 39, 9, 2, '2017-11-24 14:30:13'),
(1004, 39, 10, 2, '2017-11-24 14:30:13'),
(1005, 39, 11, 11, '2017-11-24 14:30:13'),
(1006, 39, 13, 2, '2017-11-24 14:30:13'),
(1007, 39, 3, 2, '2017-11-24 14:30:48'),
(1008, 39, 4, 2, '2017-11-24 14:30:48'),
(1009, 39, 14, 11, '2017-11-24 14:30:48'),
(1010, 39, 32, 2, '2017-11-24 14:30:48'),
(1011, 39, 3, 2, '2017-11-24 14:30:54'),
(1012, 39, 4, 2, '2017-11-24 14:30:54'),
(1013, 39, 5, 2, '2017-11-24 14:30:54'),
(1014, 39, 6, 2, '2017-11-24 14:30:54'),
(1015, 39, 7, 2, '2017-11-24 14:30:54'),
(1016, 39, 8, 2, '2017-11-24 14:30:54'),
(1017, 39, 9, 2, '2017-11-24 14:30:54'),
(1018, 39, 10, 2, '2017-11-24 14:30:54'),
(1019, 39, 11, 11, '2017-11-24 14:30:54'),
(1020, 39, 13, 2, '2017-11-24 14:30:54'),
(1021, 39, 14, 11, '2017-11-24 14:30:55'),
(1022, 39, 15, 2, '2017-11-24 14:30:55'),
(1023, 39, 16, 11, '2017-11-24 14:30:55'),
(1024, 39, 17, 11, '2017-11-24 14:30:55'),
(1025, 39, 18, 11, '2017-11-24 14:30:55'),
(1026, 39, 19, 11, '2017-11-24 14:30:55'),
(1027, 39, 20, 11, '2017-11-24 14:30:55'),
(1028, 39, 21, 11, '2017-11-24 14:30:55'),
(1029, 39, 22, 11, '2017-11-24 14:30:55'),
(1030, 39, 23, 11, '2017-11-24 14:30:55'),
(1031, 39, 3, 2, '2017-11-24 14:31:01'),
(1032, 39, 4, 2, '2017-11-24 14:31:01'),
(1033, 39, 5, 2, '2017-11-24 14:31:01'),
(1034, 39, 6, 2, '2017-11-24 14:31:01'),
(1035, 39, 7, 2, '2017-11-24 14:31:01'),
(1036, 39, 8, 2, '2017-11-24 14:31:01'),
(1037, 39, 9, 2, '2017-11-24 14:31:01'),
(1038, 39, 10, 2, '2017-11-24 14:31:01'),
(1039, 39, 11, 11, '2017-11-24 14:31:01'),
(1040, 39, 13, 2, '2017-11-24 14:31:01'),
(1041, 39, 14, 11, '2017-11-24 14:31:04'),
(1042, 39, 15, 2, '2017-11-24 14:31:04'),
(1043, 39, 16, 11, '2017-11-24 14:31:04'),
(1044, 39, 17, 11, '2017-11-24 14:31:04'),
(1045, 39, 18, 11, '2017-11-24 14:31:04'),
(1046, 39, 19, 11, '2017-11-24 14:31:04'),
(1047, 39, 20, 11, '2017-11-24 14:31:04'),
(1048, 39, 21, 11, '2017-11-24 14:31:04'),
(1049, 39, 22, 11, '2017-11-24 14:31:04'),
(1050, 39, 23, 11, '2017-11-24 14:31:04'),
(1051, 39, 24, 11, '2017-11-24 14:31:05'),
(1052, 39, 25, 11, '2017-11-24 14:31:05'),
(1053, 39, 26, 11, '2017-11-24 14:31:05'),
(1054, 39, 27, 11, '2017-11-24 14:31:05'),
(1055, 39, 28, 11, '2017-11-24 14:31:05'),
(1056, 39, 29, 11, '2017-11-24 14:31:05'),
(1057, 39, 30, 11, '2017-11-24 14:31:05'),
(1058, 39, 31, 2, '2017-11-24 14:31:05'),
(1059, 39, 32, 2, '2017-11-24 14:31:05'),
(1060, 39, 33, 2, '2017-11-24 14:31:05'),
(1061, 39, 3, 2, '2017-11-24 14:31:11'),
(1062, 39, 4, 2, '2017-11-24 14:31:11'),
(1063, 39, 5, 2, '2017-11-24 14:31:11'),
(1064, 39, 6, 2, '2017-11-24 14:31:11'),
(1065, 39, 7, 2, '2017-11-24 14:31:11'),
(1066, 39, 8, 2, '2017-11-24 14:31:11'),
(1067, 39, 9, 2, '2017-11-24 14:31:11'),
(1068, 39, 10, 2, '2017-11-24 14:31:11'),
(1069, 39, 11, 11, '2017-11-24 14:31:11'),
(1070, 39, 13, 2, '2017-11-24 14:31:11'),
(1071, 39, 14, 11, '2017-11-24 14:31:19'),
(1072, 39, 15, 2, '2017-11-24 14:31:19'),
(1073, 39, 16, 11, '2017-11-24 14:31:19'),
(1074, 39, 17, 11, '2017-11-24 14:31:19'),
(1075, 39, 18, 11, '2017-11-24 14:31:19'),
(1076, 39, 19, 11, '2017-11-24 14:31:19'),
(1077, 39, 20, 11, '2017-11-24 14:31:19'),
(1078, 39, 21, 11, '2017-11-24 14:31:19'),
(1079, 39, 22, 11, '2017-11-24 14:31:19'),
(1080, 39, 23, 11, '2017-11-24 14:31:19'),
(1081, 39, 3, 2, '2017-11-24 14:35:17'),
(1082, 39, 4, 2, '2017-11-24 14:35:17'),
(1083, 39, 5, 2, '2017-11-24 14:35:17'),
(1084, 39, 6, 2, '2017-11-24 14:35:17'),
(1085, 39, 7, 2, '2017-11-24 14:35:17'),
(1086, 39, 8, 2, '2017-11-24 14:35:17'),
(1087, 39, 9, 2, '2017-11-24 14:35:17'),
(1088, 39, 10, 2, '2017-11-24 14:35:17'),
(1089, 39, 11, 11, '2017-11-24 14:35:17'),
(1090, 39, 13, 2, '2017-11-24 14:35:17'),
(1091, 39, 61, 39, '2017-11-24 14:35:28'),
(1092, 39, 61, 39, '2017-11-24 14:42:17'),
(1093, 39, 4, 2, '2017-11-24 14:43:18'),
(1094, 39, 4, 2, '2017-11-24 14:44:28'),
(1095, 39, 4, 2, '2017-11-24 14:44:49'),
(1096, 39, 14, 11, '2017-11-24 14:44:49'),
(1097, 39, 4, 2, '2017-11-24 14:46:07'),
(1098, 39, 14, 11, '2017-11-24 14:46:07'),
(1099, 39, 3, 2, '2017-11-24 14:49:26'),
(1100, 39, 4, 2, '2017-11-24 14:49:26'),
(1101, 39, 5, 2, '2017-11-24 14:49:26'),
(1102, 39, 6, 2, '2017-11-24 14:49:26'),
(1103, 39, 7, 2, '2017-11-24 14:49:26'),
(1104, 39, 8, 2, '2017-11-24 14:49:26'),
(1105, 39, 9, 2, '2017-11-24 14:49:26'),
(1106, 39, 10, 2, '2017-11-24 14:49:26'),
(1107, 39, 11, 11, '2017-11-24 14:49:26'),
(1108, 39, 13, 2, '2017-11-24 14:49:26'),
(1109, 39, 3, 2, '2017-11-24 14:49:34'),
(1110, 39, 4, 2, '2017-11-24 14:49:34'),
(1111, 39, 5, 2, '2017-11-24 14:49:34'),
(1112, 39, 6, 2, '2017-11-24 14:49:34'),
(1113, 39, 7, 2, '2017-11-24 14:49:34'),
(1114, 39, 8, 2, '2017-11-24 14:49:34'),
(1115, 39, 9, 2, '2017-11-24 14:49:34'),
(1116, 39, 10, 2, '2017-11-24 14:49:34'),
(1117, 39, 11, 11, '2017-11-24 14:49:34'),
(1118, 39, 13, 2, '2017-11-24 14:49:34'),
(1119, 39, 61, 39, '2017-11-24 14:50:17'),
(1120, 2, 3, 2, '2017-11-24 14:50:22'),
(1121, 2, 4, 2, '2017-11-24 14:50:22'),
(1122, 2, 5, 2, '2017-11-24 14:50:22'),
(1123, 2, 6, 2, '2017-11-24 14:50:22'),
(1124, 2, 7, 2, '2017-11-24 14:50:22'),
(1125, 2, 8, 2, '2017-11-24 14:50:22'),
(1126, 2, 9, 2, '2017-11-24 14:50:22'),
(1127, 2, 10, 2, '2017-11-24 14:50:22'),
(1128, 2, 11, 11, '2017-11-24 14:50:22'),
(1129, 2, 13, 2, '2017-11-24 14:50:22'),
(1130, 39, 61, 39, '2017-11-24 14:50:48'),
(1131, 39, 61, 39, '2017-11-24 14:51:47'),
(1132, 39, 61, 39, '2017-11-24 14:51:52'),
(1133, 39, 61, 39, '2017-11-24 14:53:08'),
(1134, 39, 61, 39, '2017-11-24 14:53:14'),
(1135, 39, 61, 39, '2017-11-24 14:53:40'),
(1136, 39, 61, 39, '2017-11-24 14:54:07'),
(1137, 39, 61, 39, '2017-11-24 14:57:11'),
(1138, 39, 61, 39, '2017-11-24 14:58:00'),
(1139, 39, 61, 39, '2017-11-24 14:58:11'),
(1140, 39, 61, 39, '2017-11-24 14:58:38'),
(1141, 2, 3, 2, '2017-11-24 15:34:22'),
(1142, 2, 4, 2, '2017-11-24 15:34:22'),
(1143, 2, 5, 2, '2017-11-24 15:34:22'),
(1144, 2, 6, 2, '2017-11-24 15:34:22'),
(1145, 2, 7, 2, '2017-11-24 15:34:22'),
(1146, 2, 8, 2, '2017-11-24 15:34:22'),
(1147, 2, 9, 2, '2017-11-24 15:34:22'),
(1148, 2, 10, 2, '2017-11-24 15:34:22'),
(1149, 2, 11, 11, '2017-11-24 15:34:22'),
(1150, 2, 13, 2, '2017-11-24 15:34:22'),
(1151, 22, 3, 2, '2017-11-25 14:14:13'),
(1152, 22, 4, 2, '2017-11-25 14:14:13'),
(1153, 22, 5, 2, '2017-11-25 14:14:13'),
(1154, 22, 6, 2, '2017-11-25 14:14:13'),
(1155, 22, 7, 2, '2017-11-25 14:14:13'),
(1156, 22, 8, 2, '2017-11-25 14:14:13'),
(1157, 22, 9, 2, '2017-11-25 14:14:13'),
(1158, 22, 10, 2, '2017-11-25 14:14:13'),
(1159, 22, 11, 11, '2017-11-25 14:14:13'),
(1160, 22, 13, 2, '2017-11-25 14:14:13'),
(1161, 22, 3, 2, '2017-11-25 14:16:47'),
(1162, 22, 4, 2, '2017-11-25 14:16:47'),
(1163, 22, 5, 2, '2017-11-25 14:16:47'),
(1164, 22, 8, 2, '2017-11-25 14:16:47'),
(1165, 22, 13, 2, '2017-11-25 14:16:47'),
(1166, 22, 35, 2, '2017-11-25 14:16:47'),
(1167, 22, 41, 2, '2017-11-25 14:16:47'),
(1168, 22, 45, 2, '2017-11-25 14:16:47'),
(1169, 22, 46, 2, '2017-11-25 14:16:47'),
(1170, 22, 47, 2, '2017-11-25 14:16:47'),
(1171, 36, 3, 2, '2017-11-27 04:47:19'),
(1172, 36, 4, 2, '2017-11-27 04:47:19'),
(1173, 36, 5, 2, '2017-11-27 04:47:19'),
(1174, 36, 6, 2, '2017-11-27 04:47:19'),
(1175, 36, 7, 2, '2017-11-27 04:47:19'),
(1176, 36, 8, 2, '2017-11-27 04:47:19'),
(1177, 36, 9, 2, '2017-11-27 04:47:19'),
(1178, 36, 10, 2, '2017-11-27 04:47:19'),
(1179, 36, 11, 11, '2017-11-27 04:47:19'),
(1180, 36, 13, 2, '2017-11-27 04:47:19'),
(1181, 2, 3, 2, '2017-11-27 05:17:54'),
(1182, 2, 4, 2, '2017-11-27 05:17:54'),
(1183, 2, 5, 2, '2017-11-27 05:17:54'),
(1184, 2, 6, 2, '2017-11-27 05:17:54'),
(1185, 2, 7, 2, '2017-11-27 05:17:54'),
(1186, 2, 8, 2, '2017-11-27 05:17:54'),
(1187, 2, 9, 2, '2017-11-27 05:17:54'),
(1188, 2, 10, 2, '2017-11-27 05:17:54'),
(1189, 2, 11, 11, '2017-11-27 05:17:54'),
(1190, 2, 13, 2, '2017-11-27 05:17:54'),
(1191, 5, 6, 2, '2017-11-27 07:48:32'),
(1192, 5, 7, 2, '2017-11-27 07:48:32'),
(1193, 5, 9, 2, '2017-11-27 07:48:32'),
(1194, 5, 10, 2, '2017-11-27 07:48:32'),
(1195, 5, 11, 11, '2017-11-27 07:48:32'),
(1196, 5, 3, 2, '2017-11-27 07:48:36'),
(1197, 5, 4, 2, '2017-11-27 07:48:36'),
(1198, 5, 5, 2, '2017-11-27 07:48:36'),
(1199, 5, 6, 2, '2017-11-27 07:48:36'),
(1200, 5, 7, 2, '2017-11-27 07:48:36'),
(1201, 5, 8, 2, '2017-11-27 07:48:36'),
(1202, 5, 9, 2, '2017-11-27 07:48:36'),
(1203, 5, 10, 2, '2017-11-27 07:48:36'),
(1204, 5, 11, 11, '2017-11-27 07:48:36'),
(1205, 5, 13, 2, '2017-11-27 07:48:36'),
(1206, 5, 14, 11, '2017-11-27 07:50:04'),
(1207, 5, 15, 2, '2017-11-27 07:50:04'),
(1208, 5, 16, 11, '2017-11-27 07:50:04'),
(1209, 5, 17, 11, '2017-11-27 07:50:04'),
(1210, 5, 18, 11, '2017-11-27 07:50:04'),
(1211, 5, 14, 11, '2017-11-27 07:50:06'),
(1212, 5, 15, 2, '2017-11-27 07:50:06'),
(1213, 5, 16, 11, '2017-11-27 07:50:06'),
(1214, 5, 17, 11, '2017-11-27 07:50:06'),
(1215, 5, 18, 11, '2017-11-27 07:50:06'),
(1216, 5, 19, 11, '2017-11-27 07:50:06'),
(1217, 5, 20, 11, '2017-11-27 07:50:06'),
(1218, 5, 21, 11, '2017-11-27 07:50:06'),
(1219, 5, 22, 11, '2017-11-27 07:50:06'),
(1220, 5, 23, 11, '2017-11-27 07:50:06'),
(1221, 5, 6, 2, '2017-11-27 09:03:52'),
(1222, 5, 7, 2, '2017-11-27 09:03:52'),
(1223, 5, 9, 2, '2017-11-27 09:03:52'),
(1224, 5, 10, 2, '2017-11-27 09:03:52'),
(1225, 5, 11, 11, '2017-11-27 09:03:52'),
(1226, 5, 6, 2, '2017-11-27 09:04:01'),
(1227, 5, 7, 2, '2017-11-27 09:04:01'),
(1228, 5, 9, 2, '2017-11-27 09:04:01'),
(1229, 5, 10, 2, '2017-11-27 09:04:01'),
(1230, 5, 11, 11, '2017-11-27 09:04:01'),
(1231, 5, 14, 11, '2017-11-27 09:04:10'),
(1232, 5, 3, 2, '2017-11-27 09:04:10'),
(1233, 5, 4, 2, '2017-11-27 09:04:10'),
(1234, 5, 14, 11, '2017-11-27 09:10:08'),
(1235, 5, 3, 2, '2017-11-27 09:10:08'),
(1236, 5, 4, 2, '2017-11-27 09:10:08'),
(1237, 5, 14, 11, '2017-11-27 09:14:31'),
(1238, 5, 3, 2, '2017-11-27 09:14:31'),
(1239, 5, 4, 2, '2017-11-27 09:14:31'),
(1240, 5, 14, 11, '2017-11-27 09:16:37'),
(1241, 5, 3, 2, '2017-11-27 09:16:37'),
(1242, 5, 4, 2, '2017-11-27 09:16:37'),
(1243, 5, 14, 11, '2017-11-27 09:17:30'),
(1244, 5, 3, 2, '2017-11-27 09:17:30'),
(1245, 5, 4, 2, '2017-11-27 09:17:30'),
(1246, 5, 14, 11, '2017-11-27 09:18:54'),
(1247, 5, 3, 2, '2017-11-27 09:18:54'),
(1248, 5, 4, 2, '2017-11-27 09:18:54'),
(1249, 5, 14, 11, '2017-11-27 09:20:12'),
(1250, 5, 3, 2, '2017-11-27 09:20:12'),
(1251, 5, 4, 2, '2017-11-27 09:20:12'),
(1252, 5, 14, 11, '2017-11-27 09:21:47'),
(1253, 5, 3, 2, '2017-11-27 09:21:47'),
(1254, 5, 4, 2, '2017-11-27 09:21:47'),
(1255, 5, 6, 2, '2017-11-27 09:21:50'),
(1256, 5, 7, 2, '2017-11-27 09:21:50'),
(1257, 5, 9, 2, '2017-11-27 09:21:50'),
(1258, 5, 10, 2, '2017-11-27 09:21:50'),
(1259, 5, 11, 11, '2017-11-27 09:21:50'),
(1260, 5, 14, 11, '2017-11-27 09:22:38'),
(1261, 5, 15, 2, '2017-11-27 09:22:38'),
(1262, 5, 16, 11, '2017-11-27 09:22:38'),
(1263, 5, 17, 11, '2017-11-27 09:22:38'),
(1264, 5, 18, 11, '2017-11-27 09:22:38'),
(1265, 5, 6, 2, '2017-11-27 09:22:49'),
(1266, 5, 7, 2, '2017-11-27 09:22:49'),
(1267, 5, 9, 2, '2017-11-27 09:22:49'),
(1268, 5, 10, 2, '2017-11-27 09:22:49'),
(1269, 5, 11, 11, '2017-11-27 09:22:49'),
(1270, 5, 6, 2, '2017-11-27 09:23:00'),
(1271, 5, 7, 2, '2017-11-27 09:23:00'),
(1272, 5, 9, 2, '2017-11-27 09:23:00'),
(1273, 5, 10, 2, '2017-11-27 09:23:00'),
(1274, 5, 11, 11, '2017-11-27 09:23:00'),
(1275, 5, 6, 2, '2017-11-27 09:24:31'),
(1276, 5, 7, 2, '2017-11-27 09:24:31'),
(1277, 5, 9, 2, '2017-11-27 09:24:31'),
(1278, 5, 10, 2, '2017-11-27 09:24:31'),
(1279, 5, 11, 11, '2017-11-27 09:24:31'),
(1280, 5, 14, 11, '2017-11-27 09:25:19'),
(1281, 5, 3, 2, '2017-11-27 09:25:19'),
(1282, 5, 4, 2, '2017-11-27 09:25:19'),
(1283, 5, 14, 11, '2017-11-27 09:28:24'),
(1284, 5, 3, 2, '2017-11-27 09:28:24'),
(1285, 5, 4, 2, '2017-11-27 09:28:24'),
(1286, 5, 6, 2, '2017-11-27 09:28:37'),
(1287, 5, 7, 2, '2017-11-27 09:28:37'),
(1288, 5, 9, 2, '2017-11-27 09:28:37'),
(1289, 5, 10, 2, '2017-11-27 09:28:37'),
(1290, 5, 11, 11, '2017-11-27 09:28:37'),
(1291, 5, 14, 11, '2017-11-27 09:28:39'),
(1292, 5, 15, 2, '2017-11-27 09:28:39'),
(1293, 5, 16, 11, '2017-11-27 09:28:39');
INSERT INTO `appeared_in_search_analytics_dump_site` (`id`, `searched_by`, `result_id`, `owner_id`, `created_at`) VALUES
(1294, 5, 17, 11, '2017-11-27 09:28:39'),
(1295, 5, 18, 11, '2017-11-27 09:28:39'),
(1296, 36, 3, 2, '2017-11-27 09:30:13'),
(1297, 36, 4, 2, '2017-11-27 09:30:13'),
(1298, 36, 5, 2, '2017-11-27 09:30:13'),
(1299, 36, 6, 2, '2017-11-27 09:30:13'),
(1300, 36, 7, 2, '2017-11-27 09:30:13'),
(1301, 36, 8, 2, '2017-11-27 09:30:13'),
(1302, 36, 9, 2, '2017-11-27 09:30:13'),
(1303, 36, 10, 2, '2017-11-27 09:30:13'),
(1304, 36, 11, 11, '2017-11-27 09:30:13'),
(1305, 36, 13, 2, '2017-11-27 09:30:13'),
(1306, 5, 6, 2, '2017-11-27 09:30:29'),
(1307, 5, 7, 2, '2017-11-27 09:30:29'),
(1308, 5, 9, 2, '2017-11-27 09:30:29'),
(1309, 5, 10, 2, '2017-11-27 09:30:29'),
(1310, 5, 11, 11, '2017-11-27 09:30:29'),
(1311, 5, 6, 2, '2017-11-27 09:30:33'),
(1312, 5, 7, 2, '2017-11-27 09:30:33'),
(1313, 5, 9, 2, '2017-11-27 09:30:33'),
(1314, 5, 10, 2, '2017-11-27 09:30:33'),
(1315, 5, 11, 11, '2017-11-27 09:30:33'),
(1316, 5, 14, 11, '2017-11-27 09:30:38'),
(1317, 5, 15, 2, '2017-11-27 09:30:38'),
(1318, 5, 16, 11, '2017-11-27 09:30:38'),
(1319, 5, 17, 11, '2017-11-27 09:30:38'),
(1320, 5, 18, 11, '2017-11-27 09:30:38'),
(1321, 5, 19, 11, '2017-11-27 09:30:42'),
(1322, 5, 20, 11, '2017-11-27 09:30:42'),
(1323, 5, 21, 11, '2017-11-27 09:30:42'),
(1324, 5, 22, 11, '2017-11-27 09:30:42'),
(1325, 5, 23, 11, '2017-11-27 09:30:42'),
(1326, 5, 24, 11, '2017-11-27 09:30:45'),
(1327, 5, 25, 11, '2017-11-27 09:30:45'),
(1328, 5, 26, 11, '2017-11-27 09:30:45'),
(1329, 5, 27, 11, '2017-11-27 09:30:45'),
(1330, 5, 28, 11, '2017-11-27 09:30:45'),
(1331, 5, 29, 11, '2017-11-27 09:30:50'),
(1332, 5, 30, 11, '2017-11-27 09:30:50'),
(1333, 5, 31, 2, '2017-11-27 09:30:50'),
(1334, 5, 32, 2, '2017-11-27 09:30:50'),
(1335, 5, 33, 2, '2017-11-27 09:30:50'),
(1336, 5, 6, 2, '2017-11-27 09:31:16'),
(1337, 5, 7, 2, '2017-11-27 09:31:16'),
(1338, 5, 9, 2, '2017-11-27 09:31:16'),
(1339, 5, 10, 2, '2017-11-27 09:31:16'),
(1340, 5, 11, 11, '2017-11-27 09:31:16'),
(1341, 5, 6, 2, '2017-11-27 09:33:27'),
(1342, 5, 7, 2, '2017-11-27 09:33:27'),
(1343, 5, 9, 2, '2017-11-27 09:33:27'),
(1344, 5, 10, 2, '2017-11-27 09:33:27'),
(1345, 5, 11, 11, '2017-11-27 09:33:27'),
(1346, 5, 14, 11, '2017-11-27 09:33:43'),
(1347, 5, 3, 2, '2017-11-27 09:33:43'),
(1348, 5, 4, 2, '2017-11-27 09:33:43'),
(1349, 5, 14, 11, '2017-11-27 09:39:17'),
(1350, 5, 3, 2, '2017-11-27 09:39:17'),
(1351, 5, 4, 2, '2017-11-27 09:39:17'),
(1352, 5, 14, 11, '2017-11-27 09:39:53'),
(1353, 5, 3, 2, '2017-11-27 09:39:53'),
(1354, 5, 4, 2, '2017-11-27 09:39:53'),
(1355, 5, 6, 2, '2017-11-27 09:39:57'),
(1356, 5, 7, 2, '2017-11-27 09:39:57'),
(1357, 5, 9, 2, '2017-11-27 09:39:57'),
(1358, 5, 10, 2, '2017-11-27 09:39:57'),
(1359, 5, 11, 11, '2017-11-27 09:39:57'),
(1360, 5, 6, 2, '2017-11-27 09:40:03'),
(1361, 5, 7, 2, '2017-11-27 09:40:03'),
(1362, 5, 9, 2, '2017-11-27 09:40:03'),
(1363, 5, 10, 2, '2017-11-27 09:40:03'),
(1364, 5, 11, 11, '2017-11-27 09:40:03'),
(1365, 5, 6, 2, '2017-11-27 09:40:10'),
(1366, 5, 7, 2, '2017-11-27 09:40:10'),
(1367, 5, 9, 2, '2017-11-27 09:40:10'),
(1368, 5, 10, 2, '2017-11-27 09:40:10'),
(1369, 5, 11, 11, '2017-11-27 09:40:10'),
(1370, 5, 6, 2, '2017-11-27 09:41:45'),
(1371, 5, 7, 2, '2017-11-27 09:41:45'),
(1372, 5, 9, 2, '2017-11-27 09:41:45'),
(1373, 5, 10, 2, '2017-11-27 09:41:45'),
(1374, 5, 11, 11, '2017-11-27 09:41:45'),
(1375, 5, 6, 2, '2017-11-27 09:42:42'),
(1376, 5, 7, 2, '2017-11-27 09:42:42'),
(1377, 5, 9, 2, '2017-11-27 09:42:42'),
(1378, 5, 10, 2, '2017-11-27 09:42:42'),
(1379, 5, 11, 11, '2017-11-27 09:42:42'),
(1380, 5, 6, 2, '2017-11-27 09:46:50'),
(1381, 5, 7, 2, '2017-11-27 09:46:50'),
(1382, 5, 9, 2, '2017-11-27 09:46:50'),
(1383, 5, 10, 2, '2017-11-27 09:46:50'),
(1384, 5, 11, 11, '2017-11-27 09:46:50'),
(1385, 5, 6, 2, '2017-11-27 09:50:23'),
(1386, 5, 7, 2, '2017-11-27 09:50:23'),
(1387, 5, 9, 2, '2017-11-27 09:50:23'),
(1388, 5, 10, 2, '2017-11-27 09:50:23'),
(1389, 5, 11, 11, '2017-11-27 09:50:23'),
(1390, 5, 6, 2, '2017-11-27 09:50:30'),
(1391, 5, 7, 2, '2017-11-27 09:50:30'),
(1392, 5, 9, 2, '2017-11-27 09:50:30'),
(1393, 5, 10, 2, '2017-11-27 09:50:30'),
(1394, 5, 11, 11, '2017-11-27 09:50:30'),
(1395, 39, 3, 2, '2017-11-27 09:55:50'),
(1396, 39, 4, 2, '2017-11-27 09:55:50'),
(1397, 39, 5, 2, '2017-11-27 09:55:50'),
(1398, 39, 6, 2, '2017-11-27 09:55:50'),
(1399, 39, 7, 2, '2017-11-27 09:55:50'),
(1400, 39, 8, 2, '2017-11-27 09:55:50'),
(1401, 39, 9, 2, '2017-11-27 09:55:50'),
(1402, 39, 10, 2, '2017-11-27 09:55:50'),
(1403, 39, 11, 11, '2017-11-27 09:55:50'),
(1404, 39, 13, 2, '2017-11-27 09:55:50'),
(1405, 39, 3, 2, '2017-11-27 09:55:53'),
(1406, 39, 4, 2, '2017-11-27 09:55:53'),
(1407, 39, 5, 2, '2017-11-27 09:55:53'),
(1408, 39, 6, 2, '2017-11-27 09:55:53'),
(1409, 39, 7, 2, '2017-11-27 09:55:53'),
(1410, 39, 8, 2, '2017-11-27 09:55:53'),
(1411, 39, 9, 2, '2017-11-27 09:55:53'),
(1412, 39, 10, 2, '2017-11-27 09:55:53'),
(1413, 39, 11, 11, '2017-11-27 09:55:53'),
(1414, 39, 13, 2, '2017-11-27 09:55:53'),
(1415, 39, 3, 2, '2017-11-27 09:55:58'),
(1416, 39, 4, 2, '2017-11-27 09:55:58'),
(1417, 39, 5, 2, '2017-11-27 09:55:58'),
(1418, 39, 6, 2, '2017-11-27 09:55:58'),
(1419, 39, 7, 2, '2017-11-27 09:55:58'),
(1420, 39, 8, 2, '2017-11-27 09:55:58'),
(1421, 39, 9, 2, '2017-11-27 09:55:58'),
(1422, 39, 10, 2, '2017-11-27 09:55:58'),
(1423, 39, 11, 11, '2017-11-27 09:55:58'),
(1424, 39, 13, 2, '2017-11-27 09:55:58'),
(1425, 39, 14, 11, '2017-11-27 09:56:00'),
(1426, 39, 15, 2, '2017-11-27 09:56:00'),
(1427, 39, 16, 11, '2017-11-27 09:56:00'),
(1428, 39, 17, 11, '2017-11-27 09:56:00'),
(1429, 39, 18, 11, '2017-11-27 09:56:00'),
(1430, 39, 19, 11, '2017-11-27 09:56:00'),
(1431, 39, 20, 11, '2017-11-27 09:56:00'),
(1432, 39, 21, 11, '2017-11-27 09:56:00'),
(1433, 39, 22, 11, '2017-11-27 09:56:00'),
(1434, 39, 23, 11, '2017-11-27 09:56:00'),
(1435, 39, 24, 11, '2017-11-27 09:56:01'),
(1436, 39, 25, 11, '2017-11-27 09:56:01'),
(1437, 39, 26, 11, '2017-11-27 09:56:01'),
(1438, 39, 27, 11, '2017-11-27 09:56:01'),
(1439, 39, 28, 11, '2017-11-27 09:56:01'),
(1440, 39, 29, 11, '2017-11-27 09:56:01'),
(1441, 39, 30, 11, '2017-11-27 09:56:01'),
(1442, 39, 31, 2, '2017-11-27 09:56:01'),
(1443, 39, 32, 2, '2017-11-27 09:56:01'),
(1444, 39, 33, 2, '2017-11-27 09:56:01'),
(1445, 39, 34, 2, '2017-11-27 09:56:02'),
(1446, 39, 35, 2, '2017-11-27 09:56:02'),
(1447, 39, 36, 2, '2017-11-27 09:56:02'),
(1448, 39, 37, 2, '2017-11-27 09:56:02'),
(1449, 39, 38, 2, '2017-11-27 09:56:02'),
(1450, 39, 39, 2, '2017-11-27 09:56:02'),
(1451, 39, 40, 2, '2017-11-27 09:56:02'),
(1452, 39, 41, 2, '2017-11-27 09:56:02'),
(1453, 39, 42, 2, '2017-11-27 09:56:02'),
(1454, 39, 43, 22, '2017-11-27 09:56:02'),
(1455, 39, 3, 2, '2017-11-27 09:56:11'),
(1456, 39, 4, 2, '2017-11-27 09:56:11'),
(1457, 39, 5, 2, '2017-11-27 09:56:11'),
(1458, 39, 6, 2, '2017-11-27 09:56:11'),
(1459, 39, 7, 2, '2017-11-27 09:56:11'),
(1460, 39, 8, 2, '2017-11-27 09:56:11'),
(1461, 39, 9, 2, '2017-11-27 09:56:11'),
(1462, 39, 10, 2, '2017-11-27 09:56:11'),
(1463, 39, 11, 11, '2017-11-27 09:56:11'),
(1464, 39, 13, 2, '2017-11-27 09:56:11'),
(1465, 39, 14, 11, '2017-11-27 09:56:12'),
(1466, 39, 15, 2, '2017-11-27 09:56:12'),
(1467, 39, 16, 11, '2017-11-27 09:56:12'),
(1468, 39, 17, 11, '2017-11-27 09:56:12'),
(1469, 39, 18, 11, '2017-11-27 09:56:12'),
(1470, 39, 19, 11, '2017-11-27 09:56:12'),
(1471, 39, 20, 11, '2017-11-27 09:56:12'),
(1472, 39, 21, 11, '2017-11-27 09:56:12'),
(1473, 39, 22, 11, '2017-11-27 09:56:12'),
(1474, 39, 23, 11, '2017-11-27 09:56:12'),
(1475, 39, 3, 2, '2017-11-27 09:56:42'),
(1476, 39, 4, 2, '2017-11-27 09:56:42'),
(1477, 39, 5, 2, '2017-11-27 09:56:42'),
(1478, 39, 6, 2, '2017-11-27 09:56:42'),
(1479, 39, 7, 2, '2017-11-27 09:56:42'),
(1480, 39, 8, 2, '2017-11-27 09:56:42'),
(1481, 39, 9, 2, '2017-11-27 09:56:42'),
(1482, 39, 10, 2, '2017-11-27 09:56:42'),
(1483, 39, 11, 11, '2017-11-27 09:56:42'),
(1484, 39, 13, 2, '2017-11-27 09:56:42'),
(1485, 39, 6, 2, '2017-11-27 09:57:22'),
(1486, 39, 7, 2, '2017-11-27 09:57:22'),
(1487, 39, 10, 2, '2017-11-27 09:57:22'),
(1488, 39, 11, 11, '2017-11-27 09:57:22'),
(1489, 39, 13, 2, '2017-11-27 09:57:22'),
(1490, 39, 14, 11, '2017-11-27 09:57:22'),
(1491, 39, 15, 2, '2017-11-27 09:57:22'),
(1492, 39, 16, 11, '2017-11-27 09:57:22'),
(1493, 39, 17, 11, '2017-11-27 09:57:22'),
(1494, 39, 18, 11, '2017-11-27 09:57:22'),
(1495, 39, 19, 11, '2017-11-27 09:57:28'),
(1496, 39, 20, 11, '2017-11-27 09:57:28'),
(1497, 39, 21, 11, '2017-11-27 09:57:28'),
(1498, 39, 22, 11, '2017-11-27 09:57:28'),
(1499, 39, 23, 11, '2017-11-27 09:57:28'),
(1500, 39, 24, 11, '2017-11-27 09:57:28'),
(1501, 39, 25, 11, '2017-11-27 09:57:28'),
(1502, 39, 26, 11, '2017-11-27 09:57:28'),
(1503, 39, 27, 11, '2017-11-27 09:57:28'),
(1504, 39, 28, 11, '2017-11-27 09:57:28'),
(1505, 39, 61, 39, '2017-11-27 09:57:32'),
(1506, 39, 36, 2, '2017-11-27 09:57:32'),
(1507, 39, 49, 2, '2017-11-27 09:57:32'),
(1508, 39, 35, 2, '2017-11-27 09:57:32'),
(1509, 39, 47, 2, '2017-11-27 09:57:32'),
(1510, 39, 51, 2, '2017-11-27 09:57:32'),
(1511, 39, 31, 2, '2017-11-27 09:57:32'),
(1512, 39, 32, 2, '2017-11-27 09:57:32'),
(1513, 39, 33, 2, '2017-11-27 09:57:32'),
(1514, 39, 41, 2, '2017-11-27 09:57:32'),
(1515, 39, 42, 2, '2017-11-27 09:57:35'),
(1516, 39, 45, 2, '2017-11-27 09:57:35'),
(1517, 39, 46, 2, '2017-11-27 09:57:35'),
(1518, 39, 43, 22, '2017-11-27 09:57:35'),
(1519, 39, 53, 2, '2017-11-27 09:57:35'),
(1520, 39, 54, 2, '2017-11-27 09:57:35'),
(1521, 39, 13, 2, '2017-11-27 09:57:35'),
(1522, 39, 55, 2, '2017-11-27 09:57:35'),
(1523, 39, 56, 2, '2017-11-27 09:57:35'),
(1524, 39, 57, 2, '2017-11-27 09:57:35'),
(1525, 39, 58, 2, '2017-11-27 09:57:39'),
(1526, 39, 48, 2, '2017-11-27 09:57:39'),
(1527, 39, 15, 2, '2017-11-27 09:57:39'),
(1528, 39, 16, 11, '2017-11-27 09:57:39'),
(1529, 39, 17, 11, '2017-11-27 09:57:39'),
(1530, 39, 18, 11, '2017-11-27 09:57:39'),
(1531, 39, 19, 11, '2017-11-27 09:57:39'),
(1532, 39, 20, 11, '2017-11-27 09:57:39'),
(1533, 39, 21, 11, '2017-11-27 09:57:39'),
(1534, 39, 22, 11, '2017-11-27 09:57:39'),
(1535, 39, 23, 11, '2017-11-27 09:57:43'),
(1536, 39, 24, 11, '2017-11-27 09:57:43'),
(1537, 39, 25, 11, '2017-11-27 09:57:43'),
(1538, 39, 26, 11, '2017-11-27 09:57:43'),
(1539, 39, 27, 11, '2017-11-27 09:57:43'),
(1540, 39, 28, 11, '2017-11-27 09:57:43'),
(1541, 39, 29, 11, '2017-11-27 09:57:43'),
(1542, 39, 37, 2, '2017-11-27 09:57:43'),
(1543, 39, 38, 2, '2017-11-27 09:57:43'),
(1544, 39, 39, 2, '2017-11-27 09:57:43'),
(1545, 39, 14, 11, '2017-11-27 09:57:45'),
(1546, 39, 30, 11, '2017-11-27 09:57:45'),
(1547, 39, 34, 2, '2017-11-27 09:57:45'),
(1548, 39, 11, 11, '2017-11-27 09:57:45'),
(1549, 39, 44, 0, '2017-11-27 09:57:45'),
(1550, 39, 52, 2, '2017-11-27 09:57:45'),
(1551, 39, 10, 2, '2017-11-27 09:57:45'),
(1552, 39, 50, 2, '2017-11-27 09:57:45'),
(1553, 39, 4, 2, '2017-11-27 09:57:45'),
(1554, 39, 5, 2, '2017-11-27 09:57:45'),
(1555, 39, 6, 2, '2017-11-27 09:57:51'),
(1556, 39, 7, 2, '2017-11-27 09:57:51'),
(1557, 39, 8, 2, '2017-11-27 09:57:51'),
(1558, 39, 9, 2, '2017-11-27 09:57:51'),
(1559, 39, 3, 2, '2017-11-27 09:57:51'),
(1560, 39, 40, 2, '2017-11-27 09:57:51'),
(1561, 39, 6, 2, '2017-11-27 09:58:00'),
(1562, 39, 7, 2, '2017-11-27 09:58:00'),
(1563, 39, 9, 2, '2017-11-27 09:58:00'),
(1564, 39, 10, 2, '2017-11-27 09:58:00'),
(1565, 39, 11, 11, '2017-11-27 09:58:00'),
(1566, 39, 14, 11, '2017-11-27 09:58:00'),
(1567, 39, 15, 2, '2017-11-27 09:58:00'),
(1568, 39, 16, 11, '2017-11-27 09:58:00'),
(1569, 39, 17, 11, '2017-11-27 09:58:00'),
(1570, 39, 18, 11, '2017-11-27 09:58:00'),
(1571, 39, 19, 11, '2017-11-27 09:58:04'),
(1572, 39, 20, 11, '2017-11-27 09:58:04'),
(1573, 39, 21, 11, '2017-11-27 09:58:04'),
(1574, 39, 22, 11, '2017-11-27 09:58:04'),
(1575, 39, 23, 11, '2017-11-27 09:58:04'),
(1576, 39, 24, 11, '2017-11-27 09:58:04'),
(1577, 39, 25, 11, '2017-11-27 09:58:04'),
(1578, 39, 26, 11, '2017-11-27 09:58:04'),
(1579, 39, 27, 11, '2017-11-27 09:58:04'),
(1580, 39, 28, 11, '2017-11-27 09:58:04'),
(1581, 39, 6, 2, '2017-11-27 09:58:08'),
(1582, 39, 7, 2, '2017-11-27 09:58:08'),
(1583, 39, 10, 2, '2017-11-27 09:58:08'),
(1584, 39, 11, 11, '2017-11-27 09:58:08'),
(1585, 39, 13, 2, '2017-11-27 09:58:08'),
(1586, 39, 14, 11, '2017-11-27 09:58:08'),
(1587, 39, 15, 2, '2017-11-27 09:58:08'),
(1588, 39, 16, 11, '2017-11-27 09:58:08'),
(1589, 39, 17, 11, '2017-11-27 09:58:08'),
(1590, 39, 18, 11, '2017-11-27 09:58:08'),
(1591, 39, 19, 11, '2017-11-27 09:58:12'),
(1592, 39, 20, 11, '2017-11-27 09:58:12'),
(1593, 39, 21, 11, '2017-11-27 09:58:12'),
(1594, 39, 22, 11, '2017-11-27 09:58:12'),
(1595, 39, 23, 11, '2017-11-27 09:58:12'),
(1596, 39, 24, 11, '2017-11-27 09:58:12'),
(1597, 39, 25, 11, '2017-11-27 09:58:12'),
(1598, 39, 26, 11, '2017-11-27 09:58:12'),
(1599, 39, 27, 11, '2017-11-27 09:58:12'),
(1600, 39, 28, 11, '2017-11-27 09:58:12'),
(1601, 39, 29, 11, '2017-11-27 09:58:16'),
(1602, 39, 30, 11, '2017-11-27 09:58:16'),
(1603, 39, 31, 2, '2017-11-27 09:58:16'),
(1604, 39, 33, 2, '2017-11-27 09:58:16'),
(1605, 39, 34, 2, '2017-11-27 09:58:16'),
(1606, 39, 35, 2, '2017-11-27 09:58:16'),
(1607, 39, 36, 2, '2017-11-27 09:58:16'),
(1608, 39, 37, 2, '2017-11-27 09:58:16'),
(1609, 39, 38, 2, '2017-11-27 09:58:16'),
(1610, 39, 39, 2, '2017-11-27 09:58:16'),
(1611, 39, 40, 2, '2017-11-27 09:58:17'),
(1612, 39, 41, 2, '2017-11-27 09:58:17'),
(1613, 39, 42, 2, '2017-11-27 09:58:17'),
(1614, 39, 43, 22, '2017-11-27 09:58:17'),
(1615, 39, 44, 0, '2017-11-27 09:58:17'),
(1616, 39, 45, 2, '2017-11-27 09:58:17'),
(1617, 39, 46, 2, '2017-11-27 09:58:17'),
(1618, 39, 47, 2, '2017-11-27 09:58:17'),
(1619, 39, 48, 2, '2017-11-27 09:58:17'),
(1620, 39, 49, 2, '2017-11-27 09:58:17'),
(1621, 39, 50, 2, '2017-11-27 09:58:20'),
(1622, 39, 51, 2, '2017-11-27 09:58:20'),
(1623, 39, 52, 2, '2017-11-27 09:58:20'),
(1624, 39, 54, 2, '2017-11-27 09:58:20'),
(1625, 39, 55, 2, '2017-11-27 09:58:20'),
(1626, 39, 56, 2, '2017-11-27 09:58:20'),
(1627, 39, 57, 2, '2017-11-27 09:58:20'),
(1628, 39, 58, 2, '2017-11-27 09:58:20'),
(1629, 39, 5, 2, '2017-11-27 09:58:20'),
(1630, 39, 61, 39, '2017-11-27 09:58:20'),
(1631, 39, 4, 2, '2017-11-27 09:58:22'),
(1632, 39, 8, 2, '2017-11-27 09:58:22'),
(1633, 39, 32, 2, '2017-11-27 09:58:22'),
(1634, 39, 3, 2, '2017-11-27 09:58:22'),
(1635, 39, 9, 2, '2017-11-27 09:58:22'),
(1636, 39, 53, 2, '2017-11-27 09:58:22'),
(1637, 39, 6, 2, '2017-11-27 09:58:25'),
(1638, 39, 7, 2, '2017-11-27 09:58:25'),
(1639, 39, 10, 2, '2017-11-27 09:58:25'),
(1640, 39, 11, 11, '2017-11-27 09:58:25'),
(1641, 39, 13, 2, '2017-11-27 09:58:25'),
(1642, 39, 14, 11, '2017-11-27 09:58:25'),
(1643, 39, 15, 2, '2017-11-27 09:58:25'),
(1644, 39, 16, 11, '2017-11-27 09:58:25'),
(1645, 39, 17, 11, '2017-11-27 09:58:25'),
(1646, 39, 18, 11, '2017-11-27 09:58:25'),
(1647, 39, 6, 2, '2017-11-27 09:58:29'),
(1648, 39, 7, 2, '2017-11-27 09:58:29'),
(1649, 39, 10, 2, '2017-11-27 09:58:29'),
(1650, 39, 11, 11, '2017-11-27 09:58:29'),
(1651, 39, 13, 2, '2017-11-27 09:58:29'),
(1652, 39, 14, 11, '2017-11-27 09:58:29'),
(1653, 39, 15, 2, '2017-11-27 09:58:29'),
(1654, 39, 16, 11, '2017-11-27 09:58:29'),
(1655, 39, 17, 11, '2017-11-27 09:58:29'),
(1656, 39, 18, 11, '2017-11-27 09:58:29'),
(1657, 39, 19, 11, '2017-11-27 09:58:30'),
(1658, 39, 20, 11, '2017-11-27 09:58:30'),
(1659, 39, 21, 11, '2017-11-27 09:58:30'),
(1660, 39, 22, 11, '2017-11-27 09:58:30'),
(1661, 39, 23, 11, '2017-11-27 09:58:30'),
(1662, 39, 24, 11, '2017-11-27 09:58:30'),
(1663, 39, 25, 11, '2017-11-27 09:58:30'),
(1664, 39, 26, 11, '2017-11-27 09:58:30'),
(1665, 39, 27, 11, '2017-11-27 09:58:30'),
(1666, 39, 28, 11, '2017-11-27 09:58:30'),
(1667, 39, 6, 2, '2017-11-27 10:01:16'),
(1668, 39, 7, 2, '2017-11-27 10:01:16'),
(1669, 39, 10, 2, '2017-11-27 10:01:16'),
(1670, 39, 11, 11, '2017-11-27 10:01:16'),
(1671, 39, 13, 2, '2017-11-27 10:01:16'),
(1672, 39, 14, 11, '2017-11-27 10:01:16'),
(1673, 39, 15, 2, '2017-11-27 10:01:16'),
(1674, 39, 16, 11, '2017-11-27 10:01:16'),
(1675, 39, 17, 11, '2017-11-27 10:01:16'),
(1676, 39, 18, 11, '2017-11-27 10:01:16'),
(1677, 39, 6, 2, '2017-11-27 10:01:21'),
(1678, 39, 7, 2, '2017-11-27 10:01:21'),
(1679, 39, 10, 2, '2017-11-27 10:01:21'),
(1680, 39, 11, 11, '2017-11-27 10:01:21'),
(1681, 39, 13, 2, '2017-11-27 10:01:21'),
(1682, 39, 14, 11, '2017-11-27 10:01:21'),
(1683, 39, 15, 2, '2017-11-27 10:01:21'),
(1684, 39, 16, 11, '2017-11-27 10:01:21'),
(1685, 39, 17, 11, '2017-11-27 10:01:21'),
(1686, 39, 18, 11, '2017-11-27 10:01:21'),
(1687, 2, 6, 2, '2017-11-27 10:11:59'),
(1688, 2, 7, 2, '2017-11-27 10:11:59'),
(1689, 2, 9, 2, '2017-11-27 10:11:59'),
(1690, 2, 10, 2, '2017-11-27 10:11:59'),
(1691, 2, 11, 11, '2017-11-27 10:11:59'),
(1692, 2, 61, 39, '2017-11-27 10:24:05'),
(1693, 2, 4, 2, '2017-11-27 10:24:05'),
(1694, 2, 59, 2, '2017-11-27 10:24:05'),
(1695, 2, 58, 2, '2017-11-27 10:24:05'),
(1696, 2, 57, 2, '2017-11-27 10:24:05'),
(1697, 2, 61, 39, '2017-11-27 10:25:01'),
(1698, 2, 4, 2, '2017-11-27 10:25:01'),
(1699, 2, 58, 2, '2017-11-27 10:25:01'),
(1700, 2, 57, 2, '2017-11-27 10:25:01'),
(1701, 2, 56, 2, '2017-11-27 10:25:01');

-- --------------------------------------------------------

--
-- Table structure for table `appeared_in_search_analytics_job_site`
--

CREATE TABLE `appeared_in_search_analytics_job_site` (
  `id` int(11) NOT NULL,
  `searched_by` int(11) NOT NULL COMMENT 'user_id',
  `result_id` int(11) NOT NULL COMMENT 'job_site_id',
  `owner_id` int(11) NOT NULL COMMENT 'contractor_id',
  `created_at` datetime NOT NULL
) ENGINE=InnoDB DEFAULT CHARSET=latin1;

--
-- Dumping data for table `appeared_in_search_analytics_job_site`
--

INSERT INTO `appeared_in_search_analytics_job_site` (`id`, `searched_by`, `result_id`, `owner_id`, `created_at`) VALUES
(1, 36, 1, 2, '2017-11-23 14:15:51'),
(2, 5, 1, 2, '2017-11-23 14:31:33'),
(3, 5, 4, 2, '2017-11-23 14:31:33'),
(4, 5, 5, 2, '2017-11-23 14:31:33'),
(5, 5, 12, 2, '2017-11-23 14:31:33'),
(6, 5, 13, 2, '2017-11-23 14:31:33'),
(7, 5, 14, 2, '2017-11-23 14:31:33'),
(8, 5, 15, 2, '2017-11-23 14:31:33'),
(9, 5, 16, 2, '2017-11-23 14:31:33'),
(10, 5, 17, 2, '2017-11-23 14:31:33'),
(11, 5, 18, 2, '2017-11-23 14:31:33'),
(12, 5, 1, 2, '2017-11-23 14:41:34'),
(13, 5, 4, 2, '2017-11-23 14:41:34'),
(14, 5, 5, 2, '2017-11-23 14:41:34'),
(15, 5, 12, 2, '2017-11-23 14:41:34'),
(16, 5, 13, 2, '2017-11-23 14:41:34'),
(17, 5, 14, 2, '2017-11-23 14:41:37'),
(18, 5, 15, 2, '2017-11-23 14:41:37'),
(19, 5, 16, 2, '2017-11-23 14:41:37'),
(20, 5, 17, 2, '2017-11-23 14:41:37'),
(21, 5, 18, 2, '2017-11-23 14:41:37'),
(22, 5, 1, 2, '2017-11-23 14:50:15'),
(23, 5, 4, 2, '2017-11-23 14:50:15'),
(24, 5, 5, 2, '2017-11-23 14:50:15'),
(25, 5, 12, 2, '2017-11-23 14:50:15'),
(26, 5, 13, 2, '2017-11-23 14:50:15'),
(27, 5, 14, 2, '2017-11-23 14:50:15'),
(28, 5, 15, 2, '2017-11-23 14:50:15'),
(29, 5, 16, 2, '2017-11-23 14:50:15'),
(30, 5, 17, 2, '2017-11-23 14:50:15'),
(31, 5, 18, 2, '2017-11-23 14:50:15'),
(32, 5, 1, 2, '2017-11-23 14:51:34'),
(33, 5, 4, 2, '2017-11-23 14:51:34'),
(34, 5, 5, 2, '2017-11-23 14:51:34'),
(35, 5, 12, 2, '2017-11-23 14:51:34'),
(36, 5, 13, 2, '2017-11-23 14:51:34'),
(37, 2, 1, 2, '2017-11-24 06:45:13'),
(38, 2, 4, 2, '2017-11-24 06:45:13'),
(39, 2, 5, 2, '2017-11-24 06:45:13'),
(40, 2, 6, 2, '2017-11-24 06:45:13'),
(41, 2, 7, 2, '2017-11-24 06:45:13'),
(42, 2, 1, 2, '2017-11-24 06:45:33'),
(43, 2, 4, 2, '2017-11-24 06:45:33'),
(44, 2, 5, 2, '2017-11-24 06:45:33'),
(45, 2, 6, 2, '2017-11-24 06:45:33'),
(46, 2, 7, 2, '2017-11-24 06:45:33'),
(47, 2, 1, 2, '2017-11-24 06:45:39'),
(48, 2, 4, 2, '2017-11-24 06:45:39'),
(49, 2, 5, 2, '2017-11-24 06:45:39'),
(50, 2, 6, 2, '2017-11-24 06:45:39'),
(51, 2, 7, 2, '2017-11-24 06:45:39'),
(52, 2, 1, 2, '2017-11-24 06:46:26'),
(53, 2, 4, 2, '2017-11-24 06:46:26'),
(54, 2, 5, 2, '2017-11-24 06:46:26'),
(55, 2, 6, 2, '2017-11-24 06:46:26'),
(56, 2, 7, 2, '2017-11-24 06:46:26'),
(57, 2, 1, 2, '2017-11-24 06:52:36'),
(58, 2, 4, 2, '2017-11-24 06:52:36'),
(59, 2, 5, 2, '2017-11-24 06:52:36'),
(60, 2, 6, 2, '2017-11-24 06:52:36'),
(61, 2, 7, 2, '2017-11-24 06:52:36'),
(62, 2, 1, 2, '2017-11-24 07:02:27'),
(63, 2, 4, 2, '2017-11-24 07:02:27'),
(64, 2, 5, 2, '2017-11-24 07:02:27'),
(65, 2, 6, 2, '2017-11-24 07:02:27'),
(66, 2, 7, 2, '2017-11-24 07:02:27'),
(67, 2, 1, 2, '2017-11-24 07:02:49'),
(68, 2, 4, 2, '2017-11-24 07:02:49'),
(69, 2, 5, 2, '2017-11-24 07:02:49'),
(70, 2, 6, 2, '2017-11-24 07:02:49'),
(71, 2, 7, 2, '2017-11-24 07:02:49'),
(72, 2, 1, 2, '2017-11-24 07:14:56'),
(73, 2, 4, 2, '2017-11-24 07:14:56'),
(74, 2, 5, 2, '2017-11-24 07:14:56'),
(75, 2, 12, 2, '2017-11-24 07:14:56'),
(76, 2, 13, 2, '2017-11-24 07:14:56'),
(77, 2, 14, 2, '2017-11-24 07:14:56'),
(78, 2, 15, 2, '2017-11-24 07:14:56'),
(79, 2, 16, 2, '2017-11-24 07:14:56'),
(80, 2, 17, 2, '2017-11-24 07:14:56'),
(81, 2, 18, 2, '2017-11-24 07:14:56'),
(82, 2, 1, 2, '2017-11-24 07:40:35'),
(83, 2, 4, 2, '2017-11-24 07:40:35'),
(84, 2, 5, 2, '2017-11-24 07:40:35'),
(85, 2, 6, 2, '2017-11-24 07:40:35'),
(86, 2, 7, 2, '2017-11-24 07:40:35'),
(87, 2, 1, 2, '2017-11-24 07:40:41'),
(88, 2, 4, 2, '2017-11-24 07:40:41'),
(89, 2, 5, 2, '2017-11-24 07:40:41'),
(90, 2, 6, 2, '2017-11-24 07:40:41'),
(91, 2, 7, 2, '2017-11-24 07:40:41'),
(92, 2, 1, 2, '2017-11-24 07:42:38'),
(93, 2, 4, 2, '2017-11-24 07:42:38'),
(94, 2, 5, 2, '2017-11-24 07:42:38'),
(95, 2, 6, 2, '2017-11-24 07:42:38'),
(96, 2, 7, 2, '2017-11-24 07:42:38'),
(97, 5, 1, 2, '2017-11-24 07:44:55'),
(98, 5, 4, 2, '2017-11-24 07:44:55'),
(99, 5, 5, 2, '2017-11-24 07:44:55'),
(100, 5, 12, 2, '2017-11-24 07:44:55'),
(101, 5, 13, 2, '2017-11-24 07:44:55'),
(102, 5, 1, 2, '2017-11-24 07:45:04'),
(103, 5, 4, 2, '2017-11-24 07:45:04'),
(104, 5, 5, 2, '2017-11-24 07:45:04'),
(105, 5, 12, 2, '2017-11-24 07:45:04'),
(106, 5, 13, 2, '2017-11-24 07:45:04'),
(107, 5, 1, 2, '2017-11-24 07:46:02'),
(108, 5, 4, 2, '2017-11-24 07:46:02'),
(109, 5, 5, 2, '2017-11-24 07:46:02'),
(110, 5, 12, 2, '2017-11-24 07:46:02'),
(111, 5, 13, 2, '2017-11-24 07:46:02'),
(112, 2, 1, 2, '2017-11-24 07:47:05'),
(113, 2, 4, 2, '2017-11-24 07:47:05'),
(114, 2, 5, 2, '2017-11-24 07:47:05'),
(115, 2, 6, 2, '2017-11-24 07:47:05'),
(116, 2, 7, 2, '2017-11-24 07:47:05'),
(117, 2, 1, 2, '2017-11-24 07:49:57'),
(118, 2, 4, 2, '2017-11-24 07:49:57'),
(119, 2, 5, 2, '2017-11-24 07:49:57'),
(120, 2, 6, 2, '2017-11-24 07:49:57'),
(121, 2, 7, 2, '2017-11-24 07:49:57'),
(122, 40, 1, 2, '2017-11-24 07:58:11'),
(123, 40, 4, 2, '2017-11-24 07:58:11'),
(124, 40, 5, 2, '2017-11-24 07:58:11'),
(125, 40, 12, 2, '2017-11-24 07:58:11'),
(126, 40, 13, 2, '2017-11-24 07:58:11'),
(127, 40, 14, 2, '2017-11-24 07:58:12'),
(128, 40, 15, 2, '2017-11-24 07:58:12'),
(129, 40, 16, 2, '2017-11-24 07:58:12'),
(130, 40, 17, 2, '2017-11-24 07:58:12'),
(131, 40, 18, 2, '2017-11-24 07:58:12'),
(132, 40, 1, 2, '2017-11-24 07:58:16'),
(133, 40, 4, 2, '2017-11-24 07:58:16'),
(134, 40, 5, 2, '2017-11-24 07:58:16'),
(135, 40, 12, 2, '2017-11-24 07:58:16'),
(136, 40, 13, 2, '2017-11-24 07:58:16'),
(137, 2, 1, 2, '2017-11-24 07:59:37'),
(138, 2, 4, 2, '2017-11-24 07:59:37'),
(139, 2, 5, 2, '2017-11-24 07:59:37'),
(140, 2, 6, 2, '2017-11-24 07:59:37'),
(141, 2, 7, 2, '2017-11-24 07:59:37'),
(142, 2, 1, 2, '2017-11-24 08:06:28'),
(143, 2, 4, 2, '2017-11-24 08:06:28'),
(144, 2, 5, 2, '2017-11-24 08:06:28'),
(145, 2, 6, 2, '2017-11-24 08:06:28'),
(146, 2, 7, 2, '2017-11-24 08:06:28'),
(147, 2, 1, 2, '2017-11-24 08:39:35'),
(148, 2, 4, 2, '2017-11-24 08:39:35'),
(149, 2, 5, 2, '2017-11-24 08:39:35'),
(150, 2, 12, 2, '2017-11-24 08:39:35'),
(151, 2, 13, 2, '2017-11-24 08:39:35'),
(152, 40, 14, 2, '2017-11-24 09:06:01'),
(153, 40, 15, 2, '2017-11-24 09:06:01'),
(154, 40, 16, 2, '2017-11-24 09:06:01'),
(155, 40, 17, 2, '2017-11-24 09:06:01'),
(156, 40, 18, 2, '2017-11-24 09:06:01'),
(157, 40, 1, 2, '2017-11-24 09:06:02'),
(158, 40, 4, 2, '2017-11-24 09:06:02'),
(159, 40, 5, 2, '2017-11-24 09:06:02'),
(160, 40, 12, 2, '2017-11-24 09:06:02'),
(161, 40, 13, 2, '2017-11-24 09:06:02'),
(162, 40, 1, 2, '2017-11-24 09:06:08'),
(163, 40, 4, 2, '2017-11-24 09:06:08'),
(164, 40, 5, 2, '2017-11-24 09:06:08'),
(165, 40, 12, 2, '2017-11-24 09:06:08'),
(166, 40, 13, 2, '2017-11-24 09:06:08'),
(167, 40, 1, 2, '2017-11-24 09:06:10'),
(168, 40, 4, 2, '2017-11-24 09:06:10'),
(169, 40, 5, 2, '2017-11-24 09:06:10'),
(170, 40, 12, 2, '2017-11-24 09:06:10'),
(171, 40, 13, 2, '2017-11-24 09:06:10'),
(172, 40, 1, 2, '2017-11-24 09:06:13'),
(173, 40, 4, 2, '2017-11-24 09:06:13'),
(174, 40, 5, 2, '2017-11-24 09:06:13'),
(175, 40, 12, 2, '2017-11-24 09:06:13'),
(176, 40, 13, 2, '2017-11-24 09:06:13'),
(177, 40, 1, 2, '2017-11-24 09:11:20'),
(178, 40, 4, 2, '2017-11-24 09:11:20'),
(179, 40, 5, 2, '2017-11-24 09:11:20'),
(180, 40, 12, 2, '2017-11-24 09:11:20'),
(181, 40, 13, 2, '2017-11-24 09:11:20'),
(182, 40, 1, 2, '2017-11-24 09:13:04'),
(183, 40, 4, 2, '2017-11-24 09:13:04'),
(184, 40, 5, 2, '2017-11-24 09:13:04'),
(185, 40, 12, 2, '2017-11-24 09:13:04'),
(186, 40, 13, 2, '2017-11-24 09:13:04'),
(187, 40, 1, 2, '2017-11-24 09:13:09'),
(188, 40, 4, 2, '2017-11-24 09:13:09'),
(189, 40, 5, 2, '2017-11-24 09:13:09'),
(190, 40, 12, 2, '2017-11-24 09:13:09'),
(191, 40, 13, 2, '2017-11-24 09:13:09'),
(192, 40, 14, 2, '2017-11-24 09:13:09'),
(193, 40, 15, 2, '2017-11-24 09:13:09'),
(194, 40, 16, 2, '2017-11-24 09:13:09'),
(195, 40, 17, 2, '2017-11-24 09:13:09'),
(196, 40, 18, 2, '2017-11-24 09:13:09'),
(197, 36, 1, 2, '2017-11-24 09:15:04'),
(198, 36, 4, 2, '2017-11-24 09:15:04'),
(199, 36, 5, 2, '2017-11-24 09:15:04'),
(200, 36, 12, 2, '2017-11-24 09:15:04'),
(201, 36, 13, 2, '2017-11-24 09:15:04'),
(202, 36, 14, 2, '2017-11-24 09:15:04'),
(203, 36, 15, 2, '2017-11-24 09:15:04'),
(204, 36, 16, 2, '2017-11-24 09:15:04'),
(205, 36, 17, 2, '2017-11-24 09:15:04'),
(206, 36, 18, 2, '2017-11-24 09:15:04'),
(207, 40, 1, 2, '2017-11-24 09:15:24'),
(208, 40, 4, 2, '2017-11-24 09:15:24'),
(209, 40, 5, 2, '2017-11-24 09:15:24'),
(210, 40, 12, 2, '2017-11-24 09:15:24'),
(211, 40, 13, 2, '2017-11-24 09:15:24'),
(212, 36, 1, 2, '2017-11-24 09:16:04'),
(213, 36, 4, 2, '2017-11-24 09:16:04'),
(214, 36, 5, 2, '2017-11-24 09:16:04'),
(215, 36, 12, 2, '2017-11-24 09:16:04'),
(216, 36, 13, 2, '2017-11-24 09:16:04'),
(217, 36, 1, 2, '2017-11-24 09:19:18'),
(218, 36, 4, 2, '2017-11-24 09:19:18'),
(219, 36, 5, 2, '2017-11-24 09:19:18'),
(220, 36, 12, 2, '2017-11-24 09:19:18'),
(221, 36, 13, 2, '2017-11-24 09:19:18'),
(222, 36, 14, 2, '2017-11-24 09:19:20'),
(223, 36, 15, 2, '2017-11-24 09:19:20'),
(224, 36, 16, 2, '2017-11-24 09:19:20'),
(225, 36, 17, 2, '2017-11-24 09:19:20'),
(226, 36, 18, 2, '2017-11-24 09:19:20'),
(227, 36, 1, 2, '2017-11-24 09:19:46'),
(228, 36, 4, 2, '2017-11-24 09:19:46'),
(229, 36, 5, 2, '2017-11-24 09:19:46'),
(230, 36, 12, 2, '2017-11-24 09:19:46'),
(231, 36, 13, 2, '2017-11-24 09:19:46'),
(232, 2, 1, 2, '2017-11-24 09:27:24'),
(233, 2, 4, 2, '2017-11-24 09:27:24'),
(234, 2, 5, 2, '2017-11-24 09:27:24'),
(235, 2, 12, 2, '2017-11-24 09:27:24'),
(236, 2, 13, 2, '2017-11-24 09:27:24'),
(237, 2, 1, 2, '2017-11-24 09:27:34'),
(238, 2, 4, 2, '2017-11-24 09:27:34'),
(239, 2, 5, 2, '2017-11-24 09:27:34'),
(240, 2, 12, 2, '2017-11-24 09:27:34'),
(241, 2, 13, 2, '2017-11-24 09:27:34'),
(242, 2, 1, 2, '2017-11-24 09:27:37'),
(243, 2, 4, 2, '2017-11-24 09:27:37'),
(244, 2, 5, 2, '2017-11-24 09:27:37'),
(245, 2, 12, 2, '2017-11-24 09:27:37'),
(246, 2, 13, 2, '2017-11-24 09:27:37'),
(247, 2, 1, 2, '2017-11-24 09:29:15'),
(248, 2, 4, 2, '2017-11-24 09:29:15'),
(249, 2, 5, 2, '2017-11-24 09:29:15'),
(250, 2, 12, 2, '2017-11-24 09:29:15'),
(251, 2, 13, 2, '2017-11-24 09:29:15'),
(252, 2, 14, 2, '2017-11-24 09:29:15'),
(253, 2, 15, 2, '2017-11-24 09:29:15'),
(254, 2, 16, 2, '2017-11-24 09:29:15'),
(255, 2, 17, 2, '2017-11-24 09:29:15'),
(256, 2, 18, 2, '2017-11-24 09:29:15'),
(257, 2, 1, 2, '2017-11-24 09:34:05'),
(258, 2, 4, 2, '2017-11-24 09:34:05'),
(259, 2, 5, 2, '2017-11-24 09:34:05'),
(260, 2, 12, 2, '2017-11-24 09:34:05'),
(261, 2, 13, 2, '2017-11-24 09:34:05'),
(262, 36, 1, 2, '2017-11-24 09:45:20'),
(263, 36, 4, 2, '2017-11-24 09:45:20'),
(264, 36, 5, 2, '2017-11-24 09:45:20'),
(265, 36, 12, 2, '2017-11-24 09:45:20'),
(266, 36, 13, 2, '2017-11-24 09:45:20'),
(267, 36, 1, 2, '2017-11-24 09:45:22'),
(268, 36, 4, 2, '2017-11-24 09:45:22'),
(269, 36, 5, 2, '2017-11-24 09:45:22'),
(270, 36, 12, 2, '2017-11-24 09:45:22'),
(271, 36, 13, 2, '2017-11-24 09:45:22'),
(272, 36, 14, 2, '2017-11-24 09:45:22'),
(273, 36, 15, 2, '2017-11-24 09:45:22'),
(274, 36, 16, 2, '2017-11-24 09:45:22'),
(275, 36, 17, 2, '2017-11-24 09:45:22'),
(276, 36, 18, 2, '2017-11-24 09:45:22'),
(277, 36, 1, 2, '2017-11-24 09:45:46'),
(278, 36, 4, 2, '2017-11-24 09:45:46'),
(279, 36, 5, 2, '2017-11-24 09:45:46'),
(280, 36, 12, 2, '2017-11-24 09:45:46'),
(281, 36, 13, 2, '2017-11-24 09:45:46'),
(282, 36, 19, 2, '2017-11-24 09:53:20'),
(283, 36, 1, 2, '2017-11-24 09:59:09'),
(284, 36, 4, 2, '2017-11-24 09:59:09'),
(285, 36, 5, 2, '2017-11-24 09:59:09'),
(286, 36, 12, 2, '2017-11-24 09:59:09'),
(287, 36, 13, 2, '2017-11-24 09:59:09'),
(288, 36, 14, 2, '2017-11-24 09:59:09'),
(289, 36, 15, 2, '2017-11-24 09:59:09'),
(290, 36, 16, 2, '2017-11-24 09:59:09'),
(291, 36, 17, 2, '2017-11-24 09:59:09'),
(292, 36, 18, 2, '2017-11-24 09:59:09'),
(293, 36, 1, 2, '2017-11-24 09:59:38'),
(294, 36, 4, 2, '2017-11-24 09:59:38'),
(295, 36, 5, 2, '2017-11-24 09:59:38'),
(296, 36, 12, 2, '2017-11-24 09:59:38'),
(297, 36, 13, 2, '2017-11-24 09:59:38'),
(298, 39, 1, 2, '2017-11-24 10:00:21'),
(299, 39, 4, 2, '2017-11-24 10:00:21'),
(300, 39, 5, 2, '2017-11-24 10:00:21'),
(301, 39, 12, 2, '2017-11-24 10:00:21'),
(302, 39, 13, 2, '2017-11-24 10:00:21'),
(303, 39, 14, 2, '2017-11-24 10:00:21'),
(304, 39, 15, 2, '2017-11-24 10:00:21'),
(305, 39, 16, 2, '2017-11-24 10:00:21'),
(306, 39, 17, 2, '2017-11-24 10:00:21'),
(307, 39, 18, 2, '2017-11-24 10:00:21'),
(308, 39, 1, 2, '2017-11-24 10:02:23'),
(309, 39, 4, 2, '2017-11-24 10:02:23'),
(310, 39, 5, 2, '2017-11-24 10:02:23'),
(311, 39, 12, 2, '2017-11-24 10:02:23'),
(312, 39, 13, 2, '2017-11-24 10:02:23'),
(313, 39, 14, 2, '2017-11-24 10:02:23'),
(314, 39, 15, 2, '2017-11-24 10:02:23'),
(315, 39, 16, 2, '2017-11-24 10:02:23'),
(316, 39, 17, 2, '2017-11-24 10:02:23'),
(317, 39, 18, 2, '2017-11-24 10:02:23'),
(318, 39, 19, 2, '2017-11-24 10:02:34'),
(319, 40, 1, 2, '2017-11-24 10:03:11'),
(320, 40, 4, 2, '2017-11-24 10:03:11'),
(321, 40, 5, 2, '2017-11-24 10:03:11'),
(322, 40, 12, 2, '2017-11-24 10:03:11'),
(323, 40, 13, 2, '2017-11-24 10:03:11'),
(324, 40, 1, 2, '2017-11-24 10:03:15'),
(325, 40, 4, 2, '2017-11-24 10:03:15'),
(326, 40, 5, 2, '2017-11-24 10:03:15'),
(327, 40, 12, 2, '2017-11-24 10:03:15'),
(328, 40, 13, 2, '2017-11-24 10:03:15'),
(329, 40, 14, 2, '2017-11-24 10:03:17'),
(330, 40, 15, 2, '2017-11-24 10:03:17'),
(331, 40, 16, 2, '2017-11-24 10:03:17'),
(332, 40, 17, 2, '2017-11-24 10:03:17'),
(333, 40, 18, 2, '2017-11-24 10:03:17'),
(334, 40, 1, 2, '2017-11-24 10:04:07'),
(335, 40, 4, 2, '2017-11-24 10:04:07'),
(336, 40, 5, 2, '2017-11-24 10:04:07'),
(337, 40, 12, 2, '2017-11-24 10:04:07'),
(338, 40, 13, 2, '2017-11-24 10:04:07'),
(339, 2, 1, 2, '2017-11-24 10:06:30'),
(340, 2, 4, 2, '2017-11-24 10:06:30'),
(341, 2, 5, 2, '2017-11-24 10:06:30'),
(342, 2, 12, 2, '2017-11-24 10:06:30'),
(343, 2, 13, 2, '2017-11-24 10:06:30'),
(344, 39, 1, 2, '2017-11-24 10:08:45'),
(345, 39, 4, 2, '2017-11-24 10:08:45'),
(346, 39, 5, 2, '2017-11-24 10:08:45'),
(347, 39, 12, 2, '2017-11-24 10:08:45'),
(348, 39, 13, 2, '2017-11-24 10:08:45'),
(349, 2, 1, 2, '2017-11-24 10:09:31'),
(350, 2, 4, 2, '2017-11-24 10:09:31'),
(351, 2, 5, 2, '2017-11-24 10:09:31'),
(352, 2, 12, 2, '2017-11-24 10:09:31'),
(353, 2, 13, 2, '2017-11-24 10:09:31'),
(354, 39, 1, 2, '2017-11-24 10:10:11'),
(355, 39, 4, 2, '2017-11-24 10:10:11'),
(356, 39, 5, 2, '2017-11-24 10:10:11'),
(357, 39, 12, 2, '2017-11-24 10:10:11'),
(358, 39, 13, 2, '2017-11-24 10:10:11'),
(359, 39, 14, 2, '2017-11-24 10:10:11'),
(360, 39, 15, 2, '2017-11-24 10:10:11'),
(361, 39, 16, 2, '2017-11-24 10:10:11'),
(362, 39, 17, 2, '2017-11-24 10:10:11'),
(363, 39, 18, 2, '2017-11-24 10:10:11'),
(364, 39, 19, 2, '2017-11-24 10:10:13'),
(365, 39, 1, 2, '2017-11-24 10:11:14'),
(366, 39, 4, 2, '2017-11-24 10:11:14'),
(367, 39, 5, 2, '2017-11-24 10:11:14'),
(368, 39, 12, 2, '2017-11-24 10:11:14'),
(369, 39, 13, 2, '2017-11-24 10:11:14'),
(370, 2, 1, 2, '2017-11-24 10:11:28'),
(371, 2, 4, 2, '2017-11-24 10:11:28'),
(372, 2, 5, 2, '2017-11-24 10:11:28'),
(373, 2, 12, 2, '2017-11-24 10:11:28'),
(374, 2, 13, 2, '2017-11-24 10:11:28'),
(375, 39, 1, 2, '2017-11-24 10:17:27'),
(376, 39, 4, 2, '2017-11-24 10:17:27'),
(377, 39, 5, 2, '2017-11-24 10:17:27'),
(378, 39, 12, 2, '2017-11-24 10:17:27'),
(379, 39, 13, 2, '2017-11-24 10:17:27'),
(380, 2, 1, 2, '2017-11-24 11:00:13'),
(381, 2, 4, 2, '2017-11-24 11:00:13'),
(382, 2, 5, 2, '2017-11-24 11:00:13'),
(383, 2, 12, 2, '2017-11-24 11:00:13'),
(384, 2, 13, 2, '2017-11-24 11:00:13'),
(385, 2, 14, 2, '2017-11-24 11:00:13'),
(386, 2, 15, 2, '2017-11-24 11:00:13'),
(387, 2, 16, 2, '2017-11-24 11:00:13'),
(388, 2, 17, 2, '2017-11-24 11:00:13'),
(389, 2, 18, 2, '2017-11-24 11:00:13'),
(390, 39, 1, 2, '2017-11-24 11:18:55'),
(391, 39, 4, 2, '2017-11-24 11:18:55'),
(392, 39, 5, 2, '2017-11-24 11:18:55'),
(393, 39, 12, 2, '2017-11-24 11:18:55'),
(394, 39, 13, 2, '2017-11-24 11:18:55'),
(395, 2, 1, 2, '2017-11-24 11:26:18'),
(396, 2, 4, 2, '2017-11-24 11:26:18'),
(397, 2, 5, 2, '2017-11-24 11:26:18'),
(398, 2, 12, 2, '2017-11-24 11:26:18'),
(399, 2, 13, 2, '2017-11-24 11:26:18'),
(400, 2, 14, 2, '2017-11-24 11:26:18'),
(401, 2, 15, 2, '2017-11-24 11:26:18'),
(402, 2, 16, 2, '2017-11-24 11:26:18'),
(403, 2, 17, 2, '2017-11-24 11:26:18'),
(404, 2, 18, 2, '2017-11-24 11:26:18'),
(405, 2, 1, 2, '2017-11-24 11:26:55'),
(406, 2, 4, 2, '2017-11-24 11:26:55'),
(407, 2, 5, 2, '2017-11-24 11:26:55'),
(408, 2, 12, 2, '2017-11-24 11:26:55'),
(409, 2, 13, 2, '2017-11-24 11:26:55'),
(410, 2, 14, 2, '2017-11-24 11:26:55'),
(411, 2, 15, 2, '2017-11-24 11:26:55'),
(412, 2, 16, 2, '2017-11-24 11:26:55'),
(413, 2, 17, 2, '2017-11-24 11:26:55'),
(414, 2, 18, 2, '2017-11-24 11:26:55'),
(415, 2, 1, 2, '2017-11-24 11:26:59'),
(416, 2, 4, 2, '2017-11-24 11:26:59'),
(417, 2, 5, 2, '2017-11-24 11:26:59'),
(418, 2, 12, 2, '2017-11-24 11:26:59'),
(419, 2, 13, 2, '2017-11-24 11:26:59'),
(420, 2, 14, 2, '2017-11-24 11:26:59'),
(421, 2, 15, 2, '2017-11-24 11:26:59'),
(422, 2, 16, 2, '2017-11-24 11:26:59'),
(423, 2, 17, 2, '2017-11-24 11:26:59'),
(424, 2, 18, 2, '2017-11-24 11:26:59'),
(425, 2, 1, 2, '2017-11-24 14:25:10'),
(426, 2, 4, 2, '2017-11-24 14:25:10'),
(427, 2, 5, 2, '2017-11-24 14:25:10'),
(428, 2, 12, 2, '2017-11-24 14:25:10'),
(429, 2, 13, 2, '2017-11-24 14:25:10'),
(430, 2, 14, 2, '2017-11-24 14:25:32'),
(431, 2, 15, 2, '2017-11-24 14:25:32'),
(432, 2, 16, 2, '2017-11-24 14:25:32'),
(433, 2, 17, 2, '2017-11-24 14:25:32'),
(434, 2, 18, 2, '2017-11-24 14:25:32'),
(435, 2, 19, 2, '2017-11-24 14:25:38'),
(436, 2, 1, 2, '2017-11-24 14:26:08'),
(437, 2, 4, 2, '2017-11-24 14:26:08'),
(438, 2, 5, 2, '2017-11-24 14:26:08'),
(439, 2, 12, 2, '2017-11-24 14:26:08'),
(440, 2, 13, 2, '2017-11-24 14:26:08'),
(441, 2, 1, 2, '2017-11-24 14:26:50'),
(442, 2, 4, 2, '2017-11-24 14:26:50'),
(443, 2, 5, 2, '2017-11-24 14:26:50'),
(444, 2, 12, 2, '2017-11-24 14:26:50'),
(445, 2, 13, 2, '2017-11-24 14:26:50'),
(446, 39, 1, 2, '2017-11-24 14:51:37'),
(447, 39, 4, 2, '2017-11-24 14:51:37'),
(448, 39, 5, 2, '2017-11-24 14:51:37'),
(449, 39, 12, 2, '2017-11-24 14:51:37'),
(450, 39, 13, 2, '2017-11-24 14:51:37'),
(451, 39, 14, 2, '2017-11-24 14:51:37'),
(452, 39, 15, 2, '2017-11-24 14:51:37'),
(453, 39, 16, 2, '2017-11-24 14:51:37'),
(454, 39, 17, 2, '2017-11-24 14:51:37'),
(455, 39, 18, 2, '2017-11-24 14:51:37'),
(456, 39, 1, 2, '2017-11-24 15:09:57'),
(457, 39, 4, 2, '2017-11-24 15:09:57'),
(458, 39, 5, 2, '2017-11-24 15:09:57'),
(459, 39, 12, 2, '2017-11-24 15:09:57'),
(460, 39, 13, 2, '2017-11-24 15:09:57'),
(461, 39, 14, 2, '2017-11-24 15:09:57'),
(462, 39, 15, 2, '2017-11-24 15:09:57'),
(463, 39, 16, 2, '2017-11-24 15:09:57'),
(464, 39, 17, 2, '2017-11-24 15:09:57'),
(465, 39, 18, 2, '2017-11-24 15:09:57'),
(466, 39, 19, 2, '2017-11-24 15:10:48'),
(467, 2, 1, 2, '2017-11-24 15:34:45'),
(468, 2, 4, 2, '2017-11-24 15:34:45'),
(469, 2, 5, 2, '2017-11-24 15:34:45'),
(470, 2, 12, 2, '2017-11-24 15:34:45'),
(471, 2, 13, 2, '2017-11-24 15:34:45'),
(472, 2, 1, 2, '2017-11-24 19:21:46'),
(473, 2, 4, 2, '2017-11-24 19:21:46'),
(474, 2, 5, 2, '2017-11-24 19:21:46'),
(475, 2, 12, 2, '2017-11-24 19:21:46'),
(476, 2, 13, 2, '2017-11-24 19:21:46'),
(477, 2, 14, 2, '2017-11-24 19:21:46'),
(478, 2, 15, 2, '2017-11-24 19:21:46'),
(479, 2, 16, 2, '2017-11-24 19:21:46'),
(480, 2, 17, 2, '2017-11-24 19:21:46'),
(481, 2, 18, 2, '2017-11-24 19:21:46'),
(482, 2, 19, 2, '2017-11-24 20:11:04'),
(483, 2, 1, 2, '2017-11-24 20:11:10'),
(484, 2, 4, 2, '2017-11-24 20:11:10'),
(485, 2, 5, 2, '2017-11-24 20:11:10'),
(486, 2, 12, 2, '2017-11-24 20:11:10'),
(487, 2, 13, 2, '2017-11-24 20:11:10'),
(488, 2, 14, 2, '2017-11-24 20:11:10'),
(489, 2, 15, 2, '2017-11-24 20:11:10'),
(490, 2, 16, 2, '2017-11-24 20:11:10'),
(491, 2, 17, 2, '2017-11-24 20:11:10'),
(492, 2, 18, 2, '2017-11-24 20:11:10'),
(493, 22, 1, 2, '2017-11-25 14:17:11'),
(494, 22, 4, 2, '2017-11-25 14:17:11'),
(495, 22, 5, 2, '2017-11-25 14:17:11'),
(496, 22, 12, 2, '2017-11-25 14:17:11'),
(497, 22, 13, 2, '2017-11-25 14:17:11'),
(498, 22, 14, 2, '2017-11-25 14:17:11'),
(499, 22, 15, 2, '2017-11-25 14:17:11'),
(500, 22, 16, 2, '2017-11-25 14:17:11'),
(501, 22, 17, 2, '2017-11-25 14:17:11'),
(502, 22, 18, 2, '2017-11-25 14:17:11'),
(503, 22, 13, 2, '2017-11-25 14:17:19'),
(504, 22, 12, 2, '2017-11-25 14:17:19'),
(505, 22, 4, 2, '2017-11-25 14:17:19'),
(506, 22, 18, 2, '2017-11-25 14:17:19'),
(507, 22, 19, 2, '2017-11-25 14:17:19'),
(508, 22, 16, 2, '2017-11-25 14:17:19'),
(509, 22, 15, 2, '2017-11-25 14:17:19'),
(510, 22, 17, 2, '2017-11-25 14:17:19'),
(511, 22, 14, 2, '2017-11-25 14:17:19'),
(512, 22, 5, 2, '2017-11-25 14:17:19'),
(513, 22, 1, 2, '2017-11-25 14:17:24'),
(514, 22, 13, 2, '2017-11-25 14:17:43'),
(515, 22, 12, 2, '2017-11-25 14:17:43'),
(516, 22, 4, 2, '2017-11-25 14:17:43'),
(517, 22, 18, 2, '2017-11-25 14:17:43'),
(518, 22, 19, 2, '2017-11-25 14:17:43'),
(519, 22, 16, 2, '2017-11-25 14:17:43'),
(520, 22, 15, 2, '2017-11-25 14:17:43'),
(521, 22, 17, 2, '2017-11-25 14:17:43'),
(522, 22, 14, 2, '2017-11-25 14:17:43'),
(523, 22, 5, 2, '2017-11-25 14:17:43'),
(524, 2, 1, 2, '2017-11-25 14:19:45'),
(525, 2, 4, 2, '2017-11-25 14:19:45'),
(526, 2, 5, 2, '2017-11-25 14:19:45'),
(527, 2, 12, 2, '2017-11-25 14:19:45'),
(528, 2, 13, 2, '2017-11-25 14:19:45'),
(529, 2, 14, 2, '2017-11-25 14:19:45'),
(530, 2, 15, 2, '2017-11-25 14:19:45'),
(531, 2, 16, 2, '2017-11-25 14:19:45'),
(532, 2, 17, 2, '2017-11-25 14:19:45'),
(533, 2, 18, 2, '2017-11-25 14:19:45'),
(534, 36, 1, 2, '2017-11-26 20:46:51'),
(535, 36, 4, 2, '2017-11-26 20:46:51'),
(536, 36, 5, 2, '2017-11-26 20:46:51'),
(537, 36, 12, 2, '2017-11-26 20:46:51'),
(538, 36, 13, 2, '2017-11-26 20:46:51'),
(539, 2, 1, 2, '2017-11-26 20:54:24'),
(540, 2, 4, 2, '2017-11-26 20:54:24'),
(541, 2, 5, 2, '2017-11-26 20:54:24'),
(542, 2, 12, 2, '2017-11-26 20:54:24'),
(543, 2, 13, 2, '2017-11-26 20:54:24'),
(544, 2, 14, 2, '2017-11-26 20:54:24'),
(545, 2, 16, 2, '2017-11-26 20:54:24'),
(546, 2, 17, 2, '2017-11-26 20:54:24'),
(547, 2, 18, 2, '2017-11-26 20:54:24'),
(548, 2, 19, 2, '2017-11-26 20:54:24'),
(549, 2, 1, 2, '2017-11-27 05:16:00'),
(550, 2, 4, 2, '2017-11-27 05:16:00'),
(551, 2, 5, 2, '2017-11-27 05:16:00'),
(552, 2, 12, 2, '2017-11-27 05:16:00'),
(553, 2, 13, 2, '2017-11-27 05:16:00'),
(554, 2, 14, 2, '2017-11-27 05:16:00'),
(555, 2, 16, 2, '2017-11-27 05:16:00'),
(556, 2, 17, 2, '2017-11-27 05:16:00'),
(557, 2, 18, 2, '2017-11-27 05:16:00'),
(558, 2, 19, 2, '2017-11-27 05:16:00'),
(559, 2, 1, 2, '2017-11-27 05:16:31'),
(560, 2, 4, 2, '2017-11-27 05:16:31'),
(561, 2, 5, 2, '2017-11-27 05:16:31'),
(562, 2, 12, 2, '2017-11-27 05:16:31'),
(563, 2, 13, 2, '2017-11-27 05:16:31'),
(564, 2, 14, 2, '2017-11-27 05:16:31'),
(565, 2, 16, 2, '2017-11-27 05:16:31'),
(566, 2, 17, 2, '2017-11-27 05:16:31'),
(567, 2, 18, 2, '2017-11-27 05:16:31'),
(568, 2, 19, 2, '2017-11-27 05:16:31'),
(569, 2, 1, 2, '2017-11-27 05:17:57'),
(570, 2, 4, 2, '2017-11-27 05:17:57'),
(571, 2, 5, 2, '2017-11-27 05:17:57'),
(572, 2, 12, 2, '2017-11-27 05:17:57'),
(573, 2, 13, 2, '2017-11-27 05:17:57'),
(574, 2, 14, 2, '2017-11-27 05:17:57'),
(575, 2, 16, 2, '2017-11-27 05:17:57'),
(576, 2, 17, 2, '2017-11-27 05:17:57'),
(577, 2, 18, 2, '2017-11-27 05:17:57'),
(578, 2, 19, 2, '2017-11-27 05:17:57'),
(579, 2, 1, 2, '2017-11-27 05:38:31'),
(580, 2, 4, 2, '2017-11-27 05:38:31'),
(581, 2, 5, 2, '2017-11-27 05:38:31'),
(582, 2, 12, 2, '2017-11-27 05:38:31'),
(583, 2, 13, 2, '2017-11-27 05:38:31'),
(584, 2, 1, 2, '2017-11-27 05:39:33'),
(585, 2, 4, 2, '2017-11-27 05:39:33'),
(586, 2, 5, 2, '2017-11-27 05:39:33'),
(587, 2, 12, 2, '2017-11-27 05:39:33'),
(588, 2, 13, 2, '2017-11-27 05:39:33'),
(589, 2, 1, 2, '2017-11-27 06:14:08'),
(590, 2, 4, 2, '2017-11-27 06:14:08'),
(591, 2, 5, 2, '2017-11-27 06:14:08'),
(592, 2, 12, 2, '2017-11-27 06:14:08'),
(593, 2, 13, 2, '2017-11-27 06:14:08'),
(594, 2, 1, 2, '2017-11-27 06:17:50'),
(595, 2, 4, 2, '2017-11-27 06:17:50'),
(596, 2, 5, 2, '2017-11-27 06:17:50'),
(597, 2, 12, 2, '2017-11-27 06:17:50'),
(598, 2, 13, 2, '2017-11-27 06:17:50'),
(599, 2, 1, 2, '2017-11-27 06:17:59'),
(600, 2, 4, 2, '2017-11-27 06:17:59'),
(601, 2, 5, 2, '2017-11-27 06:17:59'),
(602, 2, 12, 2, '2017-11-27 06:17:59'),
(603, 2, 13, 2, '2017-11-27 06:17:59'),
(604, 36, 1, 2, '2017-11-27 06:28:21'),
(605, 36, 4, 2, '2017-11-27 06:28:21'),
(606, 36, 5, 2, '2017-11-27 06:28:21'),
(607, 36, 12, 2, '2017-11-27 06:28:21'),
(608, 36, 13, 2, '2017-11-27 06:28:21'),
(609, 36, 14, 2, '2017-11-27 06:28:21'),
(610, 36, 16, 2, '2017-11-27 06:28:21'),
(611, 36, 17, 2, '2017-11-27 06:28:21'),
(612, 36, 18, 2, '2017-11-27 06:28:21'),
(613, 36, 19, 2, '2017-11-27 06:28:21'),
(614, 2, 1, 2, '2017-11-27 06:41:27'),
(615, 2, 4, 2, '2017-11-27 06:41:27'),
(616, 2, 5, 2, '2017-11-27 06:41:27'),
(617, 2, 12, 2, '2017-11-27 06:41:27'),
(618, 2, 13, 2, '2017-11-27 06:41:27'),
(619, 2, 1, 2, '2017-11-27 06:45:53'),
(620, 2, 4, 2, '2017-11-27 06:45:53'),
(621, 2, 5, 2, '2017-11-27 06:45:53'),
(622, 2, 12, 2, '2017-11-27 06:45:53'),
(623, 2, 13, 2, '2017-11-27 06:45:53'),
(624, 2, 1, 2, '2017-11-27 07:00:24'),
(625, 2, 4, 2, '2017-11-27 07:00:24'),
(626, 2, 5, 2, '2017-11-27 07:00:24'),
(627, 2, 12, 2, '2017-11-27 07:00:24'),
(628, 2, 13, 2, '2017-11-27 07:00:24'),
(629, 5, 1, 2, '2017-11-27 07:01:45'),
(630, 5, 4, 2, '2017-11-27 07:01:45'),
(631, 5, 5, 2, '2017-11-27 07:01:45'),
(632, 5, 12, 2, '2017-11-27 07:01:45'),
(633, 5, 13, 2, '2017-11-27 07:01:45'),
(634, 5, 14, 2, '2017-11-27 07:01:47'),
(635, 5, 16, 2, '2017-11-27 07:01:47'),
(636, 5, 17, 2, '2017-11-27 07:01:47'),
(637, 5, 18, 2, '2017-11-27 07:01:47'),
(638, 5, 19, 2, '2017-11-27 07:01:47'),
(639, 5, 1, 2, '2017-11-27 07:01:55'),
(640, 5, 4, 2, '2017-11-27 07:01:55'),
(641, 5, 5, 2, '2017-11-27 07:01:55'),
(642, 5, 12, 2, '2017-11-27 07:01:55'),
(643, 5, 13, 2, '2017-11-27 07:01:55'),
(644, 5, 1, 2, '2017-11-27 07:01:59'),
(645, 5, 4, 2, '2017-11-27 07:01:59'),
(646, 5, 5, 2, '2017-11-27 07:01:59'),
(647, 5, 12, 2, '2017-11-27 07:01:59'),
(648, 5, 13, 2, '2017-11-27 07:01:59'),
(649, 5, 1, 2, '2017-11-27 07:02:04'),
(650, 5, 4, 2, '2017-11-27 07:02:04'),
(651, 5, 5, 2, '2017-11-27 07:02:04'),
(652, 5, 12, 2, '2017-11-27 07:02:04'),
(653, 5, 13, 2, '2017-11-27 07:02:04'),
(654, 5, 1, 2, '2017-11-27 07:02:19'),
(655, 5, 4, 2, '2017-11-27 07:02:19'),
(656, 5, 5, 2, '2017-11-27 07:02:19'),
(657, 5, 12, 2, '2017-11-27 07:02:19'),
(658, 5, 13, 2, '2017-11-27 07:02:19'),
(659, 36, 1, 2, '2017-11-27 07:17:34'),
(660, 36, 4, 2, '2017-11-27 07:17:34'),
(661, 36, 5, 2, '2017-11-27 07:17:34'),
(662, 36, 12, 2, '2017-11-27 07:17:34'),
(663, 36, 13, 2, '2017-11-27 07:17:34'),
(664, 36, 14, 2, '2017-11-27 07:17:34'),
(665, 36, 16, 2, '2017-11-27 07:17:34'),
(666, 36, 17, 2, '2017-11-27 07:17:34'),
(667, 36, 18, 2, '2017-11-27 07:17:34'),
(668, 36, 19, 2, '2017-11-27 07:17:34'),
(669, 5, 1, 2, '2017-11-27 07:30:28'),
(670, 5, 4, 2, '2017-11-27 07:30:28'),
(671, 5, 5, 2, '2017-11-27 07:30:28'),
(672, 5, 12, 2, '2017-11-27 07:30:28'),
(673, 5, 13, 2, '2017-11-27 07:30:28'),
(674, 5, 14, 2, '2017-11-27 07:30:28'),
(675, 5, 16, 2, '2017-11-27 07:30:28'),
(676, 5, 17, 2, '2017-11-27 07:30:28'),
(677, 5, 18, 2, '2017-11-27 07:30:28'),
(678, 5, 19, 2, '2017-11-27 07:30:28'),
(679, 5, 1, 2, '2017-11-27 07:35:32'),
(680, 5, 4, 2, '2017-11-27 07:35:32'),
(681, 5, 5, 2, '2017-11-27 07:35:32'),
(682, 5, 12, 2, '2017-11-27 07:35:32'),
(683, 5, 13, 2, '2017-11-27 07:35:32'),
(684, 5, 14, 2, '2017-11-27 07:35:32'),
(685, 5, 16, 2, '2017-11-27 07:35:32'),
(686, 5, 17, 2, '2017-11-27 07:35:32'),
(687, 5, 18, 2, '2017-11-27 07:35:32'),
(688, 5, 19, 2, '2017-11-27 07:35:32'),
(689, 5, 1, 2, '2017-11-27 07:41:55'),
(690, 5, 4, 2, '2017-11-27 07:41:55'),
(691, 5, 5, 2, '2017-11-27 07:41:55'),
(692, 5, 12, 2, '2017-11-27 07:41:55'),
(693, 5, 13, 2, '2017-11-27 07:41:55'),
(694, 5, 14, 2, '2017-11-27 07:41:55'),
(695, 5, 16, 2, '2017-11-27 07:41:55'),
(696, 5, 17, 2, '2017-11-27 07:41:55'),
(697, 5, 18, 2, '2017-11-27 07:41:55'),
(698, 5, 19, 2, '2017-11-27 07:41:55'),
(699, 5, 1, 2, '2017-11-27 07:44:53'),
(700, 5, 4, 2, '2017-11-27 07:44:53'),
(701, 5, 5, 2, '2017-11-27 07:44:53'),
(702, 5, 12, 2, '2017-11-27 07:44:53'),
(703, 5, 13, 2, '2017-11-27 07:44:53'),
(704, 5, 14, 2, '2017-11-27 07:45:07'),
(705, 5, 16, 2, '2017-11-27 07:45:07'),
(706, 5, 17, 2, '2017-11-27 07:45:07'),
(707, 5, 18, 2, '2017-11-27 07:45:07'),
(708, 5, 19, 2, '2017-11-27 07:45:07'),
(709, 5, 1, 2, '2017-11-27 07:45:14'),
(710, 5, 4, 2, '2017-11-27 07:45:14'),
(711, 5, 5, 2, '2017-11-27 07:45:14'),
(712, 5, 12, 2, '2017-11-27 07:45:14'),
(713, 5, 13, 2, '2017-11-27 07:45:14'),
(714, 5, 1, 2, '2017-11-27 07:46:03'),
(715, 5, 4, 2, '2017-11-27 07:46:03'),
(716, 5, 5, 2, '2017-11-27 07:46:03'),
(717, 5, 12, 2, '2017-11-27 07:46:03'),
(718, 5, 13, 2, '2017-11-27 07:46:03'),
(719, 2, 1, 2, '2017-11-27 07:48:21'),
(720, 2, 4, 2, '2017-11-27 07:48:21'),
(721, 2, 5, 2, '2017-11-27 07:48:21'),
(722, 2, 12, 2, '2017-11-27 07:48:21'),
(723, 2, 13, 2, '2017-11-27 07:48:21'),
(724, 2, 14, 2, '2017-11-27 07:48:21'),
(725, 2, 16, 2, '2017-11-27 07:48:21'),
(726, 2, 17, 2, '2017-11-27 07:48:21'),
(727, 2, 18, 2, '2017-11-27 07:48:21'),
(728, 2, 19, 2, '2017-11-27 07:48:21'),
(729, 5, 1, 2, '2017-11-27 07:48:30'),
(730, 5, 4, 2, '2017-11-27 07:48:30'),
(731, 5, 5, 2, '2017-11-27 07:48:30'),
(732, 5, 12, 2, '2017-11-27 07:48:30'),
(733, 5, 13, 2, '2017-11-27 07:48:30'),
(734, 5, 1, 2, '2017-11-27 07:51:52'),
(735, 5, 4, 2, '2017-11-27 07:51:52'),
(736, 5, 5, 2, '2017-11-27 07:51:52'),
(737, 5, 12, 2, '2017-11-27 07:51:52'),
(738, 5, 13, 2, '2017-11-27 07:51:52'),
(739, 5, 14, 2, '2017-11-27 07:51:52'),
(740, 5, 16, 2, '2017-11-27 07:51:52'),
(741, 5, 17, 2, '2017-11-27 07:51:52'),
(742, 5, 18, 2, '2017-11-27 07:51:52'),
(743, 5, 19, 2, '2017-11-27 07:51:52'),
(744, 5, 1, 2, '2017-11-27 07:52:38'),
(745, 5, 4, 2, '2017-11-27 07:52:38'),
(746, 5, 5, 2, '2017-11-27 07:52:38'),
(747, 5, 12, 2, '2017-11-27 07:52:38'),
(748, 5, 13, 2, '2017-11-27 07:52:38'),
(749, 5, 1, 2, '2017-11-27 09:03:40'),
(750, 5, 4, 2, '2017-11-27 09:03:40'),
(751, 5, 5, 2, '2017-11-27 09:03:40'),
(752, 5, 12, 2, '2017-11-27 09:03:40'),
(753, 5, 13, 2, '2017-11-27 09:03:40'),
(754, 5, 1, 2, '2017-11-27 09:03:49'),
(755, 5, 4, 2, '2017-11-27 09:03:49'),
(756, 5, 5, 2, '2017-11-27 09:03:49'),
(757, 5, 12, 2, '2017-11-27 09:03:49'),
(758, 5, 13, 2, '2017-11-27 09:03:49'),
(759, 5, 1, 2, '2017-11-27 09:05:21'),
(760, 5, 4, 2, '2017-11-27 09:05:21'),
(761, 5, 5, 2, '2017-11-27 09:05:21'),
(762, 5, 12, 2, '2017-11-27 09:05:21'),
(763, 5, 13, 2, '2017-11-27 09:05:21'),
(764, 5, 14, 2, '2017-11-27 09:05:21'),
(765, 5, 16, 2, '2017-11-27 09:05:21'),
(766, 5, 17, 2, '2017-11-27 09:05:21'),
(767, 5, 18, 2, '2017-11-27 09:05:21'),
(768, 5, 19, 2, '2017-11-27 09:05:21'),
(769, 5, 1, 2, '2017-11-27 09:09:08'),
(770, 5, 4, 2, '2017-11-27 09:09:08'),
(771, 5, 5, 2, '2017-11-27 09:09:08'),
(772, 5, 12, 2, '2017-11-27 09:09:08'),
(773, 5, 13, 2, '2017-11-27 09:09:08'),
(774, 5, 14, 2, '2017-11-27 09:09:08'),
(775, 5, 16, 2, '2017-11-27 09:09:08'),
(776, 5, 17, 2, '2017-11-27 09:09:08'),
(777, 5, 18, 2, '2017-11-27 09:09:08'),
(778, 5, 19, 2, '2017-11-27 09:09:08'),
(779, 5, 12, 2, '2017-11-27 09:09:15'),
(780, 5, 14, 2, '2017-11-27 09:09:15'),
(781, 5, 4, 2, '2017-11-27 09:09:15'),
(782, 5, 13, 2, '2017-11-27 09:09:15'),
(783, 5, 17, 2, '2017-11-27 09:09:15'),
(784, 5, 18, 2, '2017-11-27 09:09:15'),
(785, 5, 19, 2, '2017-11-27 09:09:15'),
(786, 5, 16, 2, '2017-11-27 09:09:15'),
(787, 5, 1, 2, '2017-11-27 09:09:15'),
(788, 5, 5, 2, '2017-11-27 09:09:15'),
(789, 5, 12, 2, '2017-11-27 09:09:40'),
(790, 5, 14, 2, '2017-11-27 09:09:40'),
(791, 5, 16, 2, '2017-11-27 09:09:40'),
(792, 5, 17, 2, '2017-11-27 09:09:40'),
(793, 5, 18, 2, '2017-11-27 09:09:40'),
(794, 5, 19, 2, '2017-11-27 09:09:40'),
(795, 5, 4, 2, '2017-11-27 09:09:40'),
(796, 5, 1, 2, '2017-11-27 09:09:40'),
(797, 5, 13, 2, '2017-11-27 09:09:40'),
(798, 5, 5, 2, '2017-11-27 09:09:40'),
(799, 5, 13, 2, '2017-11-27 09:09:51'),
(800, 5, 12, 2, '2017-11-27 09:09:51'),
(801, 5, 4, 2, '2017-11-27 09:09:51'),
(802, 5, 18, 2, '2017-11-27 09:09:51'),
(803, 5, 19, 2, '2017-11-27 09:09:51'),
(804, 5, 16, 2, '2017-11-27 09:09:51'),
(805, 5, 17, 2, '2017-11-27 09:09:51'),
(806, 5, 14, 2, '2017-11-27 09:09:51'),
(807, 5, 5, 2, '2017-11-27 09:09:51'),
(808, 5, 1, 2, '2017-11-27 09:09:51'),
(809, 5, 1, 2, '2017-11-27 09:10:08'),
(810, 5, 4, 2, '2017-11-27 09:10:08'),
(811, 5, 5, 2, '2017-11-27 09:10:08'),
(812, 5, 12, 2, '2017-11-27 09:10:08'),
(813, 5, 13, 2, '2017-11-27 09:10:08'),
(814, 5, 14, 2, '2017-11-27 09:10:08'),
(815, 5, 16, 2, '2017-11-27 09:10:08'),
(816, 5, 17, 2, '2017-11-27 09:10:08'),
(817, 5, 18, 2, '2017-11-27 09:10:08'),
(818, 5, 19, 2, '2017-11-27 09:10:08'),
(819, 5, 1, 2, '2017-11-27 09:10:20'),
(820, 5, 4, 2, '2017-11-27 09:10:20'),
(821, 5, 5, 2, '2017-11-27 09:10:20'),
(822, 5, 12, 2, '2017-11-27 09:10:20'),
(823, 5, 13, 2, '2017-11-27 09:10:20'),
(824, 5, 14, 2, '2017-11-27 09:10:20'),
(825, 5, 16, 2, '2017-11-27 09:10:20'),
(826, 5, 17, 2, '2017-11-27 09:10:20'),
(827, 5, 18, 2, '2017-11-27 09:10:20'),
(828, 5, 19, 2, '2017-11-27 09:10:20'),
(829, 5, 1, 2, '2017-11-27 09:10:36'),
(830, 5, 4, 2, '2017-11-27 09:10:36'),
(831, 5, 5, 2, '2017-11-27 09:10:36'),
(832, 5, 12, 2, '2017-11-27 09:10:36'),
(833, 5, 13, 2, '2017-11-27 09:10:36'),
(834, 5, 14, 2, '2017-11-27 09:10:36'),
(835, 5, 16, 2, '2017-11-27 09:10:36'),
(836, 5, 17, 2, '2017-11-27 09:10:36'),
(837, 5, 18, 2, '2017-11-27 09:10:36'),
(838, 5, 19, 2, '2017-11-27 09:10:36'),
(839, 5, 1, 2, '2017-11-27 09:10:39'),
(840, 5, 4, 2, '2017-11-27 09:10:39'),
(841, 5, 5, 2, '2017-11-27 09:10:39'),
(842, 5, 12, 2, '2017-11-27 09:10:39'),
(843, 5, 13, 2, '2017-11-27 09:10:39'),
(844, 5, 14, 2, '2017-11-27 09:10:39'),
(845, 5, 16, 2, '2017-11-27 09:10:39'),
(846, 5, 17, 2, '2017-11-27 09:10:39'),
(847, 5, 18, 2, '2017-11-27 09:10:39'),
(848, 5, 19, 2, '2017-11-27 09:10:39'),
(849, 5, 1, 2, '2017-11-27 09:10:56'),
(850, 5, 4, 2, '2017-11-27 09:10:56'),
(851, 5, 5, 2, '2017-11-27 09:10:56'),
(852, 5, 12, 2, '2017-11-27 09:10:56'),
(853, 5, 13, 2, '2017-11-27 09:10:56'),
(854, 5, 14, 2, '2017-11-27 09:10:56'),
(855, 5, 16, 2, '2017-11-27 09:10:56'),
(856, 5, 17, 2, '2017-11-27 09:10:56'),
(857, 5, 18, 2, '2017-11-27 09:10:56'),
(858, 5, 19, 2, '2017-11-27 09:10:56'),
(859, 5, 1, 2, '2017-11-27 09:11:00'),
(860, 5, 4, 2, '2017-11-27 09:11:00'),
(861, 5, 5, 2, '2017-11-27 09:11:00'),
(862, 5, 12, 2, '2017-11-27 09:11:00'),
(863, 5, 13, 2, '2017-11-27 09:11:00'),
(864, 5, 14, 2, '2017-11-27 09:11:00'),
(865, 5, 16, 2, '2017-11-27 09:11:00'),
(866, 5, 17, 2, '2017-11-27 09:11:00'),
(867, 5, 18, 2, '2017-11-27 09:11:00'),
(868, 5, 19, 2, '2017-11-27 09:11:00'),
(869, 5, 1, 2, '2017-11-27 09:11:05'),
(870, 5, 4, 2, '2017-11-27 09:11:05'),
(871, 5, 5, 2, '2017-11-27 09:11:05'),
(872, 5, 12, 2, '2017-11-27 09:11:05'),
(873, 5, 13, 2, '2017-11-27 09:11:05'),
(874, 5, 14, 2, '2017-11-27 09:11:05'),
(875, 5, 16, 2, '2017-11-27 09:11:05'),
(876, 5, 17, 2, '2017-11-27 09:11:05'),
(877, 5, 18, 2, '2017-11-27 09:11:05'),
(878, 5, 19, 2, '2017-11-27 09:11:05'),
(879, 5, 1, 2, '2017-11-27 09:11:49'),
(880, 5, 4, 2, '2017-11-27 09:11:49'),
(881, 5, 5, 2, '2017-11-27 09:11:49'),
(882, 5, 12, 2, '2017-11-27 09:11:49'),
(883, 5, 13, 2, '2017-11-27 09:11:49'),
(884, 5, 14, 2, '2017-11-27 09:11:49'),
(885, 5, 16, 2, '2017-11-27 09:11:49'),
(886, 5, 17, 2, '2017-11-27 09:11:49'),
(887, 5, 18, 2, '2017-11-27 09:11:49'),
(888, 5, 19, 2, '2017-11-27 09:11:49'),
(889, 5, 1, 2, '2017-11-27 09:15:06'),
(890, 5, 4, 2, '2017-11-27 09:15:06'),
(891, 5, 5, 2, '2017-11-27 09:15:06'),
(892, 5, 12, 2, '2017-11-27 09:15:06'),
(893, 5, 13, 2, '2017-11-27 09:15:06'),
(894, 5, 14, 2, '2017-11-27 09:15:06'),
(895, 5, 16, 2, '2017-11-27 09:15:06'),
(896, 5, 17, 2, '2017-11-27 09:15:06'),
(897, 5, 18, 2, '2017-11-27 09:15:06'),
(898, 5, 19, 2, '2017-11-27 09:15:06'),
(899, 5, 1, 2, '2017-11-27 09:20:35'),
(900, 5, 4, 2, '2017-11-27 09:20:35'),
(901, 5, 5, 2, '2017-11-27 09:20:35'),
(902, 5, 12, 2, '2017-11-27 09:20:35'),
(903, 5, 13, 2, '2017-11-27 09:20:35'),
(904, 5, 14, 2, '2017-11-27 09:20:35'),
(905, 5, 16, 2, '2017-11-27 09:20:35'),
(906, 5, 17, 2, '2017-11-27 09:20:35'),
(907, 5, 18, 2, '2017-11-27 09:20:35'),
(908, 5, 19, 2, '2017-11-27 09:20:35'),
(909, 5, 1, 2, '2017-11-27 09:21:36'),
(910, 5, 4, 2, '2017-11-27 09:21:36'),
(911, 5, 5, 2, '2017-11-27 09:21:36'),
(912, 5, 12, 2, '2017-11-27 09:21:36'),
(913, 5, 13, 2, '2017-11-27 09:21:36'),
(914, 5, 14, 2, '2017-11-27 09:21:36'),
(915, 5, 16, 2, '2017-11-27 09:21:36'),
(916, 5, 17, 2, '2017-11-27 09:21:36'),
(917, 5, 18, 2, '2017-11-27 09:21:36'),
(918, 5, 19, 2, '2017-11-27 09:21:36'),
(919, 36, 1, 2, '2017-11-27 09:42:49'),
(920, 36, 4, 2, '2017-11-27 09:42:49'),
(921, 36, 5, 2, '2017-11-27 09:42:49'),
(922, 36, 12, 2, '2017-11-27 09:42:49'),
(923, 36, 13, 2, '2017-11-27 09:42:49'),
(924, 36, 14, 2, '2017-11-27 09:42:49'),
(925, 36, 16, 2, '2017-11-27 09:42:49'),
(926, 36, 17, 2, '2017-11-27 09:42:49'),
(927, 36, 18, 2, '2017-11-27 09:42:49'),
(928, 36, 19, 2, '2017-11-27 09:42:49'),
(929, 36, 1, 2, '2017-11-27 09:47:56'),
(930, 36, 4, 2, '2017-11-27 09:47:56'),
(931, 36, 5, 2, '2017-11-27 09:47:56'),
(932, 36, 12, 2, '2017-11-27 09:47:56'),
(933, 36, 13, 2, '2017-11-27 09:47:56'),
(934, 36, 14, 2, '2017-11-27 09:47:56'),
(935, 36, 16, 2, '2017-11-27 09:47:56'),
(936, 36, 17, 2, '2017-11-27 09:47:56'),
(937, 36, 18, 2, '2017-11-27 09:47:56'),
(938, 36, 19, 2, '2017-11-27 09:47:56'),
(939, 36, 1, 2, '2017-11-27 09:49:46'),
(940, 36, 4, 2, '2017-11-27 09:49:46'),
(941, 36, 5, 2, '2017-11-27 09:49:46'),
(942, 36, 12, 2, '2017-11-27 09:49:46'),
(943, 36, 13, 2, '2017-11-27 09:49:46'),
(944, 36, 14, 2, '2017-11-27 09:49:46'),
(945, 36, 16, 2, '2017-11-27 09:49:46'),
(946, 36, 17, 2, '2017-11-27 09:49:46'),
(947, 36, 18, 2, '2017-11-27 09:49:46'),
(948, 36, 19, 2, '2017-11-27 09:49:46'),
(949, 36, 1, 2, '2017-11-27 09:57:10'),
(950, 36, 4, 2, '2017-11-27 09:57:10'),
(951, 36, 5, 2, '2017-11-27 09:57:10'),
(952, 36, 12, 2, '2017-11-27 09:57:10'),
(953, 36, 13, 2, '2017-11-27 09:57:10'),
(954, 36, 14, 2, '2017-11-27 09:57:10'),
(955, 36, 16, 2, '2017-11-27 09:57:10'),
(956, 36, 17, 2, '2017-11-27 09:57:10'),
(957, 36, 18, 2, '2017-11-27 09:57:10'),
(958, 36, 19, 2, '2017-11-27 09:57:10'),
(959, 39, 12, 2, '2017-11-27 10:00:50'),
(960, 39, 14, 2, '2017-11-27 10:00:50'),
(961, 39, 16, 2, '2017-11-27 10:00:50'),
(962, 39, 17, 2, '2017-11-27 10:00:50'),
(963, 39, 18, 2, '2017-11-27 10:00:50'),
(964, 39, 19, 2, '2017-11-27 10:00:50'),
(965, 39, 4, 2, '2017-11-27 10:00:50'),
(966, 39, 1, 2, '2017-11-27 10:00:50'),
(967, 39, 13, 2, '2017-11-27 10:00:50'),
(968, 39, 5, 2, '2017-11-27 10:00:50'),
(969, 36, 1, 2, '2017-11-27 10:03:22'),
(970, 36, 4, 2, '2017-11-27 10:03:22'),
(971, 36, 5, 2, '2017-11-27 10:03:22'),
(972, 36, 12, 2, '2017-11-27 10:03:22'),
(973, 36, 13, 2, '2017-11-27 10:03:22'),
(974, 36, 14, 2, '2017-11-27 10:03:22'),
(975, 36, 16, 2, '2017-11-27 10:03:22'),
(976, 36, 17, 2, '2017-11-27 10:03:22'),
(977, 36, 18, 2, '2017-11-27 10:03:22'),
(978, 36, 19, 2, '2017-11-27 10:03:22'),
(979, 39, 12, 2, '2017-11-27 10:03:42'),
(980, 39, 14, 2, '2017-11-27 10:03:42'),
(981, 39, 16, 2, '2017-11-27 10:03:42'),
(982, 39, 17, 2, '2017-11-27 10:03:42'),
(983, 39, 18, 2, '2017-11-27 10:03:42'),
(984, 39, 19, 2, '2017-11-27 10:03:42'),
(985, 39, 4, 2, '2017-11-27 10:03:42'),
(986, 39, 1, 2, '2017-11-27 10:03:42'),
(987, 39, 13, 2, '2017-11-27 10:03:42'),
(988, 39, 5, 2, '2017-11-27 10:03:42'),
(989, 36, 1, 2, '2017-11-27 10:05:03'),
(990, 36, 4, 2, '2017-11-27 10:05:03'),
(991, 36, 5, 2, '2017-11-27 10:05:03'),
(992, 36, 12, 2, '2017-11-27 10:05:03'),
(993, 36, 13, 2, '2017-11-27 10:05:03'),
(994, 36, 14, 2, '2017-11-27 10:05:03'),
(995, 36, 16, 2, '2017-11-27 10:05:03'),
(996, 36, 17, 2, '2017-11-27 10:05:03'),
(997, 36, 18, 2, '2017-11-27 10:05:03'),
(998, 36, 19, 2, '2017-11-27 10:05:03'),
(999, 39, 12, 2, '2017-11-27 10:06:32'),
(1000, 39, 16, 2, '2017-11-27 10:06:32'),
(1001, 39, 17, 2, '2017-11-27 10:06:32'),
(1002, 39, 18, 2, '2017-11-27 10:06:32'),
(1003, 39, 19, 2, '2017-11-27 10:06:32'),
(1004, 39, 4, 2, '2017-11-27 10:06:32'),
(1005, 39, 14, 2, '2017-11-27 10:06:32'),
(1006, 39, 1, 2, '2017-11-27 10:06:32'),
(1007, 39, 13, 2, '2017-11-27 10:06:32'),
(1008, 39, 5, 2, '2017-11-27 10:06:32'),
(1009, 39, 1, 2, '2017-11-27 10:09:26'),
(1010, 39, 4, 2, '2017-11-27 10:09:26'),
(1011, 39, 5, 2, '2017-11-27 10:09:26'),
(1012, 39, 12, 2, '2017-11-27 10:09:26'),
(1013, 39, 13, 2, '2017-11-27 10:09:26'),
(1014, 39, 1, 2, '2017-11-27 10:13:21'),
(1015, 39, 4, 2, '2017-11-27 10:13:21'),
(1016, 39, 5, 2, '2017-11-27 10:13:21'),
(1017, 39, 12, 2, '2017-11-27 10:13:21'),
(1018, 39, 13, 2, '2017-11-27 10:13:21'),
(1019, 39, 1, 2, '2017-11-27 10:16:14'),
(1020, 39, 4, 2, '2017-11-27 10:16:14'),
(1021, 39, 5, 2, '2017-11-27 10:16:14'),
(1022, 39, 12, 2, '2017-11-27 10:16:14'),
(1023, 39, 13, 2, '2017-11-27 10:16:14'),
(1024, 39, 14, 2, '2017-11-27 10:16:14'),
(1025, 39, 16, 2, '2017-11-27 10:16:14'),
(1026, 39, 17, 2, '2017-11-27 10:16:14'),
(1027, 39, 18, 2, '2017-11-27 10:16:14'),
(1028, 39, 19, 2, '2017-11-27 10:16:14'),
(1029, 39, 1, 2, '2017-11-27 10:16:14'),
(1030, 39, 4, 2, '2017-11-27 10:16:14'),
(1031, 39, 5, 2, '2017-11-27 10:16:14'),
(1032, 39, 12, 2, '2017-11-27 10:16:14'),
(1033, 39, 13, 2, '2017-11-27 10:16:14'),
(1034, 39, 1, 2, '2017-11-27 10:16:18'),
(1035, 39, 4, 2, '2017-11-27 10:16:18'),
(1036, 39, 5, 2, '2017-11-27 10:16:18'),
(1037, 39, 12, 2, '2017-11-27 10:16:18'),
(1038, 39, 13, 2, '2017-11-27 10:16:18'),
(1039, 39, 14, 2, '2017-11-27 10:16:18'),
(1040, 39, 16, 2, '2017-11-27 10:16:18'),
(1041, 39, 17, 2, '2017-11-27 10:16:18'),
(1042, 39, 18, 2, '2017-11-27 10:16:18'),
(1043, 39, 19, 2, '2017-11-27 10:16:18'),
(1044, 39, 1, 2, '2017-11-27 10:16:36'),
(1045, 39, 4, 2, '2017-11-27 10:16:36'),
(1046, 39, 5, 2, '2017-11-27 10:16:36'),
(1047, 39, 12, 2, '2017-11-27 10:16:36'),
(1048, 39, 13, 2, '2017-11-27 10:16:36'),
(1049, 39, 14, 2, '2017-11-27 10:16:36'),
(1050, 39, 16, 2, '2017-11-27 10:16:36'),
(1051, 39, 17, 2, '2017-11-27 10:16:36'),
(1052, 39, 18, 2, '2017-11-27 10:16:36'),
(1053, 39, 19, 2, '2017-11-27 10:16:36'),
(1054, 39, 1, 2, '2017-11-27 10:17:12'),
(1055, 39, 4, 2, '2017-11-27 10:17:12'),
(1056, 39, 5, 2, '2017-11-27 10:17:12'),
(1057, 39, 12, 2, '2017-11-27 10:17:12'),
(1058, 39, 13, 2, '2017-11-27 10:17:12'),
(1059, 39, 1, 2, '2017-11-27 10:17:15'),
(1060, 39, 4, 2, '2017-11-27 10:17:15'),
(1061, 39, 5, 2, '2017-11-27 10:17:15'),
(1062, 39, 12, 2, '2017-11-27 10:17:15'),
(1063, 39, 13, 2, '2017-11-27 10:17:15'),
(1064, 39, 14, 2, '2017-11-27 10:17:15'),
(1065, 39, 16, 2, '2017-11-27 10:17:15'),
(1066, 39, 17, 2, '2017-11-27 10:17:15'),
(1067, 39, 18, 2, '2017-11-27 10:17:15'),
(1068, 39, 19, 2, '2017-11-27 10:17:15'),
(1069, 39, 1, 2, '2017-11-27 10:17:33'),
(1070, 39, 4, 2, '2017-11-27 10:17:33'),
(1071, 39, 5, 2, '2017-11-27 10:17:33'),
(1072, 39, 12, 2, '2017-11-27 10:17:33'),
(1073, 39, 13, 2, '2017-11-27 10:17:33'),
(1074, 39, 1, 2, '2017-11-27 10:17:44'),
(1075, 39, 4, 2, '2017-11-27 10:17:44'),
(1076, 39, 5, 2, '2017-11-27 10:17:44'),
(1077, 39, 12, 2, '2017-11-27 10:17:44'),
(1078, 39, 13, 2, '2017-11-27 10:17:44'),
(1079, 39, 1, 2, '2017-11-27 10:18:02'),
(1080, 39, 4, 2, '2017-11-27 10:18:02'),
(1081, 39, 5, 2, '2017-11-27 10:18:02'),
(1082, 39, 12, 2, '2017-11-27 10:18:02'),
(1083, 39, 13, 2, '2017-11-27 10:18:02'),
(1084, 39, 1, 2, '2017-11-27 10:18:25'),
(1085, 39, 4, 2, '2017-11-27 10:18:25'),
(1086, 39, 5, 2, '2017-11-27 10:18:25'),
(1087, 39, 12, 2, '2017-11-27 10:18:25'),
(1088, 39, 13, 2, '2017-11-27 10:18:25'),
(1089, 39, 1, 2, '2017-11-27 10:18:32'),
(1090, 39, 4, 2, '2017-11-27 10:18:32'),
(1091, 39, 5, 2, '2017-11-27 10:18:32'),
(1092, 39, 12, 2, '2017-11-27 10:18:32'),
(1093, 39, 13, 2, '2017-11-27 10:18:32'),
(1094, 39, 1, 2, '2017-11-27 10:18:44'),
(1095, 39, 4, 2, '2017-11-27 10:18:44'),
(1096, 39, 5, 2, '2017-11-27 10:18:44'),
(1097, 39, 12, 2, '2017-11-27 10:18:44'),
(1098, 39, 13, 2, '2017-11-27 10:18:44'),
(1099, 39, 1, 2, '2017-11-27 10:19:26'),
(1100, 39, 4, 2, '2017-11-27 10:19:26'),
(1101, 39, 5, 2, '2017-11-27 10:19:26'),
(1102, 39, 12, 2, '2017-11-27 10:19:26'),
(1103, 39, 13, 2, '2017-11-27 10:19:26'),
(1104, 39, 1, 2, '2017-11-27 10:22:31'),
(1105, 39, 4, 2, '2017-11-27 10:22:31'),
(1106, 39, 5, 2, '2017-11-27 10:22:31'),
(1107, 39, 12, 2, '2017-11-27 10:22:31'),
(1108, 39, 13, 2, '2017-11-27 10:22:31'),
(1109, 39, 1, 2, '2017-11-27 10:24:20'),
(1110, 39, 4, 2, '2017-11-27 10:24:20'),
(1111, 39, 5, 2, '2017-11-27 10:24:20'),
(1112, 39, 12, 2, '2017-11-27 10:24:20'),
(1113, 39, 13, 2, '2017-11-27 10:24:20'),
(1114, 2, 1, 2, '2017-11-27 10:25:04'),
(1115, 2, 4, 2, '2017-11-27 10:25:04'),
(1116, 2, 5, 2, '2017-11-27 10:25:04'),
(1117, 2, 12, 2, '2017-11-27 10:25:04'),
(1118, 2, 13, 2, '2017-11-27 10:25:04');

-- --------------------------------------------------------

--
-- Table structure for table `calls_analytics`
--

CREATE TABLE `calls_analytics` (
  `id` int(11) NOT NULL,
  `to_id` int(11) NOT NULL,
  `from_id` int(11) NOT NULL,
  `status` enum('0','1') NOT NULL COMMENT '0 - missed, 1 - call made',
  `created_at` datetime NOT NULL
) ENGINE=InnoDB DEFAULT CHARSET=latin1;

--
-- Dumping data for table `calls_analytics`
--

INSERT INTO `calls_analytics` (`id`, `to_id`, `from_id`, `status`, `created_at`) VALUES
(1, 4, 2, '1', '2017-11-22 10:42:07'),
(2, 8, 2, '1', '2017-11-22 10:42:07'),
(3, 8, 4, '1', '2017-11-22 10:42:07');

-- --------------------------------------------------------

--
-- Table structure for table `chat`
--

CREATE TABLE `chat` (
  `id` int(11) NOT NULL,
  `to_id` int(11) NOT NULL,
  `from_id` int(11) NOT NULL,
  `message_type` varchar(100) NOT NULL,
  `message` text NOT NULL,
  `is_read` enum('0','1') NOT NULL,
  `is_deleted` enum('0','1') NOT NULL,
  `created_at` datetime NOT NULL
) ENGINE=InnoDB DEFAULT CHARSET=latin1;

-- --------------------------------------------------------

--
-- Table structure for table `coupon`
--

CREATE TABLE `coupon` (
  `id` int(255) NOT NULL,
  `coupon_name` varchar(255) NOT NULL,
  `description` varchar(255) NOT NULL,
  `coupon_code` varchar(255) NOT NULL,
  `expiry_date` date NOT NULL,
  `max_count` int(255) NOT NULL,
  `coupon_offer` int(11) NOT NULL COMMENT 'free (1=1 month,2=2 month,3=3 month)',
  `is_deleted` int(1) NOT NULL DEFAULT '0' COMMENT '0=not deleted,1=deleted'
) ENGINE=InnoDB DEFAULT CHARSET=latin1;

--
-- Dumping data for table `coupon`
--

INSERT INTO `coupon` (`id`, `coupon_name`, `description`, `coupon_code`, `expiry_date`, `max_count`, `coupon_offer`, `is_deleted`) VALUES
(1, 'coupon', 'using this code you use this app free for 3 month', '123456', '2017-11-30', 200, 3, 0);

-- --------------------------------------------------------

--
-- Table structure for table `details_viewed_analytics`
--

CREATE TABLE `details_viewed_analytics` (
  `id` int(11) NOT NULL,
  `viewed_id` int(11) NOT NULL COMMENT 'details viewed of this id of type ...',
  `viewed_id_type` enum('dump_site','job_site','users') NOT NULL COMMENT 'viewed id type',
  `viewed_by` int(11) NOT NULL COMMENT 'Details viewed by',
  `created_at` datetime NOT NULL
) ENGINE=InnoDB DEFAULT CHARSET=latin1;

--
-- Dumping data for table `details_viewed_analytics`
--

INSERT INTO `details_viewed_analytics` (`id`, `viewed_id`, `viewed_id_type`, `viewed_by`, `created_at`) VALUES
(1, 16, 'job_site', 2, '2017-11-23 11:59:23'),
(2, 5, 'job_site', 36, '2017-11-23 12:00:01'),
(3, 6, 'job_site', 36, '2017-11-23 12:00:04'),
(4, 1, 'job_site', 36, '2017-11-23 12:06:42'),
(5, 4, 'job_site', 36, '2017-11-23 12:08:45'),
(6, 1, 'job_site', 5, '2017-11-23 12:11:20'),
(7, 4, 'job_site', 5, '2017-11-23 13:08:45'),
(8, 59, 'dump_site', 5, '2017-11-23 13:09:06'),
(9, 14, 'dump_site', 2, '2017-11-23 13:12:51'),
(10, 14, 'dump_site', 2, '2017-11-23 13:13:10'),
(11, 5, 'users', 2, '2017-11-23 13:14:14'),
(12, 5, 'users', 2, '2017-11-23 13:14:22'),
(13, 1, 'job_site', 5, '2017-11-23 13:27:58'),
(14, 4, 'job_site', 5, '2017-11-23 13:28:11'),
(15, 1, 'job_site', 5, '2017-11-23 13:28:19'),
(16, 1, 'job_site', 5, '2017-11-23 13:28:31'),
(17, 1, 'job_site', 5, '2017-11-23 13:35:41'),
(18, 59, 'dump_site', 5, '2017-11-23 13:44:49'),
(19, 1, 'job_site', 5, '2017-11-23 13:52:30'),
(20, 4, 'job_site', 5, '2017-11-23 13:52:34'),
(21, 5, 'job_site', 5, '2017-11-23 13:52:37'),
(22, 6, 'job_site', 5, '2017-11-23 13:52:40'),
(23, 6, 'job_site', 5, '2017-11-23 13:52:43'),
(24, 7, 'job_site', 5, '2017-11-23 13:52:46'),
(25, 1, 'job_site', 5, '2017-11-23 13:53:34'),
(26, 1, 'job_site', 5, '2017-11-23 13:57:11'),
(27, 59, 'dump_site', 5, '2017-11-23 13:57:35'),
(28, 57, 'dump_site', 5, '2017-11-23 13:57:43'),
(29, 56, 'dump_site', 5, '2017-11-23 13:57:47'),
(30, 55, 'dump_site', 5, '2017-11-23 13:57:50'),
(31, 54, 'dump_site', 5, '2017-11-23 13:57:53'),
(32, 53, 'dump_site', 5, '2017-11-23 13:58:06'),
(33, 52, 'dump_site', 5, '2017-11-23 13:58:12'),
(34, 56, 'dump_site', 5, '2017-11-23 13:58:35'),
(35, 3, 'dump_site', 5, '2017-11-23 14:00:41'),
(36, 3, 'dump_site', 5, '2017-11-23 14:00:46'),
(37, 3, 'dump_site', 5, '2017-11-23 14:00:54'),
(38, 1, 'job_site', 5, '2017-11-23 14:01:15'),
(39, 1, 'job_site', 5, '2017-11-23 14:01:18'),
(40, 1, 'job_site', 5, '2017-11-23 14:01:44'),
(41, 1, 'job_site', 5, '2017-11-23 14:02:41'),
(42, 1, 'job_site', 5, '2017-11-23 14:02:41'),
(43, 1, 'job_site', 5, '2017-11-23 14:07:21'),
(44, 4, 'job_site', 5, '2017-11-23 14:07:24'),
(45, 1, 'job_site', 5, '2017-11-23 14:07:27'),
(46, 1, 'job_site', 5, '2017-11-23 14:13:03'),
(47, 3, 'dump_site', 5, '2017-11-23 14:14:06'),
(48, 3, 'dump_site', 5, '2017-11-23 14:30:29'),
(49, 1, 'job_site', 5, '2017-11-23 14:32:34'),
(50, 4, 'job_site', 5, '2017-11-23 14:32:51'),
(51, 50, 'dump_site', 5, '2017-11-23 14:33:46'),
(52, 3, 'dump_site', 5, '2017-11-23 14:34:29'),
(53, 3, 'dump_site', 5, '2017-11-23 14:35:06'),
(54, 3, 'dump_site', 5, '2017-11-23 14:35:22'),
(55, 3, 'dump_site', 5, '2017-11-23 14:35:41'),
(56, 4, 'dump_site', 5, '2017-11-23 14:36:55'),
(57, 3, 'dump_site', 5, '2017-11-23 14:36:58'),
(58, 4, 'dump_site', 5, '2017-11-23 14:37:03'),
(59, 1, 'job_site', 5, '2017-11-23 14:41:46'),
(60, 1, 'job_site', 5, '2017-11-23 14:42:10'),
(61, 4, 'job_site', 5, '2017-11-23 14:42:19'),
(62, 4, 'job_site', 5, '2017-11-23 14:42:19'),
(63, 6, 'job_site', 5, '2017-11-23 14:43:34'),
(64, 1, 'job_site', 5, '2017-11-23 14:46:20'),
(65, 1, 'job_site', 5, '2017-11-23 14:46:24'),
(66, 1, 'job_site', 5, '2017-11-23 14:48:37'),
(67, 1, 'job_site', 5, '2017-11-23 14:48:40'),
(68, 5, 'users', 5, '2017-11-23 14:49:01'),
(69, 1, 'job_site', 5, '2017-11-23 14:51:49'),
(70, 1, 'job_site', 5, '2017-11-23 14:51:50'),
(71, 1, 'job_site', 36, '2017-11-23 21:48:31'),
(72, 4, 'job_site', 36, '2017-11-23 21:49:14'),
(73, 6, 'job_site', 36, '2017-11-23 21:49:27'),
(74, 15, 'job_site', 36, '2017-11-23 21:50:07'),
(75, 1, 'job_site', 36, '2017-11-23 21:50:16'),
(76, 59, 'dump_site', 36, '2017-11-24 04:09:20'),
(77, 1, 'job_site', 5, '2017-11-24 06:15:25'),
(78, 12, 'job_site', 5, '2017-11-24 06:21:15'),
(79, 1, 'job_site', 5, '2017-11-24 06:21:32'),
(80, 1, 'job_site', 5, '2017-11-24 06:39:34'),
(81, 1, 'job_site', 5, '2017-11-24 06:39:34'),
(82, 1, 'job_site', 2, '2017-11-24 06:45:15'),
(83, 4, 'job_site', 2, '2017-11-24 06:45:44'),
(84, 4, 'dump_site', 2, '2017-11-24 06:46:32'),
(85, 4, 'dump_site', 2, '2017-11-24 06:47:11'),
(86, 6, 'dump_site', 2, '2017-11-24 06:47:22'),
(87, 1, 'job_site', 2, '2017-11-24 06:52:38'),
(88, 1, 'job_site', 2, '2017-11-24 07:02:30'),
(89, 6, 'dump_site', 2, '2017-11-24 07:02:54'),
(90, 4, 'dump_site', 2, '2017-11-24 07:03:04'),
(91, 4, 'dump_site', 2, '2017-11-24 07:03:08'),
(92, 36, 'users', 36, '2017-11-24 07:14:55'),
(93, 36, 'users', 36, '2017-11-24 07:15:36'),
(94, 36, 'users', 36, '2017-11-24 07:20:08'),
(95, 3, 'dump_site', 2, '2017-11-24 07:20:37'),
(96, 32, 'dump_site', 36, '2017-11-24 07:23:29'),
(97, 32, 'dump_site', 36, '2017-11-24 07:24:12'),
(98, 34, 'dump_site', 36, '2017-11-24 07:24:22'),
(99, 37, 'dump_site', 36, '2017-11-24 07:24:27'),
(100, 1, 'job_site', 2, '2017-11-24 07:28:29'),
(101, 2, 'dump_site', 2, '2017-11-24 07:28:46'),
(102, 3, 'dump_site', 2, '2017-11-24 07:31:22'),
(103, 2, 'dump_site', 2, '2017-11-24 07:32:40'),
(104, 5, 'dump_site', 2, '2017-11-24 07:32:56'),
(105, 5, 'dump_site', 2, '2017-11-24 07:33:22'),
(106, 1, 'job_site', 2, '2017-11-24 07:40:38'),
(107, 1, 'job_site', 2, '2017-11-24 07:42:33'),
(108, 1, 'job_site', 5, '2017-11-24 07:43:13'),
(109, 7, 'job_site', 5, '2017-11-24 07:44:20'),
(110, 5, 'job_site', 5, '2017-11-24 07:44:29'),
(111, 4, 'job_site', 5, '2017-11-24 07:44:56'),
(112, 1, 'job_site', 5, '2017-11-24 07:45:04'),
(113, 1, 'job_site', 2, '2017-11-24 07:52:53'),
(114, 2, 'dump_site', 2, '2017-11-24 07:52:58'),
(115, 1, 'job_site', 2, '2017-11-24 08:02:27'),
(116, 2, 'dump_site', 2, '2017-11-24 08:38:23'),
(117, 4, 'dump_site', 2, '2017-11-24 08:59:13'),
(118, 4, 'dump_site', 2, '2017-11-24 08:59:40'),
(119, 14, 'dump_site', 2, '2017-11-24 08:59:49'),
(120, 32, 'dump_site', 2, '2017-11-24 08:59:52'),
(121, 3, 'dump_site', 2, '2017-11-24 08:59:56'),
(122, 16, 'job_site', 2, '2017-11-24 09:02:54'),
(123, 1, 'dump_site', 40, '2017-11-24 09:06:05'),
(124, 1, 'job_site', 40, '2017-11-24 09:06:08'),
(125, 1, 'dump_site', 40, '2017-11-24 09:06:11'),
(126, 1, 'job_site', 40, '2017-11-24 09:06:14'),
(127, 1, 'job_site', 5, '2017-11-24 09:10:11'),
(128, 1, 'job_site', 40, '2017-11-24 09:13:11'),
(129, 1, 'job_site', 40, '2017-11-24 09:13:11'),
(130, 1, 'job_site', 36, '2017-11-24 09:15:06'),
(131, 1, 'job_site', 36, '2017-11-24 09:16:05'),
(132, 0, 'users', 36, '2017-11-24 09:18:17'),
(133, 21, 'users', 36, '2017-11-24 09:18:26'),
(134, 4, 'job_site', 36, '2017-11-24 09:19:22'),
(135, 0, 'users', 36, '2017-11-24 09:19:36'),
(136, 4, 'dump_site', 36, '2017-11-24 09:19:48'),
(137, 4, 'dump_site', 36, '2017-11-24 09:19:59'),
(138, 3, 'dump_site', 36, '2017-11-24 09:20:08'),
(139, 48, 'dump_site', 36, '2017-11-24 09:20:36'),
(140, 10, 'dump_site', 36, '2017-11-24 09:20:54'),
(141, 6, 'dump_site', 36, '2017-11-24 09:21:10'),
(142, 4, 'dump_site', 36, '2017-11-24 09:22:52'),
(143, 4, 'dump_site', 36, '2017-11-24 09:23:00'),
(144, 1, 'job_site', 2, '2017-11-24 09:27:25'),
(145, 1, 'job_site', 2, '2017-11-24 09:27:39'),
(146, 1, 'job_site', 2, '2017-11-24 09:34:07'),
(147, 4, 'dump_site', 36, '2017-11-24 09:35:20'),
(148, 4, 'dump_site', 36, '2017-11-24 09:35:57'),
(149, 3, 'dump_site', 36, '2017-11-24 09:36:25'),
(150, 3, 'dump_site', 36, '2017-11-24 09:36:29'),
(151, 3, 'dump_site', 36, '2017-11-24 09:36:48'),
(152, 1, 'job_site', 2, '2017-11-24 09:38:02'),
(153, 1, 'job_site', 2, '2017-11-24 09:42:21'),
(154, 3, 'dump_site', 36, '2017-11-24 09:42:23'),
(155, 4, 'dump_site', 36, '2017-11-24 09:42:40'),
(156, 4, 'dump_site', 36, '2017-11-24 09:42:43'),
(157, 4, 'dump_site', 36, '2017-11-24 09:42:46'),
(158, 4, 'dump_site', 36, '2017-11-24 09:42:53'),
(159, 1, 'job_site', 2, '2017-11-24 09:45:10'),
(160, 0, 'users', 2, '2017-11-24 09:45:18'),
(161, 1, 'job_site', 36, '2017-11-24 09:45:26'),
(162, 1, 'job_site', 36, '2017-11-24 09:45:27'),
(163, 36, 'users', 2, '2017-11-24 09:45:30'),
(164, 4, 'job_site', 36, '2017-11-24 09:45:48'),
(165, 4, 'job_site', 36, '2017-11-24 09:45:49'),
(166, 36, 'users', 2, '2017-11-24 09:45:56'),
(167, 0, 'users', 2, '2017-11-24 09:46:28'),
(168, 1, 'job_site', 36, '2017-11-24 09:57:09'),
(169, 12, 'job_site', 40, '2017-11-24 10:03:18'),
(170, 12, 'job_site', 39, '2017-11-24 10:03:27'),
(171, 12, 'job_site', 39, '2017-11-24 10:03:52'),
(172, 22, 'job_site', 39, '2017-11-24 10:04:04'),
(173, 33, 'users', 2, '2017-11-24 10:04:16'),
(174, 22, 'job_site', 39, '2017-11-24 10:04:28'),
(175, 30, 'users', 2, '2017-11-24 10:04:47'),
(176, 30, 'users', 2, '2017-11-24 10:05:57'),
(177, 23, 'users', 2, '2017-11-24 10:06:09'),
(178, 33, 'users', 2, '2017-11-24 10:06:16'),
(179, 33, 'users', 2, '2017-11-24 10:06:24'),
(180, 1, 'job_site', 2, '2017-11-24 10:06:32'),
(181, 87, 'users', 2, '2017-11-24 10:06:38'),
(182, 22, 'job_site', 39, '2017-11-24 10:08:40'),
(183, 1, 'job_site', 2, '2017-11-24 10:09:32'),
(184, 74, 'users', 2, '2017-11-24 10:09:42'),
(185, 22, 'job_site', 39, '2017-11-24 10:10:16'),
(186, 1, 'job_site', 2, '2017-11-24 10:10:21'),
(187, 74, 'users', 2, '2017-11-24 10:10:28'),
(188, 22, 'job_site', 39, '2017-11-24 10:10:36'),
(189, 1, 'job_site', 2, '2017-11-24 10:11:31'),
(190, 0, 'users', 2, '2017-11-24 10:11:39'),
(191, 23, 'job_site', 39, '2017-11-24 10:11:50'),
(192, 22, 'job_site', 39, '2017-11-24 10:11:56'),
(193, 0, 'users', 2, '2017-11-24 10:12:41'),
(194, 1, 'job_site', 2, '2017-11-24 10:14:20'),
(195, 36, 'users', 2, '2017-11-24 10:14:26'),
(196, 1, 'job_site', 2, '2017-11-24 10:15:06'),
(197, 36, 'users', 2, '2017-11-24 10:15:09'),
(198, 25, 'users', 2, '2017-11-24 10:15:18'),
(199, 1, 'job_site', 2, '2017-11-24 10:15:43'),
(200, 22, 'job_site', 39, '2017-11-24 10:15:51'),
(201, 22, 'job_site', 39, '2017-11-24 10:16:41'),
(202, 22, 'job_site', 39, '2017-11-24 10:16:49'),
(203, 22, 'job_site', 39, '2017-11-24 10:16:55'),
(204, 22, 'job_site', 39, '2017-11-24 10:17:35'),
(205, 22, 'job_site', 39, '2017-11-24 10:20:25'),
(206, 22, 'job_site', 39, '2017-11-24 10:21:08'),
(207, 22, 'job_site', 39, '2017-11-24 10:21:32'),
(208, 22, 'job_site', 39, '2017-11-24 10:24:37'),
(209, 22, 'job_site', 39, '2017-11-24 10:26:49'),
(210, 22, 'job_site', 39, '2017-11-24 10:32:40'),
(211, 16, 'job_site', 2, '2017-11-24 10:38:45'),
(212, 1, 'job_site', 2, '2017-11-24 10:39:10'),
(213, 16, 'job_site', 2, '2017-11-24 10:39:32'),
(214, 22, 'job_site', 39, '2017-11-24 10:41:56'),
(215, 22, 'job_site', 39, '2017-11-24 10:44:57'),
(216, 22, 'job_site', 39, '2017-11-24 10:46:15'),
(217, 22, 'job_site', 39, '2017-11-24 10:49:04'),
(218, 23, 'job_site', 39, '2017-11-24 10:49:09'),
(219, 24, 'job_site', 39, '2017-11-24 10:49:38'),
(220, 24, 'job_site', 39, '2017-11-24 10:52:34'),
(221, 24, 'job_site', 39, '2017-11-24 10:53:50'),
(222, 24, 'job_site', 39, '2017-11-24 10:54:29'),
(223, 24, 'job_site', 39, '2017-11-24 10:56:01'),
(224, 24, 'job_site', 39, '2017-11-24 10:58:33'),
(225, 24, 'job_site', 39, '2017-11-24 10:59:39'),
(226, 1, 'job_site', 2, '2017-11-24 11:00:15'),
(227, 1, 'job_site', 2, '2017-11-24 11:00:17'),
(228, 1, 'job_site', 2, '2017-11-24 11:00:44'),
(229, 1, 'job_site', 2, '2017-11-24 11:00:46'),
(230, 4, 'job_site', 2, '2017-11-24 11:01:13'),
(231, 4, 'job_site', 2, '2017-11-24 11:01:15'),
(232, 1, 'job_site', 2, '2017-11-24 11:01:48'),
(233, 1, 'job_site', 2, '2017-11-24 11:01:49'),
(234, 24, 'job_site', 39, '2017-11-24 11:06:44'),
(235, 22, 'job_site', 39, '2017-11-24 11:10:01'),
(236, 22, 'job_site', 39, '2017-11-24 11:10:15'),
(237, 4, 'dump_site', 39, '2017-11-24 11:10:23'),
(238, 4, 'dump_site', 39, '2017-11-24 11:10:39'),
(239, 20, 'users', 39, '2017-11-24 11:10:51'),
(240, 20, 'users', 39, '2017-11-24 11:11:18'),
(241, 33, 'users', 39, '2017-11-24 11:12:52'),
(242, 20, 'users', 39, '2017-11-24 11:13:00'),
(243, 23, 'users', 39, '2017-11-24 11:14:09'),
(244, 23, 'users', 39, '2017-11-24 11:15:55'),
(245, 1, 'job_site', 39, '2017-11-24 11:18:57'),
(246, 1, 'job_site', 2, '2017-11-24 11:19:12'),
(247, 1, 'job_site', 2, '2017-11-24 11:25:36'),
(248, 1, 'job_site', 2, '2017-11-24 11:25:38'),
(249, 1, 'job_site', 2, '2017-11-24 11:27:06'),
(250, 1, 'job_site', 2, '2017-11-24 11:27:08'),
(251, 1, 'job_site', 2, '2017-11-24 11:27:39'),
(252, 1, 'job_site', 2, '2017-11-24 11:27:53'),
(253, 1, 'job_site', 2, '2017-11-24 11:28:49'),
(254, 1, 'job_site', 2, '2017-11-24 11:29:12'),
(255, 1, 'job_site', 2, '2017-11-24 11:29:14'),
(256, 1, 'job_site', 2, '2017-11-24 11:29:32'),
(257, 1, 'job_site', 2, '2017-11-24 11:31:34'),
(258, 1, 'job_site', 2, '2017-11-24 11:31:37'),
(259, 1, 'job_site', 2, '2017-11-24 11:34:19'),
(260, 36, 'users', 36, '2017-11-24 11:37:12'),
(261, 36, 'users', 36, '2017-11-24 12:01:01'),
(262, 36, 'users', 36, '2017-11-24 12:03:31'),
(263, 36, 'users', 36, '2017-11-24 12:05:05'),
(264, 36, 'users', 36, '2017-11-24 12:05:45'),
(265, 36, 'users', 36, '2017-11-24 12:07:30'),
(266, 36, 'users', 36, '2017-11-24 12:09:37'),
(267, 36, 'users', 36, '2017-11-24 12:13:31'),
(268, 36, 'users', 36, '2017-11-24 12:17:31'),
(269, 36, 'users', 36, '2017-11-24 12:19:35'),
(270, 36, 'users', 36, '2017-11-24 12:20:19'),
(271, 36, 'users', 36, '2017-11-24 12:21:20'),
(272, 36, 'users', 36, '2017-11-24 12:22:35'),
(273, 36, 'users', 36, '2017-11-24 12:24:05'),
(274, 36, 'users', 36, '2017-11-24 12:25:04'),
(275, 36, 'users', 36, '2017-11-24 12:26:25'),
(276, 36, 'users', 36, '2017-11-24 12:29:38'),
(277, 36, 'users', 36, '2017-11-24 12:36:12'),
(278, 36, 'users', 36, '2017-11-24 12:37:52'),
(279, 36, 'users', 36, '2017-11-24 12:41:27'),
(280, 36, 'users', 36, '2017-11-24 12:42:02'),
(281, 36, 'users', 36, '2017-11-24 12:52:17'),
(282, 9, 'dump_site', 36, '2017-11-24 12:54:57'),
(283, 36, 'users', 36, '2017-11-24 12:55:19'),
(284, 6, 'dump_site', 2, '2017-11-24 12:57:23'),
(285, 36, 'users', 36, '2017-11-24 13:03:25'),
(286, 36, 'users', 36, '2017-11-24 13:08:32'),
(287, 36, 'users', 36, '2017-11-24 13:09:46'),
(288, 36, 'users', 36, '2017-11-24 13:15:13'),
(289, 36, 'users', 36, '2017-11-24 13:16:10'),
(290, 36, 'users', 36, '2017-11-24 13:19:16'),
(291, 36, 'users', 36, '2017-11-24 13:19:30'),
(292, 1, 'job_site', 2, '2017-11-24 13:45:29'),
(293, 36, 'users', 36, '2017-11-24 13:48:05'),
(294, 4, 'job_site', 36, '2017-11-24 13:48:32'),
(295, 1, 'job_site', 36, '2017-11-24 13:51:53'),
(296, 3, 'dump_site', 36, '2017-11-24 13:53:04'),
(297, 3, 'dump_site', 36, '2017-11-24 14:05:49'),
(298, 36, 'users', 36, '2017-11-24 14:20:31'),
(299, 20, 'users', 2, '2017-11-24 14:26:57'),
(300, 3, 'dump_site', 39, '2017-11-24 14:30:16'),
(301, 1, 'job_site', 2, '2017-11-24 14:33:47'),
(302, 1, 'job_site', 2, '2017-11-24 14:35:23'),
(303, 5, 'job_site', 2, '2017-11-24 14:35:28'),
(304, 61, 'dump_site', 39, '2017-11-24 14:35:32'),
(305, 4, 'job_site', 2, '2017-11-24 14:35:34'),
(306, 4, 'job_site', 2, '2017-11-24 14:35:39'),
(307, 5, 'job_site', 2, '2017-11-24 14:35:42'),
(308, 5, 'job_site', 2, '2017-11-24 14:35:46'),
(309, 5, 'job_site', 2, '2017-11-24 14:35:50'),
(310, 61, 'dump_site', 39, '2017-11-24 14:35:53'),
(311, 5, 'job_site', 2, '2017-11-24 14:35:56'),
(312, 9, 'job_site', 2, '2017-11-24 14:36:00'),
(313, 9, 'job_site', 2, '2017-11-24 14:36:06'),
(314, 1, 'job_site', 2, '2017-11-24 14:36:10'),
(315, 61, 'dump_site', 39, '2017-11-24 14:36:30'),
(316, 1, 'job_site', 2, '2017-11-24 14:36:30'),
(317, 61, 'dump_site', 39, '2017-11-24 14:36:47'),
(318, 1, 'job_site', 2, '2017-11-24 14:37:04'),
(319, 4, 'job_site', 2, '2017-11-24 14:37:14'),
(320, 4, 'job_site', 2, '2017-11-24 14:37:58'),
(321, 1, 'job_site', 2, '2017-11-24 14:38:24'),
(322, 61, 'dump_site', 39, '2017-11-24 14:39:41'),
(323, 61, 'dump_site', 39, '2017-11-24 14:42:28'),
(324, 61, 'dump_site', 39, '2017-11-24 14:42:33'),
(325, 61, 'dump_site', 39, '2017-11-24 14:42:51'),
(326, 4, 'dump_site', 39, '2017-11-24 14:43:30'),
(327, 4, 'dump_site', 39, '2017-11-24 14:44:57'),
(328, 60, 'dump_site', 39, '2017-11-24 14:45:17'),
(329, 61, 'dump_site', 39, '2017-11-24 14:45:25'),
(330, 61, 'dump_site', 39, '2017-11-24 14:50:24'),
(331, 60, 'dump_site', 39, '2017-11-24 14:51:12'),
(332, 60, 'dump_site', 39, '2017-11-24 14:51:15'),
(333, 61, 'dump_site', 39, '2017-11-24 14:52:02'),
(334, 61, 'dump_site', 39, '2017-11-24 14:52:07'),
(335, 61, 'dump_site', 39, '2017-11-24 14:52:46'),
(336, 1, 'job_site', 2, '2017-11-24 15:07:49'),
(337, 22, 'job_site', 39, '2017-11-24 15:08:06'),
(338, 22, 'job_site', 39, '2017-11-24 15:08:09'),
(339, 60, 'dump_site', 39, '2017-11-24 15:08:14'),
(340, 60, 'dump_site', 39, '2017-11-24 15:08:16'),
(341, 60, 'dump_site', 39, '2017-11-24 15:08:57'),
(342, 1, 'job_site', 2, '2017-11-24 15:12:07'),
(343, 1, 'job_site', 2, '2017-11-24 15:13:21'),
(344, 1, 'job_site', 2, '2017-11-24 15:14:55'),
(345, 1, 'job_site', 2, '2017-11-24 15:34:48'),
(346, 1, 'job_site', 2, '2017-11-24 15:34:55'),
(347, 3, 'dump_site', 22, '2017-11-25 14:14:31'),
(348, 3, 'dump_site', 22, '2017-11-25 14:14:47'),
(349, 3, 'dump_site', 22, '2017-11-25 14:15:24'),
(350, 3, 'dump_site', 22, '2017-11-25 14:15:38'),
(351, 3, 'dump_site', 22, '2017-11-25 14:16:04'),
(352, 4, 'job_site', 2, '2017-11-26 19:28:54'),
(353, 3, 'dump_site', 36, '2017-11-27 04:47:22'),
(354, 1, 'job_site', 2, '2017-11-27 05:18:01'),
(355, 4, 'job_site', 2, '2017-11-27 05:18:09'),
(356, 1, 'job_site', 2, '2017-11-27 05:38:33'),
(357, 1, 'job_site', 2, '2017-11-27 05:39:35'),
(358, 1, 'job_site', 2, '2017-11-27 06:26:56'),
(359, 1, 'job_site', 2, '2017-11-27 06:27:35'),
(360, 1, 'job_site', 2, '2017-11-27 06:41:29'),
(361, 1, 'job_site', 2, '2017-11-27 06:45:56'),
(362, 1, 'job_site', 2, '2017-11-27 06:47:47'),
(363, 1, 'job_site', 2, '2017-11-27 06:48:24'),
(364, 1, 'job_site', 2, '2017-11-27 06:48:57'),
(365, 1, 'job_site', 2, '2017-11-27 06:49:56'),
(366, 5, 'users', 5, '2017-11-27 06:52:46'),
(367, 5, 'users', 5, '2017-11-27 06:52:48'),
(368, 5, 'users', 5, '2017-11-27 06:53:22'),
(369, 1, 'job_site', 2, '2017-11-27 06:53:28'),
(370, 5, 'users', 5, '2017-11-27 06:53:28'),
(371, 1, 'job_site', 2, '2017-11-27 06:55:56'),
(372, 5, 'users', 5, '2017-11-27 06:56:50'),
(373, 1, 'job_site', 2, '2017-11-27 06:57:30'),
(374, 1, 'job_site', 2, '2017-11-27 06:58:02'),
(375, 11, 'job_site', 5, '2017-11-27 06:59:46'),
(376, 1, 'job_site', 2, '2017-11-27 07:00:02'),
(377, 1, 'job_site', 2, '2017-11-27 07:00:17'),
(378, 1, 'job_site', 2, '2017-11-27 07:00:26'),
(379, 19, 'job_site', 5, '2017-11-27 07:01:52'),
(380, 13, 'job_site', 5, '2017-11-27 07:01:57'),
(381, 1, 'job_site', 5, '2017-11-27 07:02:06'),
(382, 1, 'job_site', 2, '2017-11-27 07:07:03'),
(383, 1, 'job_site', 2, '2017-11-27 07:08:32'),
(384, 1, 'job_site', 5, '2017-11-27 07:09:51'),
(385, 1, 'job_site', 5, '2017-11-27 07:09:52'),
(386, 1, 'job_site', 5, '2017-11-27 07:12:39'),
(387, 1, 'job_site', 2, '2017-11-27 07:13:23'),
(388, 1, 'job_site', 2, '2017-11-27 07:16:01'),
(389, 1, 'job_site', 36, '2017-11-27 07:17:36'),
(390, 1, 'job_site', 2, '2017-11-27 07:28:08'),
(391, 1, 'job_site', 5, '2017-11-27 07:29:37'),
(392, 1, 'job_site', 5, '2017-11-27 07:30:35'),
(393, 1, 'job_site', 5, '2017-11-27 07:30:52'),
(394, 1, 'job_site', 5, '2017-11-27 07:35:38'),
(395, 1, 'job_site', 2, '2017-11-27 07:36:45'),
(396, 1, 'job_site', 2, '2017-11-27 07:39:03'),
(397, 1, 'job_site', 5, '2017-11-27 07:39:25'),
(398, 1, 'job_site', 2, '2017-11-27 07:41:08'),
(399, 1, 'job_site', 5, '2017-11-27 07:42:52'),
(400, 1, 'job_site', 2, '2017-11-27 07:44:04'),
(401, 1, 'job_site', 5, '2017-11-27 07:44:19'),
(402, 1, 'job_site', 5, '2017-11-27 07:45:13'),
(403, 1, 'job_site', 5, '2017-11-27 07:46:05'),
(404, 1, 'job_site', 5, '2017-11-27 07:46:07'),
(405, 1, 'job_site', 2, '2017-11-27 07:46:44'),
(406, 25, 'users', 5, '2017-11-27 07:47:41'),
(407, 1, 'job_site', 5, '2017-11-27 07:48:28'),
(408, 11, 'dump_site', 5, '2017-11-27 07:50:05'),
(409, 13, 'job_site', 5, '2017-11-27 07:52:44'),
(410, 1, 'job_site', 5, '2017-11-27 08:10:30'),
(411, 29, 'users', 5, '2017-11-27 08:10:42'),
(412, 25, 'users', 5, '2017-11-27 08:10:47'),
(413, 1, 'job_site', 5, '2017-11-27 08:10:58'),
(414, 25, 'users', 5, '2017-11-27 08:11:41'),
(415, 25, 'users', 5, '2017-11-27 08:12:12'),
(416, 1, 'job_site', 5, '2017-11-27 08:12:15'),
(417, 5, 'users', 5, '2017-11-27 08:40:22'),
(418, 5, 'users', 5, '2017-11-27 08:40:50'),
(419, 5, 'users', 5, '2017-11-27 08:49:10'),
(420, 5, 'users', 5, '2017-11-27 08:49:48'),
(421, 1, 'job_site', 5, '2017-11-27 09:05:29'),
(422, 18, 'job_site', 5, '2017-11-27 09:05:55'),
(423, 19, 'job_site', 5, '2017-11-27 09:06:52'),
(424, 12, 'job_site', 5, '2017-11-27 09:09:23'),
(425, 14, 'job_site', 5, '2017-11-27 09:09:26'),
(426, 12, 'job_site', 5, '2017-11-27 09:09:32'),
(427, 4, 'job_site', 5, '2017-11-27 09:09:36'),
(428, 1, 'job_site', 5, '2017-11-27 09:10:09'),
(429, 11, 'job_site', 5, '2017-11-27 09:12:26'),
(430, 5, 'users', 5, '2017-11-27 09:13:48'),
(431, 5, 'users', 5, '2017-11-27 09:14:49'),
(432, 1, 'job_site', 5, '2017-11-27 09:15:08'),
(433, 4, 'job_site', 5, '2017-11-27 09:16:00'),
(434, 4, 'job_site', 5, '2017-11-27 09:16:07'),
(435, 5, 'job_site', 5, '2017-11-27 09:16:26'),
(436, 18, 'job_site', 5, '2017-11-27 09:17:15'),
(437, 5, 'users', 5, '2017-11-27 09:19:04'),
(438, 1, 'job_site', 36, '2017-11-27 09:20:10'),
(439, 6, 'dump_site', 5, '2017-11-27 09:22:44'),
(440, 7, 'dump_site', 5, '2017-11-27 09:22:56'),
(441, 4, 'job_site', 2, '2017-11-27 09:25:00'),
(442, 4, 'job_site', 2, '2017-11-27 09:25:02'),
(443, 4, 'job_site', 2, '2017-11-27 09:26:55'),
(444, 4, 'job_site', 2, '2017-11-27 09:27:27'),
(445, 4, 'job_site', 2, '2017-11-27 09:27:31'),
(446, 4, 'job_site', 2, '2017-11-27 09:27:48'),
(447, 4, 'job_site', 2, '2017-11-27 09:27:51'),
(448, 4, 'job_site', 2, '2017-11-27 09:28:02'),
(449, 4, 'job_site', 2, '2017-11-27 09:28:07'),
(450, 4, 'job_site', 2, '2017-11-27 09:28:08'),
(451, 4, 'job_site', 2, '2017-11-27 09:28:28'),
(452, 4, 'job_site', 2, '2017-11-27 09:28:32'),
(453, 4, 'job_site', 2, '2017-11-27 09:28:36'),
(454, 4, 'job_site', 2, '2017-11-27 09:28:39'),
(455, 4, 'job_site', 2, '2017-11-27 09:28:44'),
(456, 4, 'job_site', 2, '2017-11-27 09:30:01'),
(457, 3, 'dump_site', 36, '2017-11-27 09:30:20'),
(458, 4, 'job_site', 2, '2017-11-27 09:31:03'),
(459, 7, 'dump_site', 5, '2017-11-27 09:31:14'),
(460, 7, 'dump_site', 5, '2017-11-27 09:31:18'),
(461, 7, 'job_site', 2, '2017-11-27 09:33:04'),
(462, 7, 'job_site', 2, '2017-11-27 09:33:04'),
(463, 15, 'job_site', 2, '2017-11-27 09:33:17'),
(464, 15, 'job_site', 2, '2017-11-27 09:33:17'),
(465, 15, 'job_site', 2, '2017-11-27 09:33:37'),
(466, 15, 'job_site', 2, '2017-11-27 09:35:47'),
(467, 15, 'job_site', 2, '2017-11-27 09:35:58'),
(468, 15, 'job_site', 2, '2017-11-27 09:36:44'),
(469, 15, 'job_site', 2, '2017-11-27 09:37:32'),
(470, 15, 'job_site', 2, '2017-11-27 09:37:40'),
(471, 15, 'job_site', 2, '2017-11-27 09:37:42'),
(472, 15, 'job_site', 2, '2017-11-27 09:37:46'),
(473, 15, 'job_site', 2, '2017-11-27 09:38:06'),
(474, 15, 'job_site', 2, '2017-11-27 09:38:09'),
(475, 16, 'job_site', 2, '2017-11-27 09:38:32'),
(476, 16, 'job_site', 2, '2017-11-27 09:38:32'),
(477, 16, 'job_site', 2, '2017-11-27 09:38:42'),
(478, 16, 'job_site', 2, '2017-11-27 09:38:53'),
(479, 16, 'job_site', 2, '2017-11-27 09:38:55'),
(480, 16, 'job_site', 2, '2017-11-27 09:39:23'),
(481, 16, 'job_site', 2, '2017-11-27 09:40:14'),
(482, 1, 'job_site', 36, '2017-11-27 09:42:52'),
(483, 1, 'job_site', 36, '2017-11-27 09:47:58'),
(484, 60, 'dump_site', 39, '2017-11-27 09:49:46'),
(485, 1, 'job_site', 36, '2017-11-27 09:49:52'),
(486, 22, 'job_site', 39, '2017-11-27 09:49:52'),
(487, 23, 'job_site', 39, '2017-11-27 09:49:59'),
(488, 23, 'job_site', 39, '2017-11-27 09:50:34'),
(489, 24, 'job_site', 39, '2017-11-27 09:51:10'),
(490, 23, 'job_site', 39, '2017-11-27 09:52:43'),
(491, 24, 'job_site', 39, '2017-11-27 09:52:51'),
(492, 24, 'job_site', 39, '2017-11-27 09:52:59'),
(493, 24, 'job_site', 39, '2017-11-27 09:53:36'),
(494, 5, 'users', 5, '2017-11-27 09:53:40'),
(495, 1, 'job_site', 36, '2017-11-27 09:57:15'),
(496, 12, 'job_site', 39, '2017-11-27 10:03:44'),
(497, 14, 'job_site', 39, '2017-11-27 10:03:47'),
(498, 4, 'job_site', 36, '2017-11-27 10:03:57'),
(499, 1, 'job_site', 36, '2017-11-27 10:05:17'),
(500, 5, 'job_site', 36, '2017-11-27 10:06:30'),
(501, 20, 'users', 39, '2017-11-27 10:08:35'),
(502, 1, 'job_site', 39, '2017-11-27 10:09:28'),
(503, 22, 'job_site', 39, '2017-11-27 10:10:10'),
(504, 22, 'job_site', 39, '2017-11-27 10:10:15'),
(505, 16, 'job_site', 36, '2017-11-27 10:10:16'),
(506, 6, 'dump_site', 2, '2017-11-27 10:12:02'),
(507, 61, 'dump_site', 39, '2017-11-27 10:14:35'),
(508, 61, 'dump_site', 39, '2017-11-27 10:14:41'),
(509, 60, 'dump_site', 39, '2017-11-27 10:14:49'),
(510, 61, 'dump_site', 39, '2017-11-27 10:14:55'),
(511, 60, 'dump_site', 39, '2017-11-27 10:14:57'),
(512, 60, 'dump_site', 39, '2017-11-27 10:15:00'),
(513, 60, 'dump_site', 39, '2017-11-27 10:15:31'),
(514, 60, 'dump_site', 39, '2017-11-27 10:15:32'),
(515, 61, 'dump_site', 39, '2017-11-27 10:15:44'),
(516, 61, 'dump_site', 39, '2017-11-27 10:15:46'),
(517, 1, 'job_site', 39, '2017-11-27 10:16:20'),
(518, 1, 'job_site', 39, '2017-11-27 10:16:21'),
(519, 1, 'job_site', 39, '2017-11-27 10:16:33'),
(520, 21, 'users', 39, '2017-11-27 10:16:36'),
(521, 1, 'job_site', 39, '2017-11-27 10:17:03'),
(522, 1, 'job_site', 39, '2017-11-27 10:17:17'),
(523, 1, 'job_site', 39, '2017-11-27 10:17:17'),
(524, 1, 'job_site', 39, '2017-11-27 10:17:32'),
(525, 1, 'job_site', 39, '2017-11-27 10:17:35'),
(526, 1, 'job_site', 39, '2017-11-27 10:17:36'),
(527, 1, 'job_site', 39, '2017-11-27 10:18:04'),
(528, 1, 'job_site', 39, '2017-11-27 10:18:04'),
(529, 1, 'job_site', 39, '2017-11-27 10:18:45'),
(530, 1, 'job_site', 39, '2017-11-27 10:18:46'),
(531, 1, 'job_site', 39, '2017-11-27 10:19:01'),
(532, 4, 'job_site', 39, '2017-11-27 10:19:32'),
(533, 22, 'job_site', 39, '2017-11-27 10:19:39'),
(534, 1, 'job_site', 39, '2017-11-27 10:19:49'),
(535, 22, 'job_site', 39, '2017-11-27 10:19:51'),
(536, 22, 'job_site', 39, '2017-11-27 10:20:07'),
(537, 1, 'job_site', 39, '2017-11-27 10:20:11'),
(538, 1, 'job_site', 2, '2017-11-27 10:24:00'),
(539, 61, 'dump_site', 2, '2017-11-27 10:24:10'),
(540, 1, 'job_site', 2, '2017-11-27 10:25:05'),
(541, 1, 'job_site', 2, '2017-11-27 10:35:01'),
(542, 1, 'job_site', 2, '2017-11-27 10:37:55'),
(543, 22, 'job_site', 39, '2017-11-27 10:39:32'),
(544, 60, 'dump_site', 39, '2017-11-27 10:41:10'),
(545, 60, 'dump_site', 39, '2017-11-27 10:44:34'),
(546, 22, 'job_site', 39, '2017-11-27 10:54:15'),
(547, 22, 'job_site', 39, '2017-11-27 10:54:16'),
(548, 22, 'job_site', 39, '2017-11-27 10:55:01'),
(549, 22, 'job_site', 39, '2017-11-27 10:56:13'),
(550, 22, 'job_site', 39, '2017-11-27 10:56:16'),
(551, 2, 'users', 2, '2017-11-27 10:59:01'),
(552, 22, 'job_site', 39, '2017-11-27 11:01:07'),
(553, 23, 'job_site', 39, '2017-11-27 11:02:03'),
(554, 23, 'job_site', 39, '2017-11-27 11:02:05'),
(555, 23, 'job_site', 39, '2017-11-27 11:02:08'),
(556, 22, 'job_site', 39, '2017-11-27 11:02:13'),
(557, 22, 'job_site', 39, '2017-11-27 11:02:14'),
(558, 60, 'dump_site', 39, '2017-11-27 11:02:20');

-- --------------------------------------------------------

--
-- Table structure for table `devices`
--

CREATE TABLE `devices` (
  `id` int(11) NOT NULL,
  `uid` int(11) NOT NULL,
  `token` varchar(255) COLLATE utf8_unicode_ci NOT NULL,
  `regenerate_token` varchar(255) COLLATE utf8_unicode_ci NOT NULL,
  `token_creation_time` datetime NOT NULL DEFAULT '0000-00-00 00:00:00',
  `token_expire_time` datetime NOT NULL
) ENGINE=InnoDB DEFAULT CHARSET=utf8 COLLATE=utf8_unicode_ci;

--
-- Dumping data for table `devices`
--

INSERT INTO `devices` (`id`, `uid`, `token`, `regenerate_token`, `token_creation_time`, `token_expire_time`) VALUES
(1, 1, '26621509965359', '89281509965359', '2017-11-06 10:49:19', '2017-11-06 11:04:19'),
(2, 2, '30311509965879', '48491509965879', '2017-11-06 10:57:59', '2017-11-06 11:12:59'),
(3, 2, '18861509974416', '78011509974416', '2017-11-06 13:20:16', '2017-11-06 14:20:16'),
(4, 2, '55671509974537', '34901509974537', '2017-11-06 13:22:17', '2017-11-06 14:22:17'),
(5, 2, '12381509974551', '79191509974551', '2017-11-06 13:22:31', '2017-11-06 14:22:31'),
(6, 2, '79421509974579', '11681509974579', '2017-11-06 13:22:59', '2017-11-06 14:22:59'),
(10, 4, '59151510041905', '14661510041905', '2017-11-07 08:05:05', '2017-11-07 09:05:05'),
(13, 5, '61461510047727', '25281510047727', '2017-11-07 09:42:07', '2017-11-07 10:42:07'),
(15, 6, '88261510050158', '28831510050158', '2017-11-07 10:22:38', '2017-11-07 10:37:38'),
(17, 7, '50911510050859', '52081510050859', '2017-11-07 10:34:19', '2017-11-07 10:49:19'),
(18, 7, '67091510050897', '23341510050897', '2017-11-07 10:34:57', '2017-11-07 11:34:57'),
(20, 9, '33401510051509', '41001510051509', '2017-11-07 10:45:09', '2017-11-07 11:00:09'),
(21, 10, '59961510052140', '90921510052140', '2017-11-07 10:55:40', '2017-11-07 11:10:40'),
(24, 5, '26891510052921', '50761510052921', '2017-11-07 11:08:41', '2017-11-07 12:08:41'),
(28, 11, '86671510057787', '82121510057787', '2017-11-07 12:29:47', '2017-11-07 12:44:47'),
(32, 2, '40401510121263', '88461510121263', '2017-11-08 06:07:43', '2017-11-08 07:07:43'),
(37, 17, '80101510128791', '51811510128791', '2017-11-08 08:13:11', '2017-11-08 08:28:11'),
(40, 2, '43301510137828', '80911510137828', '2017-11-08 10:43:48', '2017-11-08 11:43:48'),
(41, 3, '55871510146488', '73181510146488', '2017-11-08 13:08:08', '2017-11-08 14:08:08'),
(43, 18, '63681510151190', '30521510151190', '2017-11-08 14:26:30', '2017-11-08 14:41:30'),
(48, 2, '45261510210916', '79351510210916', '2017-11-09 07:01:56', '2017-11-09 08:01:56'),
(49, 20, '49511510211631', '32951510211631', '2017-11-09 07:13:51', '2017-11-09 07:28:51'),
(50, 21, '58081510212921', '46371510212921', '2017-11-09 07:35:21', '2017-11-09 08:35:21'),
(51, 21, '34521510213028', '21721510213028', '2017-11-09 07:37:08', '2017-11-09 08:37:08'),
(52, 21, '41821510214255', '45291510214255', '2017-11-09 07:57:35', '2017-11-09 08:57:35'),
(55, 2, '26001510220222', '15721510220222', '2017-11-09 09:37:02', '2017-11-09 10:37:02'),
(58, 22, '85511510223680', '76331510223680', '2017-11-09 10:34:40', '2017-11-09 11:34:40'),
(60, 2, '52541510225999', '34301510225999', '2017-11-09 11:13:19', '2017-11-09 12:13:19'),
(63, 2, '87941510228543', '73361510228543', '2017-11-09 11:55:43', '2017-11-09 12:55:43'),
(67, 22, '57681510235578', '38621510235578', '2017-11-09 13:52:58', '2017-11-09 14:52:58'),
(68, 2, '13671510235620', '23861510235620', '2017-11-09 13:53:40', '2017-11-09 14:53:40'),
(69, 2, '47671510238560', '71691510238560', '2017-11-09 14:42:40', '2017-11-09 15:42:40'),
(73, 23, '90941510295836', '92161510295836', '2017-11-10 06:37:16', '2017-11-10 06:52:16'),
(76, 2, '68041510305383', '73161510305383', '2017-11-10 09:16:23', '2017-11-10 10:16:23'),
(77, 27, '54161510310165', '72291510310165', '2017-11-10 10:36:05', '2017-11-10 10:51:05'),
(78, 2, '67851510311070', '58901510311070', '2017-11-10 10:51:10', '2017-11-10 11:51:10'),
(79, 2, '51141510311561', '60971510311561', '2017-11-10 10:59:21', '2017-11-10 11:59:21'),
(81, 2, '26641510313903', '49581510313903', '2017-11-10 11:38:23', '2017-11-10 12:38:23'),
(83, 2, '58331510319961', '38271510319961', '2017-11-10 13:19:21', '2017-11-10 14:19:21'),
(85, 2, '71421510321363', '79521510321363', '2017-11-10 13:42:43', '2017-11-10 14:42:43'),
(86, 2, '68721510323114', '53241510323114', '2017-11-10 14:11:54', '2017-11-10 15:11:54'),
(87, 2, '25441510324148', '53391510324148', '2017-11-10 14:29:08', '2017-11-10 15:29:08'),
(88, 29, '68441510325203', '61271510325203', '2017-11-10 14:46:43', '2017-11-10 15:01:43'),
(89, 30, '80951510325625', '51951510325625', '2017-11-10 14:53:45', '2017-11-10 15:08:45'),
(93, 2, '40881510548368', '86401510548368', '2017-11-13 04:46:08', '2017-11-13 05:46:08'),
(94, 2, '67861510552689', '50401510552689', '2017-11-13 05:58:09', '2017-11-13 06:58:09'),
(95, 33, '81201510556515', '95351510556515', '2017-11-13 07:01:55', '2017-11-13 07:16:55'),
(98, 34, '55211510558230', '58941510558230', '2017-11-13 07:30:30', '2017-11-13 07:45:30'),
(100, 34, '24591510559571', '37221510559571', '2017-11-13 07:52:51', '2017-11-13 08:52:51'),
(107, 2, '89541510573402', '27531510573402', '2017-11-13 11:43:22', '2017-11-13 12:43:22'),
(108, 2, '23071510573477', '67611510573477', '2017-11-13 11:44:37', '2017-11-13 12:44:37'),
(110, 2, '86721510581990', '49021510581990', '2017-11-13 14:06:30', '2017-11-13 15:06:30'),
(111, 2, '77931510582342', '71061510582342', '2017-11-13 14:12:22', '2017-11-13 15:12:22'),
(114, 2, '21831510632567', '36581510632567', '2017-11-14 04:09:27', '2017-11-14 05:09:27'),
(115, 2, '48351510635842', '47591510635842', '2017-11-14 05:04:02', '2017-11-14 06:04:02'),
(119, 2, '28841510656735', '80571510656735', '2017-11-14 10:52:15', '2017-11-14 11:52:15'),
(121, 2, '61671510662037', '43521510662037', '2017-11-14 12:20:37', '2017-11-14 13:20:37'),
(123, 2, '55651510666330', '76681510666330', '2017-11-14 13:32:10', '2017-11-14 14:32:10'),
(126, 2, '68881510726084', '75921510726084', '2017-11-15 06:08:04', '2017-11-15 07:08:04'),
(127, 2, '22441510726221', '67171510726221', '2017-11-15 06:10:21', '2017-11-15 07:10:21'),
(129, 2, '10111510740162', '26031510740162', '2017-11-15 10:02:42', '2017-11-15 11:02:42'),
(130, 2, '27321510741291', '47641510741291', '2017-11-15 10:21:31', '2017-11-15 11:21:31'),
(131, 2, '85671510743268', '63731510743268', '2017-11-15 10:54:28', '2017-11-15 11:54:28'),
(134, 5, '67101510749922', '42161510749922', '2017-11-15 12:45:22', '2017-11-15 13:45:22'),
(138, 2, '94801510774335', '96681510774335', '2017-11-15 19:32:15', '2017-11-15 20:32:15'),
(141, 5, '10211510817707', '89581510817707', '2017-11-16 07:35:07', '2017-11-16 08:35:07'),
(143, 5, '36711510823140', '99021510823140', '2017-11-16 09:05:40', '2017-11-16 10:05:40'),
(145, 2, '32661510823795', '57751510823795', '2017-11-16 09:16:35', '2017-11-16 10:16:35'),
(146, 2, '88531510824121', '71611510824121', '2017-11-16 09:22:01', '2017-11-16 10:22:01'),
(147, 8, '63391510828043', '20021510828043', '2017-11-16 10:27:23', '2017-11-16 11:27:23'),
(148, 5, '66781510829183', '82181510829183', '2017-11-16 10:46:23', '2017-11-16 11:46:23'),
(149, 2, '98161510836462', '35721510836462', '2017-11-16 12:47:42', '2017-11-16 13:47:42'),
(155, 35, '87861510911926', '20001510911926', '2017-11-17 09:45:26', '2017-11-17 10:00:26'),
(156, 2, '98851510913198', '51281510913198', '2017-11-17 10:06:38', '2017-11-17 11:06:38'),
(161, 36, '31551510925147', '35151510925147', '2017-11-17 13:25:47', '2017-11-17 14:25:47'),
(163, 35, '64161510929730', '39141510929730', '2017-11-17 14:42:10', '2017-11-17 15:42:10'),
(164, 2, '91251511020741', '58161511020741', '2017-11-18 15:59:01', '2017-11-18 16:59:01'),
(166, 36, '91421511158541', '13101511158541', '2017-11-20 06:15:41', '2017-11-20 07:15:41'),
(167, 2, '35661511160416', '91371511160416', '2017-11-20 06:46:56', '2017-11-20 07:46:56'),
(169, 2, '56631511169222', '28661511169222', '2017-11-20 09:13:42', '2017-11-20 10:13:42'),
(170, 2, '64441511176679', '49311511176679', '2017-11-20 11:17:59', '2017-11-20 12:17:59'),
(171, 2, '91931511176679', '56841511176679', '2017-11-20 11:17:59', '2017-11-20 12:17:59'),
(172, 36, '23501511181640', '37311511181640', '2017-11-20 12:40:40', '2017-11-20 13:40:40'),
(177, 37, '37101511188539', '26641511188539', '2017-11-20 14:35:39', '2017-11-20 15:35:39'),
(180, 5, '91751511246422', '96601511246422', '2017-11-21 06:40:22', '2017-11-21 07:40:22'),
(184, 2, '97971511255517', '97311511255517', '2017-11-21 09:11:57', '2017-11-21 10:11:57'),
(192, 2, '91491511270087', '35791511270087', '2017-11-21 13:14:47', '2017-11-21 14:14:47'),
(194, 2, '95231511272821', '68911511272821', '2017-11-21 14:00:21', '2017-11-21 15:00:21'),
(196, 36, '46221511275594', '79531511275594', '2017-11-21 14:46:34', '2017-11-21 15:46:34'),
(198, 2, '78991511276591', '21551511276591', '2017-11-21 15:03:11', '2017-11-21 16:03:11'),
(200, 36, '34841511315971', '35201511315971', '2017-11-22 01:59:31', '2017-11-22 02:59:31'),
(201, 36, '60241511316074', '84691511316074', '2017-11-22 02:01:14', '2017-11-22 03:01:14'),
(202, 36, '75291511316381', '47621511316381', '2017-11-22 02:06:21', '2017-11-22 03:06:21'),
(204, 2, '90791511326967', '84581511326967', '2017-11-22 05:02:47', '2017-11-22 06:02:47'),
(206, 2, '82221511341916', '14311511341916', '2017-11-22 09:11:56', '2017-11-22 10:11:56'),
(208, 2, '71311511345512', '57931511345512', '2017-11-22 10:11:52', '2017-11-22 11:11:52'),
(209, 36, '76481511356526', '94081511356526', '2017-11-22 13:15:26', '2017-11-22 14:15:26'),
(211, 36, '46211511413536', '83441511413536', '2017-11-23 05:05:36', '2017-11-23 06:05:36'),
(212, 36, '49281511413604', '49561511413604', '2017-11-23 05:06:44', '2017-11-23 06:06:44'),
(213, 2, '29551511415067', '69381511415067', '2017-11-23 05:31:07', '2017-11-23 06:31:07'),
(219, 36, '15231511430603', '33931511430603', '2017-11-23 09:50:03', '2017-11-23 10:50:03'),
(220, 36, '65011511442173', '85791511442173', '2017-11-23 13:02:53', '2017-11-23 14:02:53'),
(221, 2, '42951511502715', '16811511502715', '2017-11-24 05:51:55', '2017-11-24 06:51:55'),
(222, 5, '75401511506481', '78331511506481', '2017-11-24 06:54:41', '2017-11-24 07:54:41'),
(223, 5, '43641511506568', '30661511506568', '2017-11-24 06:56:08', '2017-11-24 07:56:08'),
(224, 5, '61171511506934', '53061511506934', '2017-11-24 07:02:14', '2017-11-24 08:02:14'),
(225, 5, '46111511506989', '33931511506989', '2017-11-24 07:03:09', '2017-11-24 08:03:09'),
(226, 5, '75661511507006', '78561511507006', '2017-11-24 07:03:26', '2017-11-24 08:03:26'),
(227, 5, '32051511507023', '73381511507023', '2017-11-24 07:03:43', '2017-11-24 08:03:43'),
(228, 5, '41991511507099', '47541511507099', '2017-11-24 07:04:59', '2017-11-24 08:04:59'),
(229, 5, '24501511507299', '58611511507299', '2017-11-24 07:08:19', '2017-11-24 08:08:19'),
(230, 5, '64321511507406', '86221511507406', '2017-11-24 07:10:06', '2017-11-24 08:10:06'),
(231, 5, '18411511507516', '43621511507516', '2017-11-24 07:11:56', '2017-11-24 08:11:56'),
(232, 5, '19171511507673', '69221511507673', '2017-11-24 07:14:33', '2017-11-24 08:14:33'),
(233, 5, '78071511507963', '71501511507963', '2017-11-24 07:19:23', '2017-11-24 08:19:23'),
(234, 5, '43881511508361', '11531511508361', '2017-11-24 07:26:01', '2017-11-24 08:26:01'),
(235, 5, '85841511508510', '93941511508510', '2017-11-24 07:28:30', '2017-11-24 08:28:30'),
(241, 39, '32381511517615', '38671511517615', '2017-11-24 10:00:15', '2017-11-24 11:00:15'),
(247, 2, '25991511619555', '85801511619555', '2017-11-25 14:19:15', '2017-11-25 15:19:15'),
(249, 2, '63431511709209', '52271511709209', '2017-11-26 15:13:29', '2017-11-26 16:13:29'),
(253, 2, '47821511766959', '46851511766959', '2017-11-27 07:15:59', '2017-11-27 08:15:59'),
(256, 56, '75661511777054', '98861511777054', '2017-11-27 10:04:14', '2017-11-27 10:19:14'),
(257, 57, '46331511777131', '90251511777131', '2017-11-27 10:05:31', '2017-11-27 10:20:31'),
(258, 39, '24651511777260', '16361511777260', '2017-11-27 10:07:40', '2017-11-27 11:07:40'),
(259, 2, '25271511778237', '22391511778237', '2017-11-27 10:23:57', '2017-11-27 11:23:57'),
(260, 39, '71371511778395', '56921511778395', '2017-11-27 10:26:35', '2017-11-27 11:26:35'),
(261, 59, '65301511779787', '66421511779787', '2017-11-27 10:49:47', '2017-11-27 11:04:47');

-- --------------------------------------------------------

--
-- Table structure for table `driver_preferences`
--

CREATE TABLE `driver_preferences` (
  `id` int(255) NOT NULL,
  `user_id` int(255) NOT NULL,
  `serve_area_zip_code` varchar(50) NOT NULL,
  `serve_area_latitude` decimal(10,8) NOT NULL,
  `serve_area_longitude` decimal(11,8) NOT NULL,
  `preferred_range` varchar(100) NOT NULL,
  `load_rate` decimal(18,2) NOT NULL,
  `hourly_rate` decimal(18,2) NOT NULL,
  `rate_per_ton` decimal(18,2) NOT NULL,
  `truck_make` varchar(255) NOT NULL,
  `truck_model` varchar(255) NOT NULL,
  `truck_year` varchar(10) NOT NULL,
  `truck_capacity` varchar(100) NOT NULL,
  `operation_hour` varchar(100) NOT NULL,
  `opening_time` time NOT NULL,
  `closing_time` time NOT NULL,
  `driver_preference_note` text NOT NULL,
  `driver_fee_note` text NOT NULL,
  `is_available` enum('0','1') NOT NULL DEFAULT '0' COMMENT '(Is driver available)0=not available 1=available',
  `is_assigned` enum('0','1') NOT NULL COMMENT '0=>not assigned, 1=>assigned',
  `is_redis_effected` enum('0','1') NOT NULL,
  `updated_by` int(11) NOT NULL,
  `updated_at` datetime NOT NULL
) ENGINE=InnoDB DEFAULT CHARSET=latin1;

--
-- Dumping data for table `driver_preferences`
--

INSERT INTO `driver_preferences` (`id`, `user_id`, `serve_area_zip_code`, `serve_area_latitude`, `serve_area_longitude`, `preferred_range`, `load_rate`, `hourly_rate`, `rate_per_ton`, `truck_make`, `truck_model`, `truck_year`, `truck_capacity`, `operation_hour`, `opening_time`, `closing_time`, `driver_preference_note`, `driver_fee_note`, `is_available`, `is_assigned`, `is_redis_effected`, `updated_by`, `updated_at`) VALUES
(1, 5, '700021', '22.56360780', '88.33858830', '5645654654', '57624654645.00', '12.00', '456246426.00', 'taiatkgslsyksyksg', 'jtakyslsylsyldhafjts', '202', '56246546', '0', '00:00:00', '00:00:00', '', '', '1', '1', '1', 5, '2017-11-27 09:19:56'),
(2, 20, '0', '0.00000000', '0.00000000', '', '0.00', '7.50', '0.00', '', '', '', '0', '0', '00:00:00', '00:00:00', '', '', '0', '1', '0', 0, '0000-00-00 00:00:00'),
(3, 23, '700031', '0.00000000', '0.00000000', '', '12.00', '12.00', '0.00', 'fhfh fb', 'fhfhfh', '2017', '3', '0', '00:00:00', '00:00:00', '', '', '0', '0', '0', 0, '0000-00-00 00:00:00'),
(4, 25, '700091', '0.00000000', '0.00000000', '', '12.00', '12.00', '0.00', 'asdf', 'asdf1234', '2015', '200', '0', '00:00:00', '00:00:00', '', '', '0', '1', '0', 0, '0000-00-00 00:00:00'),
(5, 26, '700031', '0.00000000', '0.00000000', '', '10.00', '12.00', '0.00', 'fggggf', 'zfhyg', '2017', '0', '0', '00:00:00', '00:00:00', '', '', '0', '0', '0', 0, '0000-00-00 00:00:00'),
(6, 27, '700090', '22.64079600', '88.38991700', '2000', '5.50', '10.00', '2.00', 'Western Star Trucks', 'UH987GT', '2012', '8', '', '00:00:00', '00:00:00', 'Medium duty ton rating. When light-duty trucks were first produced in the United States, they were rated by their payload capacity in tons (e.g., ½-, ¾- and 1-ton). Over time, payload capacities for most domestic pickup trucks have increased while the ton titles have stayed the same.', '', '0', '0', '1', 27, '2017-11-10 12:09:16'),
(7, 28, '700090', '22.64089600', '88.38981700', '1000', '5.50', '10.00', '2.00', 'Western Star Trucks', 'UH987GT', '2012', '8', '', '00:00:00', '00:00:00', 'Medium duty ton rating. When light-duty trucks were first produced in the United States, they were rated by their payload capacity in tons (e.g., ½-, ¾- and 1-ton). Over time, payload capacities for most domestic pickup trucks have increased while the ton titles have stayed the same.', '', '0', '0', '1', 28, '2017-11-10 11:43:20'),
(8, 29, '', '0.00000000', '0.00000000', '12', '0.00', '15.00', '0.00', '', '', '', '', '', '00:00:00', '00:00:00', '', '', '0', '0', '1', 0, '0000-00-00 00:00:00'),
(9, 30, '700031', '22.50749670', '88.37271440', '12', '8.00', '12.00', '0.00', 'vdbdh', 'vdhdb', '2018', 'gdgdhdhdh', '', '00:00:00', '00:00:00', '', '', '0', '1', '1', 0, '0000-00-00 00:00:00'),
(10, 31, '', '22.58075600', '88.46569800', '12', '0.00', '9.00', '0.00', '', '', '', '', '', '00:00:00', '00:00:00', '', '', '0', '0', '1', 0, '0000-00-00 00:00:00'),
(11, 32, '', '0.00000000', '0.00000000', '-', '0.00', '6.00', '0.00', '', '', '', '', '', '00:00:00', '00:00:00', '', '', '0', '0', '1', 0, '0000-00-00 00:00:00'),
(12, 33, '', '22.51259300', '88.36796500', '12', '0.00', '10.00', '0.00', '', '', '', '', '', '00:00:00', '00:00:00', '', '', '0', '1', '1', 0, '0000-00-00 00:00:00'),
(13, 34, '', '22.51259300', '88.36796500', '1245', '0.00', '18.00', '0.00', '', '', '', '', '', '00:00:00', '00:00:00', '', '', '0', '0', '1', 0, '0000-00-00 00:00:00'),
(14, 8, '', '22.51259300', '88.36796500', '1245', '0.00', '18.00', '0.00', '', '', '', '', '', '00:00:00', '00:00:00', '', '', '0', '1', '1', 0, '2017-11-16 13:10:50'),
(15, 36, '700091', '22.58169620', '88.43041410', '14', '12.00', '18.00', '147.00', 'Uipl make', 'uipl12', '1997', '14', '', '00:00:00', '00:00:00', 'I am a driver', '', '0', '0', '1', 36, '2017-11-24 07:18:20'),
(16, 56, '700091', '22.58169620', '88.43041410', '5000', '200.00', '10.00', '0.00', '2017', 'GJ8906', '2017', '50', '', '00:00:00', '00:00:00', '', '', '', '0', '1', 0, '0000-00-00 00:00:00'),
(17, 57, '700091', '22.58169620', '88.43041410', '5000', '200.00', '10.00', '0.00', '2017', 'GJ8906', '2017', '50', '', '00:00:00', '00:00:00', '', '', '', '0', '1', 0, '0000-00-00 00:00:00');

-- --------------------------------------------------------

--
-- Table structure for table `driver_preference_materials`
--

CREATE TABLE `driver_preference_materials` (
  `id` int(255) NOT NULL,
  `driver_id` int(255) NOT NULL,
  `material_id` int(255) NOT NULL
) ENGINE=InnoDB DEFAULT CHARSET=latin1;

--
-- Dumping data for table `driver_preference_materials`
--

INSERT INTO `driver_preference_materials` (`id`, `driver_id`, `material_id`) VALUES
(7, 20, 0),
(8, 23, 1),
(9, 23, 2),
(10, 23, 3),
(11, 25, 2),
(12, 25, 4),
(13, 25, 6),
(14, 26, 1),
(15, 26, 4),
(16, 26, 6),
(17, 27, 1),
(18, 27, 3),
(19, 27, 5),
(20, 28, 1),
(21, 28, 4),
(22, 2, 1),
(23, 2, 2),
(24, 2, 5),
(25, 28, 1),
(26, 28, 2),
(27, 28, 5),
(28, 28, 1),
(29, 28, 2),
(30, 28, 5),
(31, 27, 1),
(32, 27, 2),
(33, 27, 5),
(34, 27, 1),
(35, 27, 2),
(36, 27, 5),
(37, 27, 1),
(38, 27, 2),
(39, 27, 5),
(40, 27, 1),
(41, 27, 2),
(42, 27, 5),
(43, 27, 1),
(44, 27, 2),
(45, 27, 5),
(46, 27, 1),
(47, 27, 2),
(48, 27, 5),
(49, 27, 1),
(50, 27, 2),
(51, 27, 5),
(52, 27, 1),
(53, 27, 2),
(54, 27, 5),
(55, 27, 1),
(56, 27, 2),
(57, 27, 5),
(58, 27, 1),
(59, 27, 2),
(60, 27, 5),
(61, 27, 1),
(62, 27, 2),
(63, 27, 5),
(64, 27, 1),
(65, 27, 2),
(66, 27, 5),
(67, 27, 1),
(68, 27, 2),
(69, 27, 5),
(70, 27, 1),
(71, 27, 2),
(72, 27, 5),
(73, 27, 1),
(74, 27, 2),
(75, 27, 5),
(76, 27, 1),
(77, 27, 2),
(78, 27, 5),
(79, 27, 1),
(80, 27, 2),
(81, 27, 5),
(82, 27, 1),
(83, 27, 2),
(84, 27, 5),
(85, 29, 0),
(86, 30, 1),
(87, 30, 2),
(88, 30, 3),
(89, 31, 0),
(90, 32, 0),
(91, 33, 0),
(92, 34, 0),
(162, 36, 1),
(163, 36, 4),
(164, 36, 5),
(167, 5, 2),
(168, 5, 3),
(169, 56, 2),
(170, 56, 3),
(171, 56, 4),
(172, 57, 2),
(173, 57, 3),
(174, 57, 4);

-- --------------------------------------------------------

--
-- Stand-in structure for view `dumpSiteAverageRating`
-- (See below for the actual view)
--
CREATE TABLE `dumpSiteAverageRating` (
`id` int(255)
,`to_id` int(255)
,`from_id` int(255)
,`average_rating` decimal(11,1)
,`type` enum('driver','job_site','dump_site')
,`job_site_id` int(255)
,`description` varchar(255)
,`created_at` datetime
,`updated_at` datetime
,`is_deleted` int(1)
,`is_approved` int(1)
);

-- --------------------------------------------------------

--
-- Stand-in structure for view `dumpSiteDetails`
-- (See below for the actual view)
--
CREATE TABLE `dumpSiteDetails` (
`id` int(11)
,`user_id` int(11)
,`site_name` varchar(255)
,`description` varchar(255)
,`street` varchar(255)
,`city` varchar(255)
,`state` varchar(255)
,`zipcode` int(50)
,`direction_note` text
,`phone_no` varchar(255)
,`primary_mobile_no` varchar(255)
,`secondary_mobile_no` varchar(255)
,`email` varchar(255)
,`website` varchar(255)
,`hours_of_operations` enum('0','1')
,`driver_instructions` text
,`quantity_required` int(255)
,`is_call_advance` int(1)
,`dump_location` varchar(255)
,`latitude` varchar(255)
,`longitude` varchar(255)
,`is_available` enum('0','1','2')
,`is_deleted` int(1)
,`created_at` datetime
,`updated_at` datetime
,`averageRating` decimal(11,1)
);

-- --------------------------------------------------------

--
-- Stand-in structure for view `dumpSiteListAllActive`
-- (See below for the actual view)
--
CREATE TABLE `dumpSiteListAllActive` (
`id` int(11)
,`user_id` int(11)
,`site_name` varchar(255)
,`description` varchar(255)
,`street` varchar(255)
,`city` varchar(255)
,`state` varchar(255)
,`zipcode` int(50)
,`direction_note` text
,`phone_no` varchar(255)
,`primary_mobile_no` varchar(255)
,`secondary_mobile_no` varchar(255)
,`email` varchar(255)
,`website` varchar(255)
,`hours_of_operations` enum('0','1')
,`driver_instructions` text
,`quantity_required` int(255)
,`is_call_advance` int(1)
,`dump_location` varchar(255)
,`latitude` varchar(255)
,`longitude` varchar(255)
,`is_available` enum('0','1','2')
,`is_deleted` int(1)
,`created_at` datetime
,`updated_at` datetime
);

-- --------------------------------------------------------

--
-- Table structure for table `dump_site`
--

CREATE TABLE `dump_site` (
  `id` int(11) NOT NULL,
  `user_id` int(11) NOT NULL,
  `site_name` varchar(255) NOT NULL,
  `description` varchar(255) NOT NULL,
  `street` varchar(255) NOT NULL,
  `city` varchar(255) NOT NULL,
  `state` varchar(255) NOT NULL,
  `zipcode` int(50) NOT NULL,
  `direction_note` text NOT NULL,
  `phone_no` varchar(255) NOT NULL,
  `primary_mobile_no` varchar(255) NOT NULL,
  `secondary_mobile_no` varchar(255) NOT NULL,
  `email` varchar(255) NOT NULL,
  `website` varchar(255) NOT NULL,
  `hours_of_operations` enum('0','1') NOT NULL COMMENT '(Is Open For 24X7?) open 24X7 - true(1),open 24X7 - false(0)',
  `driver_instructions` text NOT NULL,
  `quantity_required` int(255) NOT NULL,
  `is_call_advance` int(1) NOT NULL DEFAULT '1' COMMENT '1=yes,0=no',
  `dump_location` varchar(255) NOT NULL,
  `latitude` varchar(255) NOT NULL,
  `longitude` varchar(255) NOT NULL,
  `is_available` enum('0','1','2') NOT NULL DEFAULT '1' COMMENT '0-unavailable,1-available,1-future',
  `is_deleted` int(1) NOT NULL DEFAULT '0' COMMENT '1=deleted,0=undeleted',
  `is_redis_effected` enum('0','1') NOT NULL COMMENT '0->not effected, 1->effected',
  `appeared_in_search_count` bigint(20) NOT NULL,
  `details_viewed_count` bigint(20) NOT NULL,
  `created_at` datetime NOT NULL,
  `updated_at` datetime NOT NULL
) ENGINE=InnoDB DEFAULT CHARSET=latin1;

--
-- Dumping data for table `dump_site`
--

INSERT INTO `dump_site` (`id`, `user_id`, `site_name`, `description`, `street`, `city`, `state`, `zipcode`, `direction_note`, `phone_no`, `primary_mobile_no`, `secondary_mobile_no`, `email`, `website`, `hours_of_operations`, `driver_instructions`, `quantity_required`, `is_call_advance`, `dump_location`, `latitude`, `longitude`, `is_available`, `is_deleted`, `is_redis_effected`, `appeared_in_search_count`, `details_viewed_count`, `created_at`, `updated_at`) VALUES
(2, 2, 'South City Mall', '', '375, Prince Anwar Shah Road', 'kolkata', 'West Bengal', 700068, 'Latitude and Longitude are the units that represent the coordinates at geographic coordinate system. Just like every actual house has its address (which includes the number, the name of the street, city, etc), every single point on the surface of earth can be specified by the latitude and longitude coordinates. Therefore, by using latitude and longitude we can specify virtually any point on earth.', '9856256999', '9804591710', '9874558259', 'southcitymall@gmail.com', 'www.southcitymall.com', '0', 'The latitude has the symbol of phi, and it shows the angle between the straight line in the certain point and the equatorial plane. The latitude is specified by degrees, starting from 0° and ending up with 90° to both sides of the equator, making latitude Northern and Southern. The equator is the line with 0° latitude.', 500, 1, 'The longitude has the symbol of lambda and is another angular coordinate defining the position of a point on a surface of earth.', '22.501512', '88.361723', '2', 0, '1', 0, 4, '2017-11-09 07:44:34', '0000-00-00 00:00:00'),
(3, 2, 'Watch King000g', 'Watch King000g', 'DN 53', 'Kolkata', 'West Bengal', 700091, 'Watch King000g', '7097381601', '', '', 'watchking00090@gmail.com', 'www.watchking.com', '1', '50', 50, 1, 'Watch King000', '22.5353965', '88.3482485', '1', 0, '1', 66, 28, '2017-11-14 11:14:17', '0000-00-00 00:00:00'),
(4, 2, 'Watch King 2', '', 'CF 11, CF Block(Newtown), Action Area 1C, Newtown, New Town', 'kolkata', 'West Bengal', 700156, 'Latitude and Longitude are the units that represent the coordinates at geographic coordinate system. Just like every actual house has its address (which includes the number, the name of the street, city, etc), every single point on the surface of earth can be specified by the latitude and longitude coordinates. Therefore, by using latitude and longitude we can specify virtually any point on earth.', '9804771709', '9804771710', '9874589659', 'watchking@gmail.com', 'www.watchking.com', '1', 'The latitude has the symbol of phi, and it shows the angle between the straight line in the certain point and the equatorial plane. The latitude is specified by degrees, starting from 0° and ending up with 90° to both sides of the equator, making latitude Northern and Southern. The equator is the line with 0° latitude.', 50, 1, 'The longitude has the symbol of lambda and is another angular coordinate defining the position of a point on a surface of earth.', '22.578835', '88.459902', '1', 0, '1', 103, 22, '2017-11-24 11:10:36', '0000-00-00 00:00:00'),
(5, 2, 'Watch King 3', 'Watch King 3', 'DN 53', 'Kolkata', 'West Bengal', 700091, 'Watch King 3', '9804771709', '', '', 'watchking@gmail.com', 'www.watchking.com', '1', '50', 50, 1, 'Latitude and Longitude are the units that represent the coordinates at geographic coordinate system. Just like every actual house has its address (which includes the number, the name of the street, city, etc), every single point on the surface of earth ca', '22.5353965', '88.3482485', '1', 0, '1', 47, 2, '2017-11-14 06:54:25', '0000-00-00 00:00:00'),
(6, 2, 'Watch King 4', '', 'CF 11, CF Block(Newtown), Action Area 1C, Newtown, New Town', 'kolkata', 'West Bengal', 700156, 'Latitude and Longitude are the units that represent the coordinates at geographic coordinate system. Just like every actual house has its address (which includes the number, the name of the street, city, etc), every single point on the surface of earth can be specified by the latitude and longitude coordinates. Therefore, by using latitude and longitude we can specify virtually any point on earth.', '9804771709', '9804771710', '9874589659', 'watchking@gmail.com', 'www.watchking.com', '1', 'The latitude has the symbol of phi, and it shows the angle between the straight line in the certain point and the equatorial plane. The latitude is specified by degrees, starting from 0° and ending up with 90° to both sides of the equator, making latitude Northern and Southern. The equator is the line with 0° latitude.', 50, 1, 'The longitude has the symbol of lambda and is another angular coordinate defining the position of a point on a surface of earth.', '22.578835', '88.459902', '1', 0, '1', 122, 6, '2017-11-06 11:18:03', '0000-00-00 00:00:00'),
(7, 2, 'Watch King 5', '', 'CF 11, CF Block(Newtown), Action Area 1C, Newtown, New Town', 'kolkata', 'West Bengal', 700156, 'Latitude and Longitude are the units that represent the coordinates at geographic coordinate system. Just like every actual house has its address (which includes the number, the name of the street, city, etc), every single point on the surface of earth can be specified by the latitude and longitude coordinates. Therefore, by using latitude and longitude we can specify virtually any point on earth.', '9804771709', '9804771710', '9874589659', 'watchking@gmail.com', 'www.watchking.com', '1', 'The latitude has the symbol of phi, and it shows the angle between the straight line in the certain point and the equatorial plane. The latitude is specified by degrees, starting from 0° and ending up with 90° to both sides of the equator, making latitude Northern and Southern. The equator is the line with 0° latitude.', 50, 1, 'The longitude has the symbol of lambda and is another angular coordinate defining the position of a point on a surface of earth.', '22.678835', '88.459902', '1', 0, '1', 122, 3, '2017-11-06 11:18:35', '0000-00-00 00:00:00'),
(8, 2, 'Watch King 60', 'Watch King 6p0', 'CF 11, CF Block(Newtown), Action Area 1C, Newtown, New Town', 'kolkata', 'West Bengal', 700156, 'Watch King 6p0', '9804771701', '', '', 'watchking@gmail.com', 'www.watchking.com', '1', '50', 50, 1, 'Latitude and Longitude are the units that represent the coordinates at geographic coordinate system. Just like every actual house has its address (which includes the number, the name of the street, city, etc), every single point on the surface of earth ca', '22.578835', '88.459902', '1', 0, '1', 47, 0, '2017-11-14 10:01:40', '0000-00-00 00:00:00'),
(9, 2, 'Watch King 7', '', 'CF 11, CF Block(Newtown), Action Area 1C, Newtown, New Town', 'kolkata', 'West Bengal', 700156, 'Latitude and Longitude are the units that represent the coordinates at geographic coordinate system. Just like every actual house has its address (which includes the number, the name of the street, city, etc), every single point on the surface of earth can be specified by the latitude and longitude coordinates. Therefore, by using latitude and longitude we can specify virtually any point on earth.', '9804771709', '9804771710', '9874589659', 'watchking@gmail.com', 'www.watchking.com', '1', 'The latitude has the symbol of phi, and it shows the angle between the straight line in the certain point and the equatorial plane. The latitude is specified by degrees, starting from 0° and ending up with 90° to both sides of the equator, making latitude Northern and Southern. The equator is the line with 0° latitude.', 50, 1, 'The longitude has the symbol of lambda and is another angular coordinate defining the position of a point on a surface of earth.', '22.568835', '88.459902', '1', 0, '1', 117, 1, '2017-11-06 11:19:04', '0000-00-00 00:00:00'),
(10, 2, 'Watch King', '', 'CF 11, CF Block(Newtown), Action Area 1C, Newtown, New Town', 'kolkata', 'West Bengal', 700156, 'Latitude and Longitude are the units that represent the coordinates at geographic coordinate system. Just like every actual house has its address (which includes the number, the name of the street, city, etc), every single point on the surface of earth can be specified by the latitude and longitude coordinates. Therefore, by using latitude and longitude we can specify virtually any point on earth.', '9804771709', '9804771710', '9874589659', 'watchking@gmail.com', 'www.watchking.com', '1', 'The latitude has the symbol of phi, and it shows the angle between the straight line in the certain point and the equatorial plane. The latitude is specified by degrees, starting from 0° and ending up with 90° to both sides of the equator, making latitude Northern and Southern. The equator is the line with 0° latitude.', 50, 1, 'The longitude has the symbol of lambda and is another angular coordinate defining the position of a point on a surface of earth.', '22.578835', '88.459902', '1', 0, '1', 122, 1, '2017-11-06 13:28:12', '0000-00-00 00:00:00'),
(11, 11, 'test', 'fsfnj sngjonsjo jgosjij iojgoij ijgj iusdjgiu jjguiosdjg', 'test', 'kolkata', 'westbengal', 700091, 'oikjf oiwsfjoi oioif iijfioo sjois opsf sifij', '7501500090', '7501500090', '', 'dassambaran@gmail.com', 'abc.com', '1', 'dfhuishd siudgh uishdguish hfdiushd isdhfiush', 50, 1, 'kolkata', '22.565567999999999', '88.410949000000002', '1', 0, '1', 90, 1, '2017-11-07 11:13:16', '0000-00-00 00:00:00'),
(13, 2, 'Innofied', 'Innofied', '112, Sector II, AG Block', 'kolkata', 'West Bengal', 700091, 'Innofied', '9804771722', '', '', 'innofied@gmail.com', 'www.innofied.com', '1', '50', 50, 1, 'Latitude and Longitude are the units that represent the coordinates at geographic coordinate system. Just like every actual house has its address (which includes the number, the name of the street, city, etc), every single point on the surface of earth ca', '22.5995094', '88.4240305', '1', 0, '1', 52, 0, '2017-11-14 11:35:33', '0000-00-00 00:00:00'),
(14, 11, 'Saltlake RS Software', 'fsfnj sngjonsjo jgosjij iojgoij ijgj iusdjgiu jjguiosdjg', 'saltlake', 'kolkata', 'westbengal', 700091, 'Latitude and Longitude are the units that represen...', '7501500090', '7501500090', '', 'dassambaran@gmail.com', 'abc.com', '1', 'The latitude has the symbol of phi, and it shows t...', 50, 1, 'kolkata', '22.565567999999999', '88.410949000000002', '1', 0, '1', 60, 3, '2017-11-07 12:44:46', '0000-00-00 00:00:00'),
(15, 2, 'Nandan Academy', '', '1/1, A.J.C. Bose Road', 'kolkata', 'West Bengal', 700020, 'Latitude and Longitude are the units that represent the coordinates at geographic coordinate system. Just like every actual house has its address (which includes the number, the name of the street, city, etc), every single point on the surface of earth can be specified by the latitude and longitude coordinates. Therefore, by using latitude and longitude we can specify virtually any point on earth.', '9804771723', '9804771724', '9874589635', 'nandanacademy@gmail.com', 'www.nandanacademy.com', '1', 'The latitude has the symbol of phi, and it shows the angle between the straight line in the certain point and the equatorial plane. The latitude is specified by degrees, starting from 0° and ending up with 90° to both sides of the equator, making latitude Northern and Southern. The equator is the line with 0° latitude.', 50, 1, 'The longitude has the symbol of lambda and is another angular coordinate defining the position of a point on a surface of earth.', '22.541902', '88.346090', '1', 0, '1', 39, 0, '2017-11-07 12:57:06', '0000-00-00 00:00:00'),
(16, 11, 'Nandan Academy', '', '1/1, A.J.C. Bose Road', 'kolkata', 'West Bengal', 700020, 'Latitude and Longitude are the units that represent the coordinates at geographic coordinate system. Just like every actual house has its address (which includes the number, the name of the street, city, etc), every single point on the surface of earth can be specified by the latitude and longitude coordinates. Therefore, by using latitude and longitude we can specify virtually any point on earth.', '9856852365', '9804771724', '9874589635', 'nandanacademy@gmail.com', 'www.nandanacademy.com', '1', 'The latitude has the symbol of phi, and it shows the angle between the straight line in the certain point and the equatorial plane. The latitude is specified by degrees, starting from 0° and ending up with 90° to both sides of the equator, making latitude Northern and Southern. The equator is the line with 0° latitude.', 50, 1, 'The longitude has the symbol of lambda and is another angular coordinate defining the position of a point on a surface of earth.', '22.541902', '88.346090', '1', 0, '1', 39, 0, '2017-11-08 07:42:33', '0000-00-00 00:00:00'),
(17, 11, 'Nandan Academy', '', '1/1, A.J.C. Bose Road', 'kolkata', 'West Bengal', 700020, 'Latitude and Longitude are the units that represent the coordinates at geographic coordinate system. Just like every actual house has its address (which includes the number, the name of the street, city, etc), every single point on the surface of earth can be specified by the latitude and longitude coordinates. Therefore, by using latitude and longitude we can specify virtually any point on earth.', '9856852365', '9804771724', '9874589635', 'nandanacademy@gmail.com', 'www.nandanacademy.com', '1', 'The latitude has the symbol of phi, and it shows the angle between the straight line in the certain point and the equatorial plane. The latitude is specified by degrees, starting from 0° and ending up with 90° to both sides of the equator, making latitude Northern and Southern. The equator is the line with 0° latitude.', 50, 1, 'The longitude has the symbol of lambda and is another angular coordinate defining the position of a point on a surface of earth.', '22.541902', '88.346090', '1', 0, '1', 39, 0, '2017-11-08 07:44:31', '0000-00-00 00:00:00'),
(18, 11, 'Nandan Academy', '', '1/1, A.J.C. Bose Road', 'kolkata', 'West Bengal', 700020, 'Latitude and Longitude are the units that represent the coordinates at geographic coordinate system. Just like every actual house has its address (which includes the number, the name of the street, city, etc), every single point on the surface of earth can be specified by the latitude and longitude coordinates. Therefore, by using latitude and longitude we can specify virtually any point on earth.', '9856852365', '9804771724', '9874589635', 'nandanacademy@gmail.com', 'www.nandanacademy.com', '1', 'The latitude has the symbol of phi, and it shows the angle between the straight line in the certain point and the equatorial plane. The latitude is specified by degrees, starting from 0° and ending up with 90° to both sides of the equator, making latitude Northern and Southern. The equator is the line with 0° latitude.', 50, 1, 'The longitude has the symbol of lambda and is another angular coordinate defining the position of a point on a surface of earth.', '22.541902', '88.346090', '1', 0, '1', 38, 0, '2017-11-08 07:45:02', '0000-00-00 00:00:00'),
(19, 11, 'Nandan Academy', '', '1/1, A.J.C. Bose Road', 'kolkata', 'West Bengal', 700020, 'Latitude and Longitude are the units that represent the coordinates at geographic coordinate system. Just like every actual house has its address (which includes the number, the name of the street, city, etc), every single point on the surface of earth can be specified by the latitude and longitude coordinates. Therefore, by using latitude and longitude we can specify virtually any point on earth.', '9856852365', '9804771724', '9874589635', 'nandanacademy@gmail.com', 'www.nandanacademy.com', '1', 'The latitude has the symbol of phi, and it shows the angle between the straight line in the certain point and the equatorial plane. The latitude is specified by degrees, starting from 0° and ending up with 90° to both sides of the equator, making latitude Northern and Southern. The equator is the line with 0° latitude.', 50, 1, 'The longitude has the symbol of lambda and is another angular coordinate defining the position of a point on a surface of earth.', '22.541902', '88.346090', '1', 0, '1', 30, 0, '2017-11-08 07:45:48', '0000-00-00 00:00:00'),
(20, 11, 'Nandan Academy', '', '1/1, A.J.C. Bose Road', 'kolkata', 'West Bengal', 700020, 'Latitude and Longitude are the units that represent the coordinates at geographic coordinate system. Just like every actual house has its address (which includes the number, the name of the street, city, etc), every single point on the surface of earth can be specified by the latitude and longitude coordinates. Therefore, by using latitude and longitude we can specify virtually any point on earth.', '9856852365', '9804771724', '9874589635', 'nandanacademy@gmail.com', 'www.nandanacademy.com', '1', 'The latitude has the symbol of phi, and it shows the angle between the straight line in the certain point and the equatorial plane. The latitude is specified by degrees, starting from 0° and ending up with 90° to both sides of the equator, making latitude Northern and Southern. The equator is the line with 0° latitude.', 50, 1, 'The longitude has the symbol of lambda and is another angular coordinate defining the position of a point on a surface of earth.', '22.541902', '88.346090', '1', 0, '1', 30, 0, '2017-11-08 07:46:18', '0000-00-00 00:00:00'),
(21, 11, 'Nandan Academy', '', '1/1, A.J.C. Bose Road', 'kolkata', 'West Bengal', 700020, 'Latitude and Longitude are the units that represent the coordinates at geographic coordinate system. Just like every actual house has its address (which includes the number, the name of the street, city, etc), every single point on the surface of earth can be specified by the latitude and longitude coordinates. Therefore, by using latitude and longitude we can specify virtually any point on earth.', '9856852365', '9804771724', '9874589635', 'nandanacademy@gmail.com', 'www.nandanacademy.com', '1', 'The latitude has the symbol of phi, and it shows the angle between the straight line in the certain point and the equatorial plane. The latitude is specified by degrees, starting from 0° and ending up with 90° to both sides of the equator, making latitude Northern and Southern. The equator is the line with 0° latitude.', 50, 1, 'The longitude has the symbol of lambda and is another angular coordinate defining the position of a point on a surface of earth.', '22.541902', '88.346090', '1', 0, '1', 30, 0, '2017-11-08 07:46:35', '0000-00-00 00:00:00'),
(22, 11, 'Nandan Academy', '', '1/1, A.J.C. Bose Road', 'kolkata', 'West Bengal', 700020, 'Latitude and Longitude are the units that represent the coordinates at geographic coordinate system. Just like every actual house has its address (which includes the number, the name of the street, city, etc), every single point on the surface of earth can be specified by the latitude and longitude coordinates. Therefore, by using latitude and longitude we can specify virtually any point on earth.', '9856852365', '9804771724', '9874589635', 'nandanacademy@gmail.com', 'www.nandanacademy.com', '1', 'The latitude has the symbol of phi, and it shows the angle between the straight line in the certain point and the equatorial plane. The latitude is specified by degrees, starting from 0° and ending up with 90° to both sides of the equator, making latitude Northern and Southern. The equator is the line with 0° latitude.', 50, 1, 'The longitude has the symbol of lambda and is another angular coordinate defining the position of a point on a surface of earth.', '22.541902', '88.346090', '1', 0, '1', 30, 0, '2017-11-08 07:47:37', '0000-00-00 00:00:00'),
(23, 11, 'Nandan Academy', '', '1/1, A.J.C. Bose Road', 'kolkata', 'West Bengal', 700020, 'Latitude and Longitude are the units that represent the coordinates at geographic coordinate system. Just like every actual house has its address (which includes the number, the name of the street, city, etc), every single point on the surface of earth can be specified by the latitude and longitude coordinates. Therefore, by using latitude and longitude we can specify virtually any point on earth.', '9856852365', '9804771724', '9874589635', 'nandanacademy@gmail.com', 'www.nandanacademy.com', '1', 'The latitude has the symbol of phi, and it shows the angle between the straight line in the certain point and the equatorial plane. The latitude is specified by degrees, starting from 0° and ending up with 90° to both sides of the equator, making latitude Northern and Southern. The equator is the line with 0° latitude.', 50, 1, 'The longitude has the symbol of lambda and is another angular coordinate defining the position of a point on a surface of earth.', '22.541902', '88.346090', '1', 0, '1', 29, 0, '2017-11-08 07:48:09', '0000-00-00 00:00:00'),
(24, 11, 'Nandan Academy', '', '1/1, A.J.C. Bose Road', 'kolkata', 'West Bengal', 700020, 'Latitude and Longitude are the units that represent the coordinates at geographic coordinate system. Just like every actual house has its address (which includes the number, the name of the street, city, etc), every single point on the surface of earth can be specified by the latitude and longitude coordinates. Therefore, by using latitude and longitude we can specify virtually any point on earth.', '9856852365', '9804771724', '9874589635', 'nandanacademy@gmail.com', 'www.nandanacademy.com', '1', 'The latitude has the symbol of phi, and it shows the angle between the straight line in the certain point and the equatorial plane. The latitude is specified by degrees, starting from 0° and ending up with 90° to both sides of the equator, making latitude Northern and Southern. The equator is the line with 0° latitude.', 50, 1, 'The longitude has the symbol of lambda and is another angular coordinate defining the position of a point on a surface of earth.', '22.541902', '88.346090', '1', 0, '1', 19, 0, '2017-11-08 07:48:32', '0000-00-00 00:00:00'),
(25, 11, 'Nandan Academy', '', '1/1, A.J.C. Bose Road', 'kolkata', 'West Bengal', 700020, 'Latitude and Longitude are the units that represent the coordinates at geographic coordinate system. Just like every actual house has its address (which includes the number, the name of the street, city, etc), every single point on the surface of earth can be specified by the latitude and longitude coordinates. Therefore, by using latitude and longitude we can specify virtually any point on earth.', '9856852365', '9804771724', '9874589635', 'nandanacademy@gmail.com', 'www.nandanacademy.com', '1', 'The latitude has the symbol of phi, and it shows the angle between the straight line in the certain point and the equatorial plane. The latitude is specified by degrees, starting from 0° and ending up with 90° to both sides of the equator, making latitude Northern and Southern. The equator is the line with 0° latitude.', 50, 1, 'The longitude has the symbol of lambda and is another angular coordinate defining the position of a point on a surface of earth.', '22.541902', '88.346090', '1', 0, '1', 19, 0, '2017-11-08 07:48:55', '0000-00-00 00:00:00'),
(26, 11, 'Nandan Academy', '', '1/1, A.J.C. Bose Road', 'kolkata', 'West Bengal', 700020, 'Latitude and Longitude are the units that represent the coordinates at geographic coordinate system. Just like every actual house has its address (which includes the number, the name of the street, city, etc), every single point on the surface of earth can be specified by the latitude and longitude coordinates. Therefore, by using latitude and longitude we can specify virtually any point on earth.', '9856852365', '9804771724', '9874589635', 'nandanacademy@gmail.com', 'www.nandanacademy.com', '1', 'The latitude has the symbol of phi, and it shows the angle between the straight line in the certain point and the equatorial plane. The latitude is specified by degrees, starting from 0° and ending up with 90° to both sides of the equator, making latitude Northern and Southern. The equator is the line with 0° latitude.', 50, 1, 'The longitude has the symbol of lambda and is another angular coordinate defining the position of a point on a surface of earth.', '22.541902', '88.346090', '1', 0, '1', 19, 0, '2017-11-08 07:49:10', '0000-00-00 00:00:00'),
(27, 11, 'Nandan Academy', '', '1/1, A.J.C. Bose Road', 'kolkata', 'West Bengal', 700020, 'Latitude and Longitude are the units that represent the coordinates at geographic coordinate system. Just like every actual house has its address (which includes the number, the name of the street, city, etc), every single point on the surface of earth can be specified by the latitude and longitude coordinates. Therefore, by using latitude and longitude we can specify virtually any point on earth.', '9856852365', '9804771724', '9874589635', 'nandanacademy@gmail.com', 'www.nandanacademy.com', '1', 'The latitude has the symbol of phi, and it shows the angle between the straight line in the certain point and the equatorial plane. The latitude is specified by degrees, starting from 0° and ending up with 90° to both sides of the equator, making latitude Northern and Southern. The equator is the line with 0° latitude.', 50, 1, 'The longitude has the symbol of lambda and is another angular coordinate defining the position of a point on a surface of earth.', '22.541902', '88.346090', '1', 0, '1', 19, 0, '2017-11-08 07:49:39', '0000-00-00 00:00:00'),
(28, 11, 'Nandan Academy', '', '1/1, A.J.C. Bose Road', 'kolkata', 'West Bengal', 700020, 'Latitude and Longitude are the units that represent the coordinates at geographic coordinate system. Just like every actual house has its address (which includes the number, the name of the street, city, etc), every single point on the surface of earth can be specified by the latitude and longitude coordinates. Therefore, by using latitude and longitude we can specify virtually any point on earth.', '9804771723', '9804771724', '9874589635', 'nandanacademy@gmail.com', 'www.nandanacademy.com', '1', 'The latitude has the symbol of phi, and it shows the angle between the straight line in the certain point and the equatorial plane. The latitude is specified by degrees, starting from 0° and ending up with 90° to both sides of the equator, making latitude Northern and Southern. The equator is the line with 0° latitude.', 50, 1, 'The longitude has the symbol of lambda and is another angular coordinate defining the position of a point on a surface of earth.', '22.541902', '88.346090', '1', 0, '1', 19, 0, '2017-11-08 08:06:14', '0000-00-00 00:00:00'),
(29, 11, 'Nandan Academy', '', '1/1, A.J.C. Bose Road', 'kolkata', 'West Bengal', 700020, 'Latitude and Longitude are the units that represent the coordinates at geographic coordinate system. Just like every actual house has its address (which includes the number, the name of the street, city, etc), every single point on the surface of earth can be specified by the latitude and longitude coordinates. Therefore, by using latitude and longitude we can specify virtually any point on earth.', '9804771723', '9804771724', '9874589635', 'nandanacademy@gmail.com', 'www.nandanacademy.com', '1', 'The latitude has the symbol of phi, and it shows the angle between the straight line in the certain point and the equatorial plane. The latitude is specified by degrees, starting from 0° and ending up with 90° to both sides of the equator, making latitude Northern and Southern. The equator is the line with 0° latitude.', 50, 1, 'The longitude has the symbol of lambda and is another angular coordinate defining the position of a point on a surface of earth.', '22.541902', '88.346090', '1', 0, '1', 14, 0, '2017-11-08 08:14:07', '0000-00-00 00:00:00'),
(30, 11, 'Sind', '', '1/1, A.J.C. Bose Road', 'kolkata', 'West Bengal', 700020, 'Latitude and Longitude are the units that represent the coordinates at geographic coordinate system. Just like every actual house has its address (which includes the number, the name of the street, city, etc), every single point on the surface of earth can be specified by the latitude and longitude coordinates. Therefore, by using latitude and longitude we can specify virtually any point on earth.', '9804771723', '9804771724', '9874589635', 'nandanacademy@gmail.com', 'www.nandanacademy.com', '1', 'The latitude has the symbol of phi, and it shows the angle between the straight line in the certain point and the equatorial plane. The latitude is specified by degrees, starting from 0° and ending up with 90° to both sides of the equator, making latitude Northern and Southern. The equator is the line with 0° latitude.', 50, 1, 'The longitude has the symbol of lambda and is another angular coordinate defining the position of a point on a surface of earth.', '22.541902', '88.346090', '1', 0, '1', 14, 0, '2017-11-08 08:30:38', '0000-00-00 00:00:00'),
(31, 2, 'Dump Site', 'use this dump', 'DN 53', 'Kolkata', 'West Bengal', 700091, 'use this dump', '9804771709', '', '', 'dump@test.com', 'www.dump.com', '1', '', 500, 1, 'RS more', '22.5353965', '88.3482485', '1', 0, '1', 14, 0, '2017-11-08 12:19:57', '0000-00-00 00:00:00'),
(32, 2, 'Dump Site', 'use this dump', 'DN 53', 'Kolkata', 'West Bengal', 700091, 'use this dump', '9804771709', '', '', 'dump@test.com', 'www.dump.com', '1', '', 500, 1, 'RS more', '22.5353965', '88.3482485', '1', 0, '1', 20, 3, '2017-11-08 12:24:59', '0000-00-00 00:00:00'),
(33, 2, 'Dump Site', 'use this dump', 'DN 53', 'Kolkata', 'West Bengal', 700091, 'use this dump', '9804771709', '', '', 'dump@test.com', 'www.dump.com', '1', '', 500, 1, 'RS more', '22.5353965', '88.3482485', '1', 0, '1', 13, 0, '2017-11-08 12:25:50', '0000-00-00 00:00:00'),
(34, 2, 'Site', 'test', 'DN 53', 'Kolkata', 'West Bengal', 700091, 'test', '9804771709', '', '', 'test@test.com', 'www.test.com', '1', '', 500, 1, 'test', '22.5353965', '88.3482485', '1', 0, '1', 11, 1, '2017-11-08 13:18:03', '0000-00-00 00:00:00'),
(35, 2, 'Dump', 'Dump', 'DN 53', 'Kolkata', 'West Bengal', 700091, 'Dump', '9804771709', '', '', 'dump@test.com', 'www.dump.com', '1', '500', 500, 1, 'test', '22.5353965', '88.3482485', '1', 0, '1', 12, 0, '2017-11-14 11:37:01', '0000-00-00 00:00:00'),
(36, 2, 'Cgg', 'vg', 'DN 53', 'Kolkata', 'West Bengal', 700091, 'vg', '1234567890', '', '', 'fgg@njn.hjj', 'www.hhhh.com', '1', 'ghbvg', 500, 1, 'vhh', '22.5353965', '88.3482485', '1', 0, '1', 11, 0, '2017-11-08 13:24:58', '0000-00-00 00:00:00'),
(37, 2, 'Nandan Academy', '', '1/1, A.J.C. Bose Road', 'kolkata', 'West Bengal', 700020, 'Latitude and Longitude are the units that represent the coordinates at geographic coordinate system. Just like every actual house has its address (which includes the number, the name of the street, city, etc), every single point on the surface of earth can be specified by the latitude and longitude coordinates. Therefore, by using latitude and longitude we can specify virtually any point on earth.', '9804771723', '9804771724', '9874589635', 'nandanacademy@gmail.com', 'www.nandanacademy.com', '1', 'The latitude has the symbol of phi, and it shows the angle between the straight line in the certain point and the equatorial plane. The latitude is specified by degrees, starting from 0° and ending up with 90° to both sides of the equator, making latitude Northern and Southern. The equator is the line with 0° latitude.', 50, 1, 'The longitude has the symbol of lambda and is another angular coordinate defining the position of a point on a surface of earth.', '22.541902', '88.346090', '1', 0, '1', 11, 1, '2017-11-08 15:29:44', '0000-00-00 00:00:00'),
(38, 2, 'Nandan Academy', '', '1/1, A.J.C. Bose Road', 'kolkata', 'West Bengal', 700020, 'Latitude and Longitude are the units that represent the coordinates at geographic coordinate system. Just like every actual house has its address (which includes the number, the name of the street, city, etc), every single point on the surface of earth can be specified by the latitude and longitude coordinates. Therefore, by using latitude and longitude we can specify virtually any point on earth.', '9804771723', '9804771724', '9874589635', 'nandanacademy@gmail.com', 'www.nandanacademy.com', '1', 'The latitude has the symbol of phi, and it shows the angle between the straight line in the certain point and the equatorial plane. The latitude is specified by degrees, starting from 0° and ending up with 90° to both sides of the equator, making latitude Northern and Southern. The equator is the line with 0° latitude.', 50, 1, 'The longitude has the symbol of lambda and is another angular coordinate defining the position of a point on a surface of earth.', '22.541902', '88.346090', '1', 0, '1', 11, 0, '2017-11-08 15:33:40', '0000-00-00 00:00:00'),
(39, 2, 'Nandan Academy', '', '1/1, A.J.C. Bose Road', 'kolkata', 'West Bengal', 700020, 'Latitude and Longitude are the units that represent the coordinates at geographic coordinate system. Just like every actual house has its address (which includes the number, the name of the street, city, etc), every single point on the surface of earth can be specified by the latitude and longitude coordinates. Therefore, by using latitude and longitude we can specify virtually any point on earth.', '9804771723', '9804771724', '9874589635', 'nandanacademy@gmail.com', 'www.nandanacademy.com', '1', 'The latitude has the symbol of phi, and it shows the angle between the straight line in the certain point and the equatorial plane. The latitude is specified by degrees, starting from 0° and ending up with 90° to both sides of the equator, making latitude Northern and Southern. The equator is the line with 0° latitude.', 50, 1, 'The longitude has the symbol of lambda and is another angular coordinate defining the position of a point on a surface of earth.', '22.541902', '88.346090', '1', 0, '1', 11, 0, '2017-11-09 06:25:00', '0000-00-00 00:00:00'),
(40, 2, 'Your Dump', 'test dump create', 'DN 53', 'Kolkata', 'West Bengal', 700091, 'test dump create', '9804771709', '1234567890', '1234567890', 'dump@test.com', 'www.dump.com', '1', 'driver', 5000, 1, 'college more', '22.5353965', '88.3482485', '1', 0, '1', 10, 0, '2017-11-09 07:56:54', '0000-00-00 00:00:00'),
(41, 2, 'Dump1', 'dirbvghur hkue4i gjuefn hiyec', 'College More', 'Kolkata', 'WB', 700091, 'dirbvghur hkue4i gjuefn hiyec', '1233684566', '4565899562', '1234567890', '', '', '0', '', 0, 1, 'left turn', '22.5748872', '88.4339322', '1', 0, '1', 12, 0, '2017-11-16 05:32:41', '0000-00-00 00:00:00'),
(42, 2, 'Dumpsite2', 'sktubv hkurf jktdcv', 'College More', 'Kolkata', 'Wb', 700091, 'sktubv hkurf jktdcv', '7865216652', '', '', '', '', '1', '', 0, 1, 'dhjdvv', '22.5748872', '88.4339322', '1', 0, '1', 10, 0, '2017-11-09 09:45:53', '0000-00-00 00:00:00'),
(43, 22, 'Gahsbs', 'hsbsjjs', 'DN 53', 'Kolkata', 'West Bengal', 700091, 'hsbsjjs', '9764646641', '9051193322', '', '', '', '0', 'bzbzkzk', 1000, 1, 'cah', '22.5353965', '88.3482485', '1', 0, '1', 10, 0, '2017-11-09 10:52:50', '0000-00-00 00:00:00'),
(44, 18, 'uipl', 'Uipl direction', 'Sewari Wadala Road B/1', 'Mumbai', 'Maharashtra', 400019, 'Test', '125698703', '1236874590', '523698710', 'ff@gg.hh', 'try.com', '0', 'Test', 0, 1, '', '19.0176147', '72.8561644', '1', 0, '1', 8, 0, '2017-11-09 11:09:28', '0000-00-00 00:00:00'),
(45, 2, 'Dumpsite2', 'vvfhn hiwjnw jsjsbs jwiqobsvd hsuheb', 'College More', 'KOLKATA', 'Wb', 700091, 'vvfhn hiwjnw jsjsbs jwiqobsvd hsuheb', '7907381601', '', '', '', '', '1', '', 0, 1, 'straight webel more', '22.5748872', '88.4339322', '1', 0, '1', 13, 0, '2017-11-09 14:14:43', '0000-00-00 00:00:00'),
(46, 2, 'DumpSite4', '', 'DN 53', 'Kolkata', 'West Bengal', 700091, '', '7097381601', '', '', '', '', '0', 'ghij wjjqi wjjqi whqhh hqhqj. w', 0, 1, 'ghjjjsbjj hwjwjj hahah hwhahwj hahwh', '22.5353965', '88.3482485', '1', 0, '1', 13, 0, '2017-11-13 04:57:24', '0000-00-00 00:00:00'),
(47, 2, 'Dump', 'hejej', 'DN 53', 'Kolkata', 'West Bengal', 700091, 'hejej', '9465879048', '', '', '', '', '0', '', 0, 1, 'hdhdj', '22.5353965', '88.3482485', '1', 0, '1', 13, 0, '2017-11-13 05:46:12', '0000-00-00 00:00:00'),
(48, 2, 'My Dump Site 13', 'vghw jjajsj bahi hsjqib ajjqb hwiqkv ajjqb have a hahaha wgbab', 'DN 53', 'Kolkata', 'West Bengal', 700091, 'vghw jjajsj bahi hsjqib ajjqb hwiqkv ajjqb have a hahaha wgbab', '7097381601', '1234568490', '8484646048', 'fwfag@gbann. xv', 'wwww.hshhggg.com', '0', 'fa gets hahaha ajha haha', 10, 1, 'left to rs more', '22.5353965', '88.3482485', '1', 0, '1', 12, 1, '2017-11-13 11:43:45', '0000-00-00 00:00:00'),
(49, 2, 'Dddump', '', 'DN 53', 'Kolkata', 'West Bengal', 700091, '', '7806258885', '', '', '', '', '0', '', 50, 1, 'gb hghh hhg', '22.5353965', '88.3482485', '1', 0, '1', 11, 0, '2017-11-13 13:11:53', '0000-00-00 00:00:00'),
(50, 2, 'Watch King 1', 'Watch King 1', 'Bnjj', 'kolkata', 'West Bengal', 700156, 'Watch King 1', '9804771709', '', '', 'watchking@gmail.com', 'www.watchking.com', '1', '50', 50, 1, 'Latitude and Longitude are the units that represent the coordinates at geographic coordinate system. Just like every actual house has its address (which includes the number, the name of the street, city, etc), every single point on the surface of earth ca', '22.5334483', '88.38892849999999', '1', 0, '1', 11, 1, '2017-11-14 05:21:42', '0000-00-00 00:00:00'),
(51, 2, 'Dump', 'Dump', '700136', 'Bidhannagar', 'West Bengal', 700136, 'Dump', '9804771709', '9804771709', '9804771709', 'dump@test.com', 'www.dump.com', '0', '500', 500, 1, 'test', '22.57721603284283', '88.4318406370605', '1', 0, '1', 8, 0, '2017-11-16 05:23:00', '0000-00-00 00:00:00'),
(52, 2, 'uipl test', 'Uipl description', '700136', 'Bidhannagar', 'West Bengal', 700136, 'This is a test Direction', '7501500090', '7501500090', '7501500090', 'sambaran.unified@gmail.com', 'uipl.com', '1', 'Enjoy', 10, 1, '', '22.57718979886843', '88.43185824584586', '1', 0, '1', 8, 1, '2017-11-16 06:56:51', '0000-00-00 00:00:00'),
(53, 2, 'Ghd', 'Ghd', '700136', 'Bidhannagar', 'West Bengal', 700136, 'Hshs', '7501500090', '', '', 'dd@bh.bh', 'Ghd.com', '1', '', 12, 1, '', '22.57724074447623', '88.43182702078445', '1', 0, '1', 8, 1, '2017-11-16 07:48:34', '0000-00-00 00:00:00'),
(54, 2, 'Ghd', 'Ghd', '700136', 'Bidhannagar', 'West Bengal', 700136, '', '1234567890', '', '', '', '', '1', '', 0, 1, '', '22.57719194545624', '88.43180487050856', '1', 0, '1', 7, 1, '2017-11-17 12:37:15', '0000-00-00 00:00:00'),
(55, 2, 'My Dump Area', 'dgfvg hhcff yuy fhf', 'DN 53', 'Kolkata', 'West Bengal', 700091, 'dgfvg hhcff yuy fhf', '7097381601', '7097381601', '4562995798', 'sssd@gmail.com', 'www.ffff.ggg.com', '1', 'ccvbv', 50, 1, 'xffd ghfc', '22.5353965', '88.3482485', '1', 0, '1', 8, 1, '2017-11-20 11:31:17', '0000-00-00 00:00:00'),
(56, 2, 'My Dump Area', 'dgfvg hhcff yuy fhf', 'DN 53', 'Kolkata', 'West Bengal', 700091, 'dgfvg hhcff yuy fhf', '7097381601', '7097381601', '4562995798', 'sssd@gmail.com', 'www.ffff.ggg.com', '1', 'ccvbv', 50, 1, 'xffd ghfc', '22.5353965', '88.3482485', '1', 0, '1', 9, 2, '2017-11-20 11:31:18', '0000-00-00 00:00:00'),
(57, 2, 'My Dump Area', 'dgfvg hhcff yuy fhf', 'DN 53', 'Kolkata', 'West Bengal', 700091, 'dgfvg hhcff yuy fhf', '7097381601', '7097381601', '4562995798', 'sssd@gmail.com', 'www.ffff.ggg.com', '1', 'ccvbv', 50, 1, 'xffd ghfc', '22.5353965', '88.3482485', '1', 0, '1', 10, 1, '2017-11-20 11:32:40', '0000-00-00 00:00:00'),
(58, 2, 'My Dump Area', 'dgfvg hhcff yuy fhf', 'DN 53', 'Kolkata', 'West Bengal', 700091, 'dgfvg hhcff yuy fhf', '7097381601', '7097381601', '4562995798', 'sssd@gmail.com', 'www.ffff.ggg.com', '1', 'ccvbv', 50, 1, 'xffd ghfc', '22.5353965', '88.3482485', '1', 0, '1', 10, 0, '2017-11-20 11:33:02', '0000-00-00 00:00:00'),
(59, 2, 'dhdhhdhd', 'Dhhdhdhd', 'dhdhdh', 'dhdhdh', 'dhdhdh', 12525555, '', '9868688686', '', '', '', '', '1', '', 0, 1, '', '0', '0', '1', 0, '1', 3, 4, '2017-11-21 14:01:27', '0000-00-00 00:00:00'),
(60, 39, 'Balir Khadan', 'this is a khadan', 'DN 53', 'Kolkata', 'West Bengal', 700091, 'this is a khadan', '9051193322', '905193322', '', '', '', '1', '', 0, 1, 'come my love', '22.5353965', '88.3482485', '1', 0, '0', 0, 15, '2017-11-24 14:34:28', '0000-00-00 00:00:00'),
(61, 39, 'Balir Khadan', 'this is a khadan', 'DN 53', 'Kolkata', 'West Bengal', 700091, 'this is a khadan', '9051193322', '905193322', '', '', '', '1', 'please come', 67, 1, 'come my love', '22.5353965', '88.3482485', '1', 0, '1', 18, 19, '2017-11-24 14:35:09', '0000-00-00 00:00:00');

-- --------------------------------------------------------

--
-- Table structure for table `dump_site_timing`
--

CREATE TABLE `dump_site_timing` (
  `id` int(11) NOT NULL,
  `dump_site_id` int(11) NOT NULL,
  `day` int(11) NOT NULL COMMENT '0: ''Sunday'',         	1: ''Monday'',        	2: ''Tuesday'',         	3: ''Wednesday'',         	4: ''Thursday'',         	5: ''Friday'',         	6: ''Saturday''',
  `is_open` varchar(50) NOT NULL COMMENT 'true/false',
  `open_from` time NOT NULL,
  `open_to` time NOT NULL
) ENGINE=InnoDB DEFAULT CHARSET=latin1;

--
-- Dumping data for table `dump_site_timing`
--

INSERT INTO `dump_site_timing` (`id`, `dump_site_id`, `day`, `is_open`, `open_from`, `open_to`) VALUES
(43, 2, 0, '1', '08:00:00', '23:00:00'),
(44, 2, 1, '1', '07:00:00', '23:00:00'),
(45, 2, 2, '1', '07:00:00', '22:00:00'),
(46, 2, 3, '1', '07:00:00', '22:00:00'),
(47, 2, 4, '1', '07:00:00', '23:30:00'),
(48, 2, 5, '1', '07:00:00', '22:00:00'),
(49, 2, 6, '1', '07:00:00', '22:00:00'),
(57, 43, 0, '0', '15:15:00', '16:15:00'),
(58, 43, 1, '1', '18:21:00', '22:39:00'),
(59, 43, 2, '1', '18:17:00', '13:17:00'),
(60, 43, 3, '1', '16:20:00', '16:20:00'),
(61, 43, 4, '1', '18:17:00', '14:17:00'),
(62, 43, 5, '1', '15:21:00', '20:21:00'),
(63, 43, 6, '1', '14:22:00', '20:22:00'),
(64, 44, 0, '1', '03:37:00', '17:43:00'),
(65, 44, 1, '1', '01:36:00', '17:39:00'),
(66, 44, 2, '1', '02:36:00', '17:39:00'),
(67, 44, 3, '0', '00:00:00', '00:00:00'),
(68, 44, 4, '0', '00:00:00', '00:00:00'),
(69, 44, 5, '0', '00:00:00', '00:00:00'),
(70, 44, 6, '0', '00:00:00', '00:00:00'),
(71, 46, 0, '1', '10:26:00', '10:26:00'),
(72, 46, 1, '1', '00:31:00', '22:58:00'),
(73, 46, 2, '1', '10:27:00', '10:27:00'),
(74, 46, 3, '1', '00:22:00', '23:00:00'),
(75, 46, 4, '1', '00:26:00', '17:26:00'),
(76, 46, 5, '1', '01:36:00', '10:26:00'),
(77, 46, 6, '0', '10:21:00', '23:57:00'),
(78, 47, 0, '0', '00:00:00', '00:00:00'),
(79, 47, 1, '1', '11:14:00', '11:14:00'),
(80, 47, 2, '0', '00:00:00', '00:00:00'),
(81, 47, 3, '0', '00:00:00', '00:00:00'),
(82, 47, 4, '1', '11:14:00', '11:14:00'),
(83, 47, 5, '0', '00:00:00', '00:00:00'),
(84, 47, 6, '0', '00:00:00', '00:00:00'),
(85, 48, 0, '1', '05:12:00', '17:12:00'),
(86, 48, 1, '1', '02:12:00', '17:12:00'),
(87, 48, 2, '1', '01:12:00', '15:12:00'),
(88, 48, 3, '1', '01:12:00', '14:12:00'),
(89, 48, 4, '1', '01:50:00', '16:12:00'),
(90, 48, 5, '1', '05:12:00', '17:13:00'),
(91, 48, 6, '1', '01:13:00', '17:13:00'),
(92, 49, 0, '1', '18:38:00', '22:38:00'),
(93, 49, 1, '1', '01:39:00', '18:39:00'),
(94, 49, 2, '0', '00:00:00', '00:00:00'),
(95, 49, 3, '0', '00:00:00', '00:00:00'),
(96, 49, 4, '1', '01:39:00', '18:39:00'),
(97, 49, 5, '1', '13:39:00', '18:39:00'),
(98, 49, 6, '1', '01:39:00', '22:39:00'),
(148, 51, 0, '0', '00:00:00', '00:00:00'),
(149, 51, 1, '0', '00:00:00', '00:00:00'),
(150, 51, 2, '0', '00:00:00', '00:00:00'),
(151, 51, 3, '0', '00:00:00', '00:00:00'),
(152, 51, 4, '0', '00:00:00', '00:00:00'),
(153, 51, 5, '0', '00:00:00', '00:00:00'),
(154, 51, 6, '0', '00:00:00', '00:00:00'),
(155, 41, 0, '0', '00:00:00', '00:00:00'),
(156, 41, 1, '0', '00:00:00', '00:00:00'),
(157, 41, 2, '0', '00:00:00', '00:00:00'),
(158, 41, 3, '0', '00:00:00', '00:00:00'),
(159, 41, 4, '0', '00:00:00', '00:00:00'),
(160, 41, 5, '0', '00:00:00', '00:00:00'),
(161, 41, 6, '0', '00:00:00', '00:00:00');

-- --------------------------------------------------------

--
-- Table structure for table `favourites`
--

CREATE TABLE `favourites` (
  `id` int(11) NOT NULL,
  `reference_id` int(11) NOT NULL COMMENT 'either job_site_id or dump_site_id or user_id according to reference_id_type',
  `reference_id_type` enum('dump_site','job_site','users') NOT NULL,
  `user_id` int(11) NOT NULL COMMENT 'who''s favourite',
  `created_at` datetime NOT NULL
) ENGINE=InnoDB DEFAULT CHARSET=latin1;

--
-- Dumping data for table `favourites`
--

INSERT INTO `favourites` (`id`, `reference_id`, `reference_id_type`, `user_id`, `created_at`) VALUES
(2, 2, 'job_site', 2, '2017-11-22 06:34:42'),
(7, 3, 'job_site', 2, '2017-11-23 07:31:11'),
(22, 14, 'dump_site', 5, '2017-11-23 09:54:49'),
(36, 4, 'dump_site', 2, '2017-11-24 07:03:05'),
(39, 32, 'dump_site', 36, '2017-11-24 07:24:01'),
(43, 22, 'job_site', 39, '2017-11-24 10:04:20'),
(44, 3, 'dump_site', 39, '2017-11-24 14:30:41'),
(48, 4, 'job_site', 2, '2017-11-27 09:32:54'),
(51, 16, 'job_site', 2, '2017-11-27 09:40:24');

-- --------------------------------------------------------

--
-- Table structure for table `fees`
--

CREATE TABLE `fees` (
  `id` int(255) NOT NULL,
  `monthly_fee` double(10,2) NOT NULL,
  `yearly_fee` double(10,2) NOT NULL,
  `is_deleted` int(1) NOT NULL DEFAULT '0' COMMENT '0=undeleted, 1=deleted'
) ENGINE=InnoDB DEFAULT CHARSET=latin1;

-- --------------------------------------------------------

--
-- Table structure for table `forgot_password_requests`
--

CREATE TABLE `forgot_password_requests` (
  `id` int(11) NOT NULL,
  `uid` int(11) NOT NULL,
  `reference_id` varchar(255) COLLATE utf8_unicode_ci NOT NULL
) ENGINE=InnoDB DEFAULT CHARSET=utf8 COLLATE=utf8_unicode_ci;

-- --------------------------------------------------------

--
-- Table structure for table `image`
--

CREATE TABLE `image` (
  `id` int(255) NOT NULL,
  `job_site_id` int(255) NOT NULL,
  `dump_site_id` int(255) NOT NULL,
  `image` varchar(255) NOT NULL,
  `created_at` datetime NOT NULL,
  `updated_at` datetime NOT NULL
) ENGINE=InnoDB DEFAULT CHARSET=latin1 COMMENT='DUMP SITE AND JOB SITE IMAGE';

--
-- Dumping data for table `image`
--

INSERT INTO `image` (`id`, `job_site_id`, `dump_site_id`, `image`, `created_at`, `updated_at`) VALUES
(1, 0, 2, '07443410 - OTP Validation.jpg', '2017-11-09 07:44:34', '0000-00-00 00:00:00'),
(2, 0, 3, '111417IMG_20171114_164351.jpg', '2017-11-14 11:14:17', '0000-00-00 00:00:00'),
(3, 0, 4, '', '2017-11-06 11:16:41', '0000-00-00 00:00:00'),
(4, 0, 5, '065425IMG_20171114_122337.jpg', '2017-11-14 06:54:25', '0000-00-00 00:00:00'),
(5, 0, 6, '', '2017-11-06 11:18:03', '0000-00-00 00:00:00'),
(6, 0, 7, '', '2017-11-06 11:18:35', '0000-00-00 00:00:00'),
(7, 0, 8, '100140IMG_20171114_153121.jpg', '2017-11-14 10:01:40', '0000-00-00 00:00:00'),
(8, 0, 9, '', '2017-11-06 11:19:04', '0000-00-00 00:00:00'),
(9, 0, 10, '', '2017-11-06 13:28:12', '0000-00-00 00:00:00'),
(10, 0, 11, '[]', '2017-11-07 11:13:17', '0000-00-00 00:00:00'),
(11, 0, 12, '[]', '2017-11-07 11:32:43', '0000-00-00 00:00:00'),
(12, 0, 13, '', '2017-11-07 12:00:37', '0000-00-00 00:00:00'),
(13, 0, 14, '[]', '2017-11-07 12:44:46', '0000-00-00 00:00:00'),
(14, 0, 15, '', '2017-11-07 12:57:06', '0000-00-00 00:00:00'),
(15, 0, 31, '121957IMG_20171108_174839.jpg', '2017-11-08 12:19:57', '0000-00-00 00:00:00'),
(16, 0, 32, '122459IMG_20171108_174839.jpg', '2017-11-08 12:24:59', '0000-00-00 00:00:00'),
(17, 0, 33, '122550IMG_20171108_174839.jpg', '2017-11-08 12:25:50', '0000-00-00 00:00:00'),
(18, 0, 34, '131803IMG_20171108_184204.jpg', '2017-11-08 13:18:03', '0000-00-00 00:00:00'),
(19, 0, 35, '132153IMG_20171108_185013.jpg', '2017-11-08 13:21:53', '0000-00-00 00:00:00'),
(20, 0, 36, '132458IMG_20171108_185250.jpg', '2017-11-08 13:24:58', '0000-00-00 00:00:00'),
(21, 0, 40, '075654IMG_20171109_132340.jpg', '2017-11-09 07:56:54', '0000-00-00 00:00:00'),
(22, 0, 41, '053241file.jpg', '2017-11-16 05:32:41', '0000-00-00 00:00:00'),
(23, 0, 43, '105250IMG_20171109_161814.jpg', '2017-11-09 10:52:50', '0000-00-00 00:00:00'),
(24, 0, 48, '114345IMG_20171113_171006.jpg', '2017-11-13 11:43:45', '0000-00-00 00:00:00'),
(25, 0, 50, '052142IMG_20171114_104901.jpg', '2017-11-14 05:21:42', '0000-00-00 00:00:00'),
(27, 1, 0, '134647IMG_20171116_191615.jpg', '2017-11-16 13:46:47', '0000-00-00 00:00:00'),
(28, 5, 0, '105747images.jpg', '2017-11-15 10:57:47', '0000-00-00 00:00:00'),
(29, 0, 52, '065651file.jpg', '2017-11-16 06:56:51', '0000-00-00 00:00:00'),
(30, 6, 0, '130415IMG_20171116_183331.jpg', '2017-11-16 13:04:15', '0000-00-00 00:00:00'),
(31, 7, 0, '130415IMG_20171116_183331.jpg', '2017-11-16 13:04:15', '0000-00-00 00:00:00'),
(32, 13, 0, '142847IMG_20171116_195512.jpg', '2017-11-16 14:28:47', '0000-00-00 00:00:00'),
(33, 14, 0, '140208IMG_20171117_193125.jpg', '2017-11-17 14:02:08', '0000-00-00 00:00:00'),
(34, 15, 0, '091812IMG_20171120_144628.jpg', '2017-11-20 09:18:12', '0000-00-00 00:00:00'),
(35, 16, 0, '091907IMG_20171120_144849.jpg', '2017-11-20 09:19:07', '0000-00-00 00:00:00'),
(36, 17, 0, '092654IMG_20171120_145303.jpg', '2017-11-20 09:26:54', '0000-00-00 00:00:00'),
(37, 18, 0, '095103IMG_20171120_151831.jpg', '2017-11-20 09:51:03', '0000-00-00 00:00:00'),
(38, 19, 0, '095157IMG_20171120_151831.jpg', '2017-11-20 09:51:57', '0000-00-00 00:00:00'),
(39, 4, 0, '110908IMG_20171120_163855.jpg', '2017-11-20 11:09:08', '0000-00-00 00:00:00'),
(40, 21, 0, '051440file.jpg', '2017-11-21 05:14:40', '0000-00-00 00:00:00'),
(41, 0, 59, '140127file.jpg', '2017-11-21 14:01:27', '0000-00-00 00:00:00'),
(42, 22, 0, '100222IMG_20171124_153128.jpg', '2017-11-24 10:02:22', '0000-00-00 00:00:00'),
(43, 23, 0, '101033file.jpg', '2017-11-24 10:10:33', '0000-00-00 00:00:00'),
(44, 24, 0, '095335IMG_20171127_152318.jpg', '2017-11-27 09:53:35', '0000-00-00 00:00:00'),
(45, 0, 60, '143428IMG_20171124_200230.jpg', '2017-11-24 14:34:28', '0000-00-00 00:00:00'),
(46, 0, 61, '143509IMG_20171124_200230.jpg', '2017-11-24 14:35:09', '0000-00-00 00:00:00'),
(47, 25, 0, '100631IMG_20171127_153536.jpg', '2017-11-27 10:06:31', '0000-00-00 00:00:00'),
(48, 26, 0, '102417file.jpg', '2017-11-27 10:24:17', '0000-00-00 00:00:00');

-- --------------------------------------------------------

--
-- Table structure for table `job_site`
--

CREATE TABLE `job_site` (
  `id` int(255) NOT NULL,
  `contractor_id` int(255) NOT NULL,
  `site_name` varchar(255) NOT NULL,
  `description` text NOT NULL,
  `street` varchar(255) NOT NULL,
  `city` varchar(255) NOT NULL,
  `state` varchar(255) NOT NULL,
  `zipcode` int(50) NOT NULL,
  `direction_note` text NOT NULL,
  `phone_no` varchar(20) NOT NULL,
  `primary_mobile_no` varchar(20) NOT NULL,
  `secondary_mobile_no` varchar(20) NOT NULL,
  `email` varchar(255) NOT NULL,
  `website` varchar(255) NOT NULL,
  `project_start_date` date NOT NULL,
  `project_end_date` date NOT NULL,
  `drivers_needed` enum('0','1') NOT NULL DEFAULT '1',
  `total_truk_driver` int(255) NOT NULL,
  `driver_instructions` text NOT NULL,
  `latitude` varchar(255) NOT NULL,
  `longitude` varchar(255) NOT NULL,
  `site_image` varchar(255) NOT NULL,
  `is_available` enum('0','1') NOT NULL DEFAULT '1' COMMENT '1=available,0=unavailable',
  `is_deleted` enum('0','1') NOT NULL DEFAULT '0' COMMENT '1=deleted,0=undeleted',
  `is_redis_effected` enum('0','1') NOT NULL COMMENT '0->not effected, 1->effected',
  `appeared_in_search_count` bigint(20) NOT NULL,
  `details_viewed_count` bigint(20) NOT NULL,
  `created_at` datetime NOT NULL,
  `updated_at` datetime NOT NULL
) ENGINE=InnoDB DEFAULT CHARSET=latin1;

--
-- Dumping data for table `job_site`
--

INSERT INTO `job_site` (`id`, `contractor_id`, `site_name`, `description`, `street`, `city`, `state`, `zipcode`, `direction_note`, `phone_no`, `primary_mobile_no`, `secondary_mobile_no`, `email`, `website`, `project_start_date`, `project_end_date`, `drivers_needed`, `total_truk_driver`, `driver_instructions`, `latitude`, `longitude`, `site_image`, `is_available`, `is_deleted`, `is_redis_effected`, `appeared_in_search_count`, `details_viewed_count`, `created_at`, `updated_at`) VALUES
(1, 2, 'UDP Job Site1111', '', 'DN 53', 'Kolkata', 'West Bengal', 700091, '', '7097381601', '1234567890', '5698457896', 'dummysite@gmail.com', 'dummysite.com', '2017-11-22', '2018-02-28', '1', 10, '', '22.5353965', '22.5353965', '', '1', '0', '1', 151, 178, '2017-09-12 00:00:00', '2017-11-16 13:46:47'),
(4, 2, 'Mouse Site', '', '12 B.H. Road', 'kolkata', 'West Bengal', 700090, '', '9051478956', '1234567890', '5698457896', 'dummysite@gmail.com', 'dummysite.com', '2017-11-18', '2017-11-30', '1', 0, '', '22.4888218', '22.4888218', '', '1', '0', '1', 151, 45, '2017-11-15 10:53:55', '2017-11-27 09:28:01'),
(5, 2, 'Test Test4444', '', 'DN 53', 'Kolkata', 'West Bengal', 700091, '', '7097381601', '1234567890', '5698457896', 'dummysite111@gmail.com', 'dummysite.com', '2017-11-22', '2017-11-28', '0', 0, '', '22.5353965', '22.5353965', '', '1', '0', '1', 151, 10, '2017-11-15 10:57:47', '2017-11-16 14:05:03'),
(6, 2, 'UDP Job Site', '', 'DN 53', 'Kolkata', 'West Bengal', 700091, '', '9051478956', '1234567890', '5698457896', 'dummysite@gmail.com', 'dummysite.com', '0000-00-00', '0000-00-00', '0', 0, '', '22.5353965', '22.5353965', '', '1', '0', '1', 14, 5, '2017-11-16 13:04:15', '0000-00-00 00:00:00'),
(7, 2, 'UDP Job Site', '', 'DN 53', 'Kolkata', 'West Bengal', 700091, '', '9051478956', '1234567890', '5698457896', 'dummysite@gmail.com', 'dummysite.com', '0000-00-00', '0000-00-00', '0', 0, '', '22.5353965', '22.5353965', '', '1', '0', '1', 14, 4, '2017-11-16 13:04:15', '0000-00-00 00:00:00'),
(8, 2, 'UDP Job Site', '', 'DN 53', 'Kolkata', 'West Bengal', 700091, '', '9051478956', '1234567890', '5698457896', 'dummysite@gmail.com', 'dummysite.com', '0000-00-00', '0000-00-00', '0', 0, '', '22.5353965', '22.5353965', '', '1', '0', '1', 0, 0, '2017-11-16 13:07:59', '0000-00-00 00:00:00'),
(9, 2, 'UDP Job Site', '', 'DN 53', 'Kolkata', 'West Bengal', 700091, '', '9051478956', '1234567890', '5698457896', 'dummysite@gmail.com', 'dummysite.com', '0000-00-00', '0000-00-00', '0', 0, '', '22.5353965', '22.5353965', '', '1', '0', '1', 0, 2, '2017-11-16 13:28:27', '0000-00-00 00:00:00'),
(10, 2, 'UDP Job Site', '', 'DN 53', 'Kolkata', 'West Bengal', 700091, '', '9051478956', '1234567890', '5698457896', 'dummysite@gmail.com', 'dummysite.com', '0000-00-00', '0000-00-00', '0', 0, '', '22.5353965', '22.5353965', '', '1', '0', '1', 0, 0, '2017-11-16 13:33:41', '0000-00-00 00:00:00'),
(11, 2, 'UDP Job Site222222', '', 'DN 53', 'Kolkata', 'West Bengal', 700091, '', '9051478956', '1234567890', '5698457896', 'dummysite@gmail.com', 'dummysite.com', '0000-00-00', '0000-00-00', '0', 0, '', '22.5353965', '22.5353965', '', '1', '0', '1', 0, 2, '2017-11-16 13:38:19', '0000-00-00 00:00:00'),
(12, 2, 'dfgfd', '', 'DN 53', 'Kolkata', 'West Bengal', 700091, '', '1234567890', '', '', '', '', '2017-11-17', '2017-11-29', '0', 0, '', '22.5353965', '22.5353965', '', '1', '0', '1', 137, 7, '2017-11-16 14:10:10', '0000-00-00 00:00:00'),
(13, 2, 'dfffhh457974ftghv', 'vggvv ghbcd ghhgh', 'DN 53', 'Kolkata', 'West Bengal', 700091, 'vggvv ghbcd ghhgh', '1236598745', '', '', 'dfhh@gmail.com', 'www.rrttyyy.com', '2017-11-18', '2017-11-29', '0', 0, 'fhnbvvjj', '22.5353965', '22.5353965', '', '1', '0', '1', 137, 2, '2017-11-16 14:23:54', '2017-11-16 14:28:47'),
(14, 2, 'Site job', '', 'DN 53', 'Kolkata', 'West Bengal', 700091, '', '9780495163', '', '', '', '', '2017-11-17', '2017-11-30', '0', 0, '', '22.5353965', '22.5353965', '', '1', '0', '1', 71, 2, '2017-11-17 14:02:08', '2017-11-17 14:02:41'),
(15, 2, 'my jobsite111', '', 'DN 53', 'Kolkata', 'West Bengal', 700091, '', '7097381601', '7097381601', '7097381601', 'deb@gmail.com', 'www.google.com', '2017-11-20', '2017-11-25', '0', 0, '', '22.5353965', '22.5353965', '', '1', '0', '1', 29, 13, '2017-11-20 07:49:00', '2017-11-20 09:18:12'),
(16, 2, 'my job site1111', '', 'DN 53', 'Kolkata', 'West Bengal', 700091, '', '8956412370', '', '', '', '', '2017-11-21', '2017-11-30', '1', 0, '', '22.5353965', '22.5353965', '', '1', '0', '1', 71, 12, '2017-11-20 09:17:31', '2017-11-27 09:39:23'),
(17, 2, 'my new site', 'general chat history and the fact they', 'DN 53', 'Kolkata', 'West Bengal', 700091, 'general chat history and the fact they', '9465783125', '', '', '', '', '2017-11-20', '2017-11-30', '1', 12, '', '22.5353965', '22.5353965', '', '1', '0', '1', 71, 0, '2017-11-20 09:26:54', '0000-00-00 00:00:00'),
(18, 2, 'job site check', 'Hugh I can send it is the same as well I can send the details TOR sir I will', 'DN 53', 'Kolkata', 'West Bengal', 700091, 'Hugh I can send it is the same as well I can send the details TOR sir I will', '9865321457', '', '', '', '', '2017-11-20', '2017-11-30', '1', 14, '', '22.5353965', '22.5353965', '', '1', '0', '1', 71, 2, '2017-11-20 09:51:03', '0000-00-00 00:00:00'),
(19, 2, 'job site check', 'Hugh I can send it is the same as well I can send the details TOR sir I will', 'DN 53', 'Kolkata', 'West Bengal', 700091, 'Hugh I can send it is the same as well I can send the details TOR sir I will', '9865321457', '', '', '', '', '2017-11-20', '2017-11-30', '1', 14, '', '22.5353965', '22.5353965', '', '1', '0', '1', 50, 2, '2017-11-20 09:51:57', '0000-00-00 00:00:00'),
(20, 2, 'Natural Site', 'Lorem Ipsum is simply dummy text of the printing and typesetting industry. Lorem Ipsum has been the industry\'s standard dummy text ever since the 1500s', 'Sewari Wadala Road B/1', 'Mumbai', 'Maharashtra', 400019, 'It is a long established fact that a reader will be distracted by the readable content of a page when looking at its layout', '7501500090', '', '', 'ddd@bb.nn', 'fff.com', '2017-10-20', '2017-11-20', '1', 11, 'Nothing', '19.0176147', '72.8561644', '', '1', '0', '1', 0, 0, '2017-11-21 05:12:58', '0000-00-00 00:00:00'),
(21, 2, 'Natural Site2', 'Lorem Ipsum is simply dummy text of the printing and typesetting industry. Lorem Ipsum has been the industry\'s standard dummy text ever since the 1500s', 'Sewari Wadala Road B/1', 'Mumbai', 'Maharashtra', 400019, 'It is a long established fact that a reader will be distracted by the readable content of a page when looking at its layout', '7501500090', '', '', 'mail@gmail.com', 'uipl.com', '2017-09-19', '2017-11-19', '1', 11, 'Nothing', '19.0176147', '72.8561644', '', '1', '0', '1', 0, 0, '2017-11-21 05:14:40', '0000-00-00 00:00:00'),
(22, 39, 'dhdhdhdh', '', 'DN 53', 'Kolkata', 'West Bengal', 700091, '', '9836520753', '', '', '', '', '2017-11-01', '2017-11-16', '0', 0, '', '22.5353965', '22.5353965', '', '1', '0', '1', 0, 40, '2017-11-24 10:02:22', '2017-11-27 10:20:06'),
(23, 39, 'cfhfhfh', '', '700136', 'Bidhannagar', 'West Bengal', 700136, '', '9836520753', '', '', '', '', '2017-11-01', '2017-11-16', '0', 0, '', '22.5771617674555', '88.43185258043141', '', '1', '0', '1', 0, 8, '2017-11-24 10:10:33', '0000-00-00 00:00:00'),
(24, 39, 'cfhfhfh', '', '700136', 'Bidhannagar', 'West Bengal', 700136, '', '9836520753', '', '', '', '', '2017-11-01', '2017-11-16', '1', 0, '', '22.6215581', '22.6215581', '', '1', '0', '1', 0, 12, '2017-11-24 10:11:12', '2017-11-27 09:53:35'),
(25, 39, 'testing site', '', 'DN 53', 'Kolkata', 'West Bengal', 700091, '', '9836520753', '', '', '', '', '2017-11-07', '2017-11-21', '1', 5, '', '22.5353965', '22.5353965', '', '1', '0', '1', 0, 0, '2017-11-27 10:06:31', '0000-00-00 00:00:00'),
(26, 39, 'dhdhhdhd', '', '700136', 'Bidhannagar', 'West Bengal', 700136, '', '9836520753', '', '', '', '', '2017-01-27', '2017-09-27', '0', 0, '', '22.57721905372705', '88.4318899673323', '', '1', '0', '1', 0, 0, '2017-11-27 10:24:17', '0000-00-00 00:00:00');

-- --------------------------------------------------------

--
-- Table structure for table `job_site_to_driver`
--

CREATE TABLE `job_site_to_driver` (
  `id` int(11) NOT NULL,
  `job_site_id` int(11) NOT NULL,
  `driver_id` int(11) NOT NULL COMMENT 'user_id',
  `is_removed` enum('0','1') NOT NULL DEFAULT '0' COMMENT '1 - removed, 0- not removed',
  `created_at` datetime NOT NULL,
  `updated_at` datetime NOT NULL
) ENGINE=InnoDB DEFAULT CHARSET=latin1;

--
-- Dumping data for table `job_site_to_driver`
--

INSERT INTO `job_site_to_driver` (`id`, `job_site_id`, `driver_id`, `is_removed`, `created_at`, `updated_at`) VALUES
(10, 7, 8, '0', '2017-11-14 00:00:00', '0000-00-00 00:00:00'),
(56, 1, 21, '0', '2017-11-20 09:54:31', '0000-00-00 00:00:00'),
(74, 1, 25, '0', '2017-11-22 11:26:43', '0000-00-00 00:00:00'),
(89, 1, 29, '0', '2017-11-22 11:26:43', '0000-00-00 00:00:00');

-- --------------------------------------------------------

--
-- Table structure for table `lead`
--

CREATE TABLE `lead` (
  `id` int(255) NOT NULL,
  `name` varchar(255) NOT NULL,
  `type` int(1) NOT NULL DEFAULT '1' COMMENT '1=job site,2=dump site,3=driver',
  `note` text NOT NULL,
  `street` varchar(255) NOT NULL,
  `city` varchar(255) NOT NULL,
  `state` varchar(255) NOT NULL,
  `zip_code` varchar(255) NOT NULL,
  `contact_person_name` varchar(255) NOT NULL,
  `contact_person_no` varchar(255) NOT NULL,
  `status` enum('1','2','3') NOT NULL DEFAULT '1' COMMENT '1=open,2=in progress,3=close',
  `created_at` datetime NOT NULL,
  `created_by` int(11) NOT NULL,
  `is_deleted` int(1) NOT NULL DEFAULT '1' COMMENT '1=deleted,0=undeleted',
  `is_redis_effected` enum('0','1') NOT NULL
) ENGINE=InnoDB DEFAULT CHARSET=latin1;

--
-- Dumping data for table `lead`
--

INSERT INTO `lead` (`id`, `name`, `type`, `note`, `street`, `city`, `state`, `zip_code`, `contact_person_name`, `contact_person_no`, `status`, `created_at`, `created_by`, `is_deleted`, `is_redis_effected`) VALUES
(1, 'Dummy Dump SIte', 2, 'Lorem ipsum', 'DN 78', 'Kolkata', 'West Bengal', '700091', 'Mr Roy', '9854125632', '1', '2017-11-13 10:34:10', 0, 2, '1'),
(2, 'Dummy Dump SIte', 2, 'Lorem ipsum', 'DN 78', 'Kolkata', 'West Bengal', '700091', 'Mr Roy', '9854125632', '1', '2017-11-13 10:34:26', 0, 2, '1'),
(3, 'Dummy Dump SIte', 2, 'Lorem ipsum', 'DN 78', 'Kolkata', 'West Bengal', '700091', 'Mr Roy', '9854125632', '1', '2017-11-13 10:35:39', 0, 2, '1'),
(4, 'Dummy Dump SIte', 2, 'Lorem ipsum', 'DN 78', 'Kolkata', 'West Bengal', '700091', 'Mr Roy', '9854125632', '1', '2017-11-13 10:35:43', 0, 2, '1'),
(5, 'Dummy Dump SIte', 2, 'Lorem ipsum', 'DN 78', 'Kolkata', 'West Bengal', '700091', 'Mr Roy', '9854125632', '1', '2017-11-13 10:36:36', 0, 2, '1'),
(6, 'Dummy Dump SIte', 2, 'Lorem ipsum', 'DN 78', 'Kolkata', 'West Bengal', '700091', 'Mr Roy', '9854125632', '1', '2017-11-13 10:36:57', 0, 2, '1'),
(7, 'Dummy Dump SIte', 2, 'Lorem ipsum', 'DN 78', 'Kolkata', 'West Bengal', '700091', 'Mr Roy', '9854125632', '1', '2017-11-13 10:37:27', 0, 2, '1'),
(8, 'Dummy Dump SIte', 2, 'Lorem ipsum', 'DN 78', 'Kolkata', 'West Bengal', '700091', 'Mr Roy', '9854125632', '1', '2017-11-13 10:38:34', 0, 2, '1'),
(9, 'Dummy Dump SIte', 2, 'Lorem ipsum', 'DN 78', 'Kolkata', 'West Bengal', '700091', 'Mr Roy', '9854125632', '1', '2017-11-13 10:40:28', 0, 2, '1'),
(10, 'Dummy Dump SIte', 2, 'Lorem ipsum', 'DN 78', 'Kolkata', 'West Bengal', '700091', 'Mr Roy', '9854125632', '1', '2017-11-13 10:41:11', 0, 2, '0'),
(11, 'Dummy Dump SIte', 2, 'Lorem ipsum', 'DN 78', 'Kolkata', 'West Bengal', '700091', 'Mr Roy', '9854125632', '1', '2017-11-13 10:41:34', 0, 2, '1'),
(12, 'pallab', 0, 'vybb hhv', 'college more', 'kolkata', 'west bengal', '700091', '', '', '1', '2017-11-20 14:06:24', 0, 2, '1'),
(13, 'rfdsxvnh', 0, 'dfxz', 'college more', 'kolkata', 'wB', '700091', '', '', '1', '2017-11-20 14:12:13', 0, 2, '1'),
(14, 'testLead', 1, 'Test', 'Sewari Wadala Road B/1', 'Mumbai', 'Maharashtra', '400019', 'qwerty', '7501500090', '1', '2017-11-24 07:58:18', 0, 2, '1');

-- --------------------------------------------------------

--
-- Table structure for table `master_reference_code`
--

CREATE TABLE `master_reference_code` (
  `id` int(255) NOT NULL,
  `max_uses` int(255) NOT NULL
) ENGINE=InnoDB DEFAULT CHARSET=latin1;

--
-- Dumping data for table `master_reference_code`
--

INSERT INTO `master_reference_code` (`id`, `max_uses`) VALUES
(1, 50);

-- --------------------------------------------------------

--
-- Table structure for table `materials`
--

CREATE TABLE `materials` (
  `id` int(255) NOT NULL,
  `material_name` varchar(255) NOT NULL,
  `is_deleted` int(1) NOT NULL DEFAULT '0' COMMENT '1=deleted,0=not deleted'
) ENGINE=InnoDB DEFAULT CHARSET=latin1;

--
-- Dumping data for table `materials`
--

INSERT INTO `materials` (`id`, `material_name`, `is_deleted`) VALUES
(1, 'Asphalt', 0),
(2, 'Concrete', 0),
(3, 'Clean Fill', 0),
(4, 'Millings', 0),
(5, 'Stone', 0),
(6, 'Top Soil', 0);

-- --------------------------------------------------------

--
-- Table structure for table `otp`
--

CREATE TABLE `otp` (
  `id` int(255) NOT NULL,
  `user_id` int(255) NOT NULL,
  `country_code` int(5) NOT NULL,
  `phone_no` varchar(20) NOT NULL COMMENT 'primary_mobile_no',
  `email` varchar(255) NOT NULL,
  `type` enum('1','2') NOT NULL DEFAULT '1' COMMENT '1=registration,2=forgot password',
  `otp` int(10) NOT NULL,
  `token` varchar(100) NOT NULL,
  `created_at` datetime NOT NULL,
  `expire_date` datetime NOT NULL
) ENGINE=InnoDB DEFAULT CHARSET=latin1;

--
-- Dumping data for table `otp`
--

INSERT INTO `otp` (`id`, `user_id`, `country_code`, `phone_no`, `email`, `type`, `otp`, `token`, `created_at`, `expire_date`) VALUES
(1, 1, 91, '9051922235', 'super_admin@gmail.com', '1', 2276, '', '2017-11-06 10:49:14', '2017-11-06 11:19:14'),
(2, 2, 91, '7097381601', 'debalina.unified@gmail.com', '1', 1369, '', '2017-11-06 10:57:55', '2017-11-06 11:27:55'),
(3, 3, 91, '7501500090', 'dassambaran@gmail.com', '1', 5523, '', '2017-11-07 06:27:22', '2017-11-07 06:57:22'),
(4, 4, 91, '8145124865', 'material@test.com', '1', 9700, '', '2017-11-07 07:42:07', '2017-11-07 08:12:07'),
(5, 5, 91, '9836528753', 'pallab.g.unified@gmail.com', '1', 8461, '', '2017-11-07 09:27:21', '2017-11-07 09:57:21'),
(6, 5, 91, '9836520756', '', '2', 5150, '0465584156', '2017-11-07 09:33:57', '2017-11-07 10:03:56'),
(7, 6, 91, '7685099962', 'pallab@gmail.com', '1', 2785, '', '2017-11-07 10:23:25', '2017-11-07 10:53:25'),
(8, 7, 91, '9836527232', 'pallab34@gmail.com', '1', 4314, '', '2017-11-07 10:34:12', '2017-11-07 11:04:12'),
(9, 9, 91, '9836520758', 'pallavg@gmail.com', '1', 3897, '', '2017-11-07 10:45:04', '2017-11-07 11:15:04'),
(10, 10, 91, '9865326184', 'gdgdgd@gmail.com', '1', 9402, '', '2017-11-07 10:55:35', '2017-11-07 11:25:35'),
(11, 5, 91, '9836529753', '', '2', 8180, '4385908665', '2017-11-07 11:02:33', '2017-11-07 11:32:33'),
(12, 11, 91, '9836520765', 'pallab.unified@gmail.com', '1', 5373, '', '2017-11-07 12:29:41', '2017-11-07 12:59:41'),
(13, 13, 91, '8942085185', 'palla.unified@gmail.com', '1', 9755, '', '2017-11-08 08:05:13', '2017-11-08 08:35:13'),
(14, 14, 91, '7205872818', 'pal.unified@gmail.com', '1', 512, '', '2017-11-08 08:06:42', '2017-11-08 08:36:42'),
(15, 15, 91, '7205872818', 'pal.unified@gmail.com', '1', 6159, '', '2017-11-08 08:09:51', '2017-11-08 08:39:51'),
(16, 16, 91, '7205872818', 'pal.unified@gmail.com', '1', 1589, '', '2017-11-08 08:12:17', '2017-11-08 08:42:17'),
(17, 17, 91, '7205872818', 'pal.unified@gmail.com', '1', 9036, '', '2017-11-08 08:13:01', '2017-11-08 08:43:01'),
(18, 18, 91, '7501500090', 'dassambaran@gmail.com', '1', 3022, '', '2017-11-08 14:26:11', '2017-11-08 14:56:11'),
(19, 20, 91, '9833520753', 'djdjdhdj@gmail.com', '1', 4278, '', '2017-11-09 07:13:41', '2017-11-09 07:43:41'),
(20, 5, 91, '9836528753', '', '2', 110, '2895385751', '2017-11-09 07:43:04', '2017-11-09 08:13:04'),
(21, 5, 91, '9836529753', '', '2', 5922, '6649603722', '2017-11-09 07:47:00', '2017-11-09 08:16:49'),
(22, 22, 91, '9051193322', 'samrat.unified@gmail.com', '1', 1184, '', '2017-11-09 10:27:51', '2017-11-09 10:57:51'),
(23, 5, 91, '9832520753', '', '2', 2787, '9404352520', '2017-11-09 12:49:19', '2017-11-09 13:19:17'),
(24, 23, 91, '9836556565', 'pallab234@gmail.com', '1', 8627, '', '2017-11-10 06:36:54', '2017-11-10 07:06:54'),
(25, 25, 91, '7097381601', 'debalina@unifiedinfotech.net', '2', 566, '0410663372', '2017-11-17 12:43:29', '2017-11-17 13:13:27'),
(26, 26, 91, '8697988377', 'pallabgangopadhyay.92@gmail.com', '1', 7709, '', '2017-11-10 07:37:24', '2017-11-10 08:07:24'),
(27, 5, 91, '9836590753', '', '2', 3899, '2241499439', '2017-11-10 10:28:48', '2017-11-10 10:58:46'),
(28, 5, 91, '9836528753', '', '2', 7282, '4413547876', '2017-11-10 10:30:00', '2017-11-10 10:59:57'),
(29, 5, 91, '9836523753', '', '2', 315, '5989649427', '2017-11-10 10:30:26', '2017-11-10 11:00:24'),
(30, 27, 91, '9977747140', 'pallab1992@gmail.com', '1', 5759, '', '2017-11-10 10:35:52', '2017-11-10 11:05:52'),
(31, 28, 91, '8145124865', 'satya@gmail.com', '1', 1977, '', '2017-11-10 11:28:50', '2017-11-10 11:58:50'),
(32, 18, 91, '7501500090', '', '2', 9383, '2659905317', '2017-11-10 13:31:37', '2017-11-10 14:01:36'),
(33, 29, 91, '7501500090', 'sambaran.unified@gmail.com', '1', 9117, '', '2017-11-10 14:46:37', '2017-11-10 15:16:37'),
(34, 30, 91, '9865326532', 'dhdhdh@gmail.com', '1', 6854, '', '2017-11-10 14:54:04', '2017-11-10 15:24:04'),
(35, 31, 91, '7501500090', 'sambaran.unified@gmail.com', '1', 4073, '', '2017-11-10 14:55:54', '2017-11-10 15:25:54'),
(36, 32, 91, '9856231475', 'fhgvg@gmail.com', '1', 1052, '', '2017-11-10 14:57:46', '2017-11-10 15:27:46'),
(37, 31, 91, '7501500090', '', '2', 6983, '1797345693', '2017-11-10 15:10:34', '2017-11-10 15:40:32'),
(38, 31, 91, '7501500090', '', '2', 5014, '1472657043', '2017-11-10 15:11:38', '2017-11-10 15:41:36'),
(39, 31, 91, '7501500090', '', '2', 6289, '4452873589', '2017-11-15 19:14:46', '2017-11-15 19:44:44'),
(40, 33, 91, '9836520712', 'rdjdj@gmail.com', '1', 3857, '', '2017-11-13 07:01:39', '2017-11-13 07:31:39'),
(41, 34, 91, '9824646856', 'ruby@gmail.com', '1', 8559, '', '2017-11-13 07:30:24', '2017-11-13 08:00:24'),
(42, 5, 91, '9836510753', '', '2', 4863, '8736759792', '2017-11-15 11:47:38', '2017-11-15 12:17:37'),
(43, 5, 91, '9836590753', '', '2', 2982, '4533555808', '2017-11-15 11:48:29', '2017-11-15 12:18:29'),
(44, 18, 91, '7501500090', '', '2', 987, '1298756501', '2017-11-15 11:51:26', '2017-11-15 12:21:25'),
(45, 18, 91, '7501500090', '', '2', 9157, '9770352156', '2017-11-15 11:51:44', '2017-11-15 12:21:42'),
(46, 18, 91, '7501500090', '', '2', 3037, '4858265612', '2017-11-15 11:53:50', '2017-11-15 12:23:49'),
(47, 18, 91, '7501500090', '', '2', 5310, '4500447743', '2017-11-15 11:54:03', '2017-11-15 12:24:01'),
(48, 5, 91, '9836220753', '', '2', 7952, '1865245966', '2017-11-15 11:58:55', '2017-11-15 12:28:54'),
(49, 5, 91, '9836520753', '', '2', 8764, '2460309342', '2017-11-21 06:39:43', '2017-11-21 07:09:42'),
(50, 18, 91, '7501500090', '', '2', 5921, '5196025066', '2017-11-15 18:42:19', '2017-11-15 19:12:19'),
(51, 35, 91, '9051930675', 'sreea@unifiedinfotech.net', '1', 7121, '', '2017-11-17 14:42:16', '2017-11-17 15:12:16'),
(52, 36, 91, '8609796386', 'abhisekh.unified@gmail.com', '1', 9769, '', '2017-11-17 13:00:20', '2017-11-17 13:30:20'),
(53, 37, 91, '9883734138', 'ankan@gmail.com', '1', 2322, '', '2017-11-20 14:30:44', '2017-11-20 15:00:44'),
(54, 39, 91, '7685066691', 'souvick.uipl@gmail.com', '1', 4933, '', '2017-11-24 07:54:35', '2017-11-24 08:24:35'),
(55, 40, 91, '9890466715', 'mrinal.unified@gmail.com', '1', 4770, '', '2017-11-24 07:57:34', '2017-11-24 08:27:34'),
(56, 56, 91, '9856325896', 'arijita.unified@gmail.com', '1', 9908, '', '2017-11-27 10:04:05', '2017-11-27 10:34:05'),
(57, 57, 91, '9856325896', 'arijita.unified@gmail.com', '1', 6362, '', '2017-11-27 10:05:15', '2017-11-27 10:35:15'),
(58, 59, 91, '9836520756', 'abc@gmail.com', '1', 4096, '', '2017-11-27 10:49:41', '2017-11-27 11:19:41');

-- --------------------------------------------------------

--
-- Table structure for table `plan`
--

CREATE TABLE `plan` (
  `id` int(11) NOT NULL,
  `plan_name` varchar(255) NOT NULL,
  `amount` double(10,2) NOT NULL,
  `is_valid` int(10) NOT NULL COMMENT 'value in days',
  `is_deleted` int(1) NOT NULL DEFAULT '0' COMMENT '1=deleted,0=undeleted',
  `created_at` datetime NOT NULL,
  `updated_at` datetime NOT NULL
) ENGINE=InnoDB DEFAULT CHARSET=latin1;

--
-- Dumping data for table `plan`
--

INSERT INTO `plan` (`id`, `plan_name`, `amount`, `is_valid`, `is_deleted`, `created_at`, `updated_at`) VALUES
(1, 'monthly', 49.95, 30, 0, '2017-10-12 00:00:00', '0000-00-00 00:00:00'),
(2, 'annual', 539.45, 365, 0, '2017-10-12 00:00:00', '0000-00-00 00:00:00');

-- --------------------------------------------------------

--
-- Table structure for table `pre_payment`
--

CREATE TABLE `pre_payment` (
  `id` int(255) NOT NULL,
  `user_id` int(255) NOT NULL,
  `user_name` varchar(255) NOT NULL,
  `email` varchar(100) NOT NULL,
  `phone_no` varchar(20) NOT NULL,
  `plan_id` int(255) NOT NULL,
  `status` enum('0','1') NOT NULL DEFAULT '0' COMMENT '1=payment success',
  `date` date NOT NULL
) ENGINE=InnoDB DEFAULT CHARSET=latin1;

--
-- Dumping data for table `pre_payment`
--

INSERT INTO `pre_payment` (`id`, `user_id`, `user_name`, `email`, `phone_no`, `plan_id`, `status`, `date`) VALUES
(1, 2, 'Debalina', 'debalina.unified@gmail.com', '', 1, '1', '2017-11-06'),
(2, 3, 'Sambaran', 'dassambaran@gmail.com', '', 1, '1', '2017-11-07'),
(3, 0, 'Arindam', 'arindam@gmail.com', '', 0, '0', '2017-11-07'),
(4, 0, 'Arindam', 'arindam@gmail.com', '', 0, '0', '2017-11-07'),
(5, 0, 'Arindam', 'arindam@gmail.com', '', 0, '0', '2017-11-07'),
(6, 0, 'Arindam', 'arindam@gmail.com', '', 0, '0', '2017-11-07'),
(7, 0, 'Arindam', 'arindam@gmail.com', '', 0, '0', '2017-11-07'),
(8, 0, 'Arindam', 'arindam@gmail.com', '', 0, '0', '2017-11-07'),
(9, 0, 'Arindam', 'arindam@gmail.com', '', 0, '0', '2017-11-07'),
(10, 0, 'Arindam', 'arindam@gmail.com', '', 0, '0', '2017-11-07'),
(11, 4, 'Pallab', 'material@test.com', '', 1, '1', '2017-11-07'),
(12, 6, 'Dhdhdh', 'pallab@gmail.com', '', 1, '1', '2017-11-07'),
(13, 7, 'Rfb', 'pallab34@gmail.com', '', 1, '1', '2017-11-07'),
(14, 0, 'Dhhdh', 'pallab420@gmail.com', '', 1, '0', '2017-11-07'),
(15, 0, 'Ei', 'se@gmail.com', '', 1, '0', '2017-11-08'),
(16, 13, 'Pallab', 'palla.unified@gmail.com', '', 1, '1', '2017-11-08'),
(17, 14, 'Pallab', 'pal.unified@gmail.com', '', 1, '1', '2017-11-08'),
(18, 15, 'Pallab', 'pal.unified@gmail.com', '', 1, '1', '2017-11-08'),
(19, 16, 'Pallab', 'pal.unified@gmail.com', '', 1, '1', '2017-11-08'),
(20, 17, 'Pallab', 'pal.unified@gmail.com', '', 1, '1', '2017-11-08'),
(21, 18, 'sambaran', 'dassambaran@gmail.com', '', 1, '1', '2017-11-08'),
(22, 0, 'Scott', 'poiklk@rochester.rr.com', '', 1, '0', '2017-11-08'),
(23, 0, 'pallab', 'djdjdhdj@gmail.com', '', 1, '0', '2017-11-09'),
(24, 22, 'Samrat', 'samrat.unified@gmail.com', '9051193322', 1, '1', '2017-11-09'),
(25, 0, 'Tgh', 'pallab234@gmail.com', '', 1, '0', '2017-11-10'),
(26, 0, 'Tgh', 'pal9090@gmail.com', '', 1, '0', '2017-11-10'),
(27, 0, 'Pallab', 'pallabgangopadhyay.92@gmail.com', '', 1, '0', '2017-11-10'),
(28, 0, 'Pallab', 'pallab1992@gmail.com', '', 1, '0', '2017-11-10'),
(29, 0, 'Deeeeb', 'satya@gmail.com', '', 1, '0', '2017-11-10'),
(30, 0, 'sambaran', 'sambaran.unified@gmail.com', '', 1, '0', '2017-11-10'),
(31, 0, 'sambaran', 'sambaran.unified@gmail.com', '', 1, '0', '2017-11-10'),
(32, 35, 'Sreea', 'sreea@unifiedinfotech.net', '', 1, '1', '2017-11-17'),
(33, 37, 'Ankan', 'ankan@gmail.com', '', 1, '1', '2017-11-20'),
(34, 39, 'raj', 'souvick.uipl@gmail.com', '', 1, '1', '2017-11-24'),
(35, 40, 'pal', 'mrinal.unified@gmail.com', '', 1, '1', '2017-11-24'),
(36, 59, 'raja', 'abc@gmail.com', '', 1, '1', '2017-11-27');

-- --------------------------------------------------------

--
-- Table structure for table `rating`
--

CREATE TABLE `rating` (
  `id` int(255) NOT NULL,
  `to_id` int(255) NOT NULL COMMENT 'user_id',
  `from_id` int(255) NOT NULL,
  `type` enum('driver','job_site','dump_site') NOT NULL,
  `job_site_id` int(255) NOT NULL,
  `rating` decimal(10,1) NOT NULL,
  `description` varchar(255) NOT NULL,
  `created_at` datetime NOT NULL,
  `updated_at` datetime NOT NULL,
  `is_deleted` int(1) NOT NULL DEFAULT '1' COMMENT '1=deleted,0=undeleted',
  `is_approved` int(1) NOT NULL DEFAULT '1' COMMENT '1=approved,0=disapproved'
) ENGINE=InnoDB DEFAULT CHARSET=latin1;

--
-- Dumping data for table `rating`
--

INSERT INTO `rating` (`id`, `to_id`, `from_id`, `type`, `job_site_id`, `rating`, `description`, `created_at`, `updated_at`, `is_deleted`, `is_approved`) VALUES
(1, 2, 6, 'dump_site', 0, '3.5', '"This is a dummy review"', '2017-11-10 06:44:05', '2017-11-10 06:44:05', 0, 1),
(2, 5, 2, 'dump_site', 0, '2.8', 'good', '2017-11-10 06:53:24', '2017-11-10 06:53:24', 0, 1),
(3, 8, 2, 'dump_site', 0, '3.8', 'nice!', '2017-11-10 07:01:34', '2017-11-10 07:01:34', 0, 1),
(4, 9, 2, 'dump_site', 0, '4.9', 'good!', '2017-11-10 07:02:40', '2017-11-10 07:02:40', 0, 1),
(5, 3, 2, 'dump_site', 0, '4.5', 'good,excellent.', '2017-11-10 07:11:33', '2017-11-10 07:11:33', 0, 1),
(6, 1, 2, 'job_site', 0, '4.3', 'good,excellent.', '2017-11-10 07:11:33', '2017-11-10 07:11:33', 0, 1),
(7, 5, 2, 'driver', 0, '4.3', 'good,excellent.', '2017-11-10 07:11:33', '2017-11-10 07:11:33', 0, 1),
(8, 5, 7, 'driver', 0, '4.0', 'good,excellent.', '2017-11-10 07:11:33', '2017-11-10 07:11:33', 0, 1),
(9, 0, 2, '', 0, '2.0', 'Need to Improve', '2017-11-14 11:41:46', '2017-11-14 11:41:46', 0, 1),
(10, 50, 2, '', 0, '2.0', 'Need to improve!', '2017-11-14 11:47:32', '2017-11-14 11:47:32', 0, 1),
(11, 46, 2, '', 0, '5.0', 'Excellent!', '2017-11-14 12:01:58', '2017-11-14 12:01:58', 0, 1),
(12, 49, 2, '', 0, '5.0', 'WOW,The site is awesome!', '2017-11-14 12:34:31', '2017-11-14 12:34:31', 0, 1),
(13, 53, 5, '', 0, '5.0', 'Great site', '2017-11-16 09:22:09', '2017-11-16 09:22:09', 0, 1),
(14, 53, 5, 'dump_site', 0, '5.0', 'Great site', '2017-11-16 09:34:02', '2017-11-16 09:34:02', 0, 1),
(15, 8, 5, 'driver', 0, '4.2', 'gd', '2017-11-16 10:01:54', '2017-11-16 10:01:54', 0, 1),
(16, 23, 2, 'driver', 0, '5.0', 'test', '2017-11-16 10:12:30', '2017-11-16 10:12:30', 0, 1),
(17, 5, 2, 'job_site', 0, '5.0', 'good,excellent.', '2017-11-10 07:11:33', '2017-11-10 07:11:33', 0, 1),
(18, 20, 2, 'driver', 0, '1.0', 'Poor', '2017-11-16 11:37:28', '2017-11-16 11:37:28', 0, 1),
(19, 20, 5, 'driver', 0, '3.7', 'good', '2017-11-21 06:26:37', '2017-11-21 06:26:37', 0, 1),
(20, 30, 5, 'driver', 0, '4.0', 'Edgdhfj', '2017-11-21 06:33:15', '2017-11-21 06:33:15', 0, 1),
(21, 13, 2, 'job_site', 0, '4.1', 'great site', '2017-11-21 14:26:17', '2017-11-21 14:26:17', 0, 1),
(22, 4, 5, 'job_site', 0, '2.4', 'good one', '2017-11-23 14:42:49', '2017-11-23 14:42:49', 0, 1),
(23, 32, 36, 'dump_site', 0, '4.1', 'wow', '2017-11-24 07:23:40', '2017-11-24 07:23:40', 0, 1),
(24, 4, 39, 'dump_site', 0, '3.1', '', '2017-11-24 14:44:11', '2017-11-24 14:44:11', 0, 1),
(25, 61, 39, 'dump_site', 0, '2.9', 'vaj', '2017-11-24 14:50:33', '2017-11-24 14:50:33', 0, 1),
(26, 60, 39, 'dump_site', 0, '3.8', 'va', '2017-11-24 14:51:31', '2017-11-24 14:51:31', 0, 1),
(27, 1, 5, 'job_site', 0, '3.2', 'ok ok ok ok\n\n\n\n\n\nok', '2017-11-27 07:12:16', '2017-11-27 07:12:16', 0, 1),
(28, 15, 2, 'job_site', 0, '3.6', 'I have a review', '2017-11-27 09:33:33', '2017-11-27 09:33:33', 0, 1),
(29, 23, 39, 'job_site', 0, '2.1', 'good', '2017-11-27 09:50:16', '2017-11-27 09:50:16', 0, 1),
(30, 24, 39, 'job_site', 0, '4.7', 'ffigr\nthanks', '2017-11-27 09:52:19', '2017-11-27 09:52:19', 0, 1),
(31, 14, 39, 'job_site', 0, '3.5', 'hi to everyone who has a good', '2017-11-27 10:03:59', '2017-11-27 10:03:59', 0, 1),
(32, 22, 39, 'job_site', 0, '3.3', 'hdngngnggnng', '2017-11-27 10:10:41', '2017-11-27 10:10:41', 0, 1);

-- --------------------------------------------------------

--
-- Table structure for table `sitesettings`
--

CREATE TABLE `sitesettings` (
  `id` int(11) NOT NULL,
  `name` varchar(255) COLLATE utf8_unicode_ci NOT NULL,
  `display_name` varchar(255) COLLATE utf8_unicode_ci NOT NULL,
  `type` varchar(255) COLLATE utf8_unicode_ci NOT NULL,
  `value` varchar(255) COLLATE utf8_unicode_ci NOT NULL,
  `validation_rules` text COLLATE utf8_unicode_ci NOT NULL,
  `validation_regex_php` text COLLATE utf8_unicode_ci NOT NULL
) ENGINE=InnoDB DEFAULT CHARSET=utf8 COLLATE=utf8_unicode_ci;

--
-- Dumping data for table `sitesettings`
--

INSERT INTO `sitesettings` (`id`, `name`, `display_name`, `type`, `value`, `validation_rules`, `validation_regex_php`) VALUES
(1, 'email', 'From which email do you want to send your appication emails?', 'text', 'snehadeep.unified@gmail.com', 'validate[required,custom[email]]', '^[a-zA-Z0-9_.+-]+@[a-zA-Z0-9-]+\\.[a-zA-Z0-9-.]+$'),
(2, 'phone_no', 'From which phone number do you want to send your appication SMS?', 'text', '+1 585-598-9778', 'validate[required]', ''),
(3, 'twilio_sid', 'Twilio Sid', 'text', 'ACea72b192ee9f2a60b0641064522fc6c6', 'validate[required]', ''),
(4, 'twilio_secret_id', 'Twilio Secret Id', 'text', '7cb9e6d26db6ac701a71576ddd6fd4de', 'validate[required]', ''),
(5, 'max_job_site', 'Facebook link', 'text', '200', 'validate[required]', ''),
(6, 'max_dump_site', 'Linked In link', 'text', '200', 'validate[required]', ''),
(7, 'dump_site_list_default_radius', 'Dump Site List Default Radius', 'text', '5000', 'validate[required]', ''),
(8, 'truck_driver_list_default_radius', 'Truck Driver List Default Radius', 'text', '25', 'validate[required]', ''),
(9, 'dump_site_list_max_radius', 'Dump Site List Max Radius', 'text', '10000', 'validate[required]', ''),
(10, 'dump_site_list_min_radius', 'Dump Site List Min Radius', 'text', '0', 'validate[required]', ''),
(11, 'driver_list_default_radius', 'Driver List Default Radius', 'text', '5000', 'validate[required]', ''),
(12, 'driver_list_min_radius', 'Driver List Min Radius', 'text', '0', 'validate[required]', ''),
(13, 'driver_list_max_radius', 'Driver List Max Radius', 'text', '10000', 'validate[required]', ''),
(14, 'job_site_list_default_radius', 'Job Site List Default Radius', 'text', '5000', 'validate[required]', ''),
(15, 'job_site_list_min_radius', 'Job Site List Min Radius', 'text', '0', 'validate[required]', ''),
(16, 'job_site_list_max_radius', 'Job Site List Max Radius', 'text', '10000', 'validate[required]', '');

-- --------------------------------------------------------

--
-- Table structure for table `transaction`
--

CREATE TABLE `transaction` (
  `id` int(255) NOT NULL,
  `user_id` int(255) NOT NULL,
  `transaction_id` int(255) NOT NULL,
  `payment_date` date NOT NULL,
  `amount` double(10,2) NOT NULL
) ENGINE=InnoDB DEFAULT CHARSET=latin1;

--
-- Dumping data for table `transaction`
--

INSERT INTO `transaction` (`id`, `user_id`, `transaction_id`, `payment_date`, `amount`) VALUES
(1, 2, 12345, '2017-11-06', 0.00),
(2, 3, 12345, '2017-11-07', 0.00),
(3, 4, 12345, '2017-11-07', 0.00),
(4, 6, 12345, '2017-11-07', 0.00),
(5, 7, 12345, '2017-11-07', 0.00),
(6, 0, 12345, '2017-11-07', 0.00),
(7, 0, 12345, '2017-11-08', 0.00),
(8, 13, 12345, '2017-11-08', 0.00),
(9, 14, 12345, '2017-11-08', 0.00),
(10, 15, 12345, '2017-11-08', 0.00),
(11, 16, 12345, '2017-11-08', 0.00),
(12, 17, 12345, '2017-11-08', 0.00),
(13, 18, 12345, '2017-11-08', 0.00),
(14, 0, 12345, '2017-11-08', 0.00),
(15, 0, 12345, '2017-11-09', 0.00),
(16, 22, 12345, '2017-11-09', 0.00),
(17, 0, 12345, '2017-11-10', 0.00),
(18, 0, 12345, '2017-11-10', 0.00),
(19, 0, 12345, '2017-11-10', 0.00),
(20, 0, 12345, '2017-11-10', 0.00),
(21, 0, 12345, '2017-11-10', 0.00),
(22, 0, 12345, '2017-11-10', 0.00),
(23, 0, 12345, '2017-11-10', 0.00),
(24, 35, 12345, '2017-11-17', 0.00),
(25, 37, 12345, '2017-11-20', 0.00),
(26, 39, 12345, '2017-11-24', 0.00),
(27, 40, 12345, '2017-11-24', 0.00),
(28, 59, 12345, '2017-11-27', 0.00);

-- --------------------------------------------------------

--
-- Table structure for table `users`
--

CREATE TABLE `users` (
  `id` int(11) NOT NULL,
  `parent_id` int(11) NOT NULL COMMENT 'parent_user(applied for associated drivers)',
  `role` int(11) NOT NULL DEFAULT '0' COMMENT '1 ==> superadmin, 2==>contractor, 3 ==> driver, 4 ==> Material Customer',
  `email` varchar(255) COLLATE utf8_unicode_ci NOT NULL,
  `password` varchar(255) COLLATE utf8_unicode_ci DEFAULT NULL,
  `first_name` varchar(255) COLLATE utf8_unicode_ci DEFAULT NULL,
  `last_name` varchar(255) COLLATE utf8_unicode_ci DEFAULT NULL,
  `gender` enum('male','female') COLLATE utf8_unicode_ci NOT NULL,
  `address` varchar(255) COLLATE utf8_unicode_ci DEFAULT NULL,
  `city` varchar(255) COLLATE utf8_unicode_ci DEFAULT NULL,
  `state` varchar(255) COLLATE utf8_unicode_ci DEFAULT NULL,
  `zip_code` int(20) DEFAULT NULL,
  `country_code` varchar(10) COLLATE utf8_unicode_ci NOT NULL,
  `phone_no` varchar(20) COLLATE utf8_unicode_ci DEFAULT NULL,
  `primary_mobile_no` varchar(20) COLLATE utf8_unicode_ci DEFAULT NULL,
  `secondary_mobile_no` varchar(20) COLLATE utf8_unicode_ci NOT NULL,
  `dob` date NOT NULL,
  `profile_image` varchar(255) COLLATE utf8_unicode_ci NOT NULL,
  `latitude` varchar(255) COLLATE utf8_unicode_ci NOT NULL DEFAULT '0',
  `longitude` varchar(255) COLLATE utf8_unicode_ci NOT NULL DEFAULT '0',
  `organisation` varchar(255) COLLATE utf8_unicode_ci NOT NULL,
  `total_strength` int(255) NOT NULL,
  `created_by` int(11) NOT NULL DEFAULT '0',
  `updated_by` int(11) NOT NULL DEFAULT '0',
  `created_at` datetime NOT NULL DEFAULT '0000-00-00 00:00:00',
  `updated_at` datetime NOT NULL DEFAULT '0000-00-00 00:00:00',
  `is_deleted` enum('0','1') COLLATE utf8_unicode_ci NOT NULL DEFAULT '0' COMMENT '1=deleted,0=undeleted',
  `remember_token` varchar(255) COLLATE utf8_unicode_ci DEFAULT NULL,
  `device_type` enum('1','2','3') COLLATE utf8_unicode_ci DEFAULT NULL COMMENT '1=>android,2=>ios,3=>web',
  `device_id` varchar(255) COLLATE utf8_unicode_ci DEFAULT NULL,
  `login_type` enum('0','1','2') COLLATE utf8_unicode_ci NOT NULL DEFAULT '0' COMMENT '0=>normal,1=>google,2=>facebook',
  `is_active` enum('0','1') COLLATE utf8_unicode_ci NOT NULL DEFAULT '0' COMMENT '1=active,0=deactive',
  `is_phone_no_verified` enum('0','1') COLLATE utf8_unicode_ci NOT NULL COMMENT 'is primary phone number verified(0->not verified, 1->verified)',
  `is_redis_effected` enum('0','1') COLLATE utf8_unicode_ci NOT NULL COMMENT '0->not effected, 1->effected',
  `appeared_in_search_count` bigint(20) NOT NULL,
  `details_viewed_count` bigint(20) NOT NULL,
  `hourly_rate` decimal(10,2) DEFAULT '0.00',
  `master_reference_code` varchar(255) COLLATE utf8_unicode_ci DEFAULT NULL,
  `coupon_code` varchar(25) COLLATE utf8_unicode_ci NOT NULL,
  `expire_date` date NOT NULL
) ENGINE=InnoDB DEFAULT CHARSET=utf8 COLLATE=utf8_unicode_ci;

--
-- Dumping data for table `users`
--

INSERT INTO `users` (`id`, `parent_id`, `role`, `email`, `password`, `first_name`, `last_name`, `gender`, `address`, `city`, `state`, `zip_code`, `country_code`, `phone_no`, `primary_mobile_no`, `secondary_mobile_no`, `dob`, `profile_image`, `latitude`, `longitude`, `organisation`, `total_strength`, `created_by`, `updated_by`, `created_at`, `updated_at`, `is_deleted`, `remember_token`, `device_type`, `device_id`, `login_type`, `is_active`, `is_phone_no_verified`, `is_redis_effected`, `appeared_in_search_count`, `details_viewed_count`, `hourly_rate`, `master_reference_code`, `coupon_code`, `expire_date`) VALUES
(1, 0, 1, 'super_admin@gmail.com', '$2y$10$JvIC83oWoCE5U842Pwqm6OWoxdaakCy3YlhqiLAfICgy7OJvD9vQi', 'Super', 'Admin', 'male', 'Durganagar', 'Kolkata', 'westbengal', 7432110, '+91', '', '9051922235', '', '1992-10-09', 'nopicture.png', '22.5748889', '88.36885269999999', 'uipl', 100, 0, 0, '2017-11-06 10:49:11', '2017-11-06 10:49:11', '0', NULL, '2', '1234', '0', '1', '0', '1', 0, 0, '20.00', '', '', '2019-10-31'),
(2, 0, 2, 'debalina.unified@gmail.com', '$2y$10$2VcpfwFO73WeShzH3Nw0sOfB1/wYMyYFqhQVt5lXBByqo83EF3vtm', 'Debalina', 'Pan', 'male', 'salt lake', 'Kolkata', 'westbengal', 700091, '91', '7097381601', '9051456258', '', '0000-00-00', '094351IMG_20171127_151329.jpg', '22.5816962', '88.4304141', 'Uipl', 0, 0, 2, '2017-11-06 10:57:52', '2017-11-27 09:43:51', '0', NULL, '2', 'D54B5307-02F7-4067-AB39-A8CF27AAC9C2', '0', '1', '1', '1', 0, 1, '0.00', 'yWbKXGFlIQ', '', '2017-12-06'),
(4, 0, 4, 'material@test.com', '$2y$10$5Tz/Kl7SRVRhCUwO13eH2ejfheHtitCKZDLbC6B8gESfcCP4bG8wG', 'Pallab', 'Material', 'male', 'College More', 'Kolkata', 'WB', 700091, '91', '', '8145124856', '', '0000-00-00', '56432.jpg', '22.5748872', '88.4339322', '', 0, 0, 0, '2017-11-07 07:42:05', '2017-11-07 07:42:05', '0', NULL, '1', '', '0', '1', '1', '1', 0, 0, '0.00', '', '', '2017-12-07'),
(5, 2, 3, 'pallab.g.unified@gmail.com', '$2y$10$4NOvQ32wdApIhh/rOLoEWeojN0lriRx7mIs1/Cvvvh.HoBKh1ZJHi', 'Pallab', 'Ganguly', 'male', 'Selimpur', 'Kolkata', 'West Bengal', 700021, '91', '', '9836520767', '', '0000-00-00', '063938file.jpg', '22.504930939504', '88.369044082123', '', 0, 0, 5, '2017-11-07 09:27:19', '2017-11-27 06:40:06', '0', NULL, '1', '', '0', '1', '1', '1', 0, 16, '12.00', 'yWbKXGFliQ', '', '2017-12-06'),
(6, 0, 4, 'pallab@gmail.com', '$2y$10$1uOY.RswQ8WkJW0IGz1Mk..PlMXqYopGwghjXL0QEQFUW1IHvhMrG', 'Dhdhdh', 'Dhhdh', 'male', 'Selimpur', 'Kolkata', 'West Bengal', 700031, '91', '', '7685099962', '', '0000-00-00', 'nopicture.png', '22.5058664', '88.36885269999999', '', 0, 0, 0, '2017-11-07 10:22:28', '2017-11-07 10:22:28', '0', NULL, '1', '', '0', '0', '0', '1', 0, 0, '0.00', '', '', '2017-12-07'),
(7, 0, 2, 'pallab34@gmail.com', '$2y$10$zRv1JIZV/FAmiLDPEmbVU.O7LgWGZeqJCijbf3kMVyRRFFLVo6WnO', 'Rihana', 'Sen', 'male', 'Dhakuria', 'Kolkata', 'West Bengal', 700031, '91', '', '9836527232', '', '0000-00-00', 'nopicture.png', '22.5074967', '88.37271439999999', '', 0, 0, 0, '2017-11-07 10:34:10', '2017-11-07 10:34:10', '0', NULL, '1', '', '0', '0', '0', '1', 0, 0, '0.00', 'ny36fHcHjK', '', '2017-12-07'),
(8, 2, 3, 'pallab420@gmail.com', '$2y$10$U/pwwy208Oj1dzW2f.a5n.RbvDYJE..YpA3fmPd27waI6T9RDxzMi', 'Dhhdh', 'Djfhfh', 'male', 'Selimpur', 'Kolkata', 'West Bengal', 700031, '91', '', '6532659865', '', '0000-00-00', 'nopicture.png', '22.5058664', '88.36885269999999', '', 0, 0, 0, '2017-11-07 10:36:47', '2017-11-07 10:36:47', '0', NULL, '1', '', '0', '1', '0', '1', 0, 0, '1212.00', '', '', '2017-12-07'),
(9, 0, 2, 'pallavg@gmail.com', '$2y$10$1siotKMqT0n2qHslZhrQDOark29ZJByg.ZBStQa4b.t8513Bx/BaK', 'Ddhfhfh', 'Dhdhdh', 'male', 'Selimpur', 'Kolkara', 'West Bengal', 700031, '91', '', '9836520758', '', '0000-00-00', 'nopicture.png', '22.5058664', '88.36885269999999', '', 0, 0, 0, '2017-11-07 10:45:02', '2017-11-07 10:45:02', '0', NULL, '1', '', '0', '0', '0', '1', 0, 0, '0.00', 'HqoHWqZ2S4', '123456', '2018-02-05'),
(10, 0, 4, 'gdgdgd@gmail.com', '$2y$10$hbIRjiO/9PFPNkbKzp2x6elK1XkKzO5AdmozENr4gQcP80geJvPF2', 'Fhdbf', 'Dhfhf', 'male', 'Dhakuria', 'Kolata', 'Westengal', 123456, '91', '', '9865326184', '', '0000-00-00', 'nopicture.png', '22.5104166', '88.37109749999999', '', 0, 0, 0, '2017-11-07 10:55:33', '2017-11-07 10:55:33', '0', NULL, '1', '', '0', '0', '0', '1', 0, 0, '0.00', '', '123456', '2018-02-05'),
(11, 0, 4, 'pallab.unified@gmail.com', '$2y$10$J6qK0s/whuoOatn3CinUVOAb0LA1jYB.kMmqSMJT0tyiVUZN4A/Se', 'Dhfhf', 'Dhdhd', 'male', 'Selimpur', 'Kolkata', 'West Bengal', 700031, '91', '', '9836520765', '', '0000-00-00', 'nopicture.png', '22.5058664', '88.36885269999999', '', 0, 0, 0, '2017-11-07 12:29:39', '2017-11-07 12:29:39', '0', NULL, '1', '', '0', '0', '0', '1', 0, 0, '0.00', '', '123456', '2018-02-05'),
(12, 0, 2, 'se@gmail.com', '$2y$10$CyDlxntbrB/9/yge8Io/Y.A1jDayYG2GSojQ19C5AWWPOX6PjgYke', 'Ei', 'Sj', 'male', 'College More', 'Kolkata', 'Wb', 70091, '91', '', '7551265545', '', '0000-00-00', 'nopicture.png', '22.5748872', '88.4339322', '', 0, 0, 0, '2017-11-08 07:19:06', '2017-11-08 07:19:06', '0', NULL, '1', '', '0', '0', '0', '1', 0, 0, '0.00', 'gEJrwWC9I7', '', '2017-12-08'),
(13, 0, 2, 'palla.unified@gmail.com', '$2y$10$MZk9.hZ56D.Ip1GeWnkWMeFIpPgSkXOORZiqCsLL0YEzde6SVFStG', 'Pallab', 'Mondal', 'male', 'College More', 'Kolkata', 'Wb', 70091, '91', '', '8942085185', '', '0000-00-00', 'nopicture.png', '22.5748872', '88.4339322', '', 0, 0, 0, '2017-11-08 08:04:53', '2017-11-08 08:04:53', '0', NULL, '1', '', '0', '0', '0', '1', 0, 0, '0.00', 'BtQtnx2V3I', '', '2017-12-08'),
(14, 0, 2, 'pal.unified2@gmail.com', '$2y$10$bH6hiKiKqWVYFiny/cb2Suzf5PKy00rrKpm7nFozBrbKyshHAR5jS', 'Pallab', 'Mondal', 'male', 'College More', 'Kolkata', 'Wb', 70091, '91', '', '7205872819', '', '0000-00-00', 'nopicture.png', '22.5748872', '88.4339322', '', 0, 0, 0, '2017-11-08 08:06:41', '2017-11-08 08:06:41', '0', NULL, '1', '', '0', '0', '0', '1', 0, 0, '0.00', '3MVzGFRlLG', '', '2017-12-08'),
(15, 0, 2, 'pal.unified3@gmail.com', '$2y$10$EPyMCGVaXKAAkBN69A7HzeBt8ckXWWIlAx1Qc5L5/PhH8dup9UtP6', 'Pallab', 'Mondal', 'male', 'College More', 'Kolkata', 'Wb', 70091, '91', '', '7205872811', '', '0000-00-00', 'nopicture.png', '22.5748872', '88.4339322', '', 0, 0, 0, '2017-11-08 08:09:48', '2017-11-08 08:09:48', '0', NULL, '1', '', '0', '0', '0', '1', 0, 0, '0.00', 'xunz3xanMc', '', '2017-12-08'),
(16, 0, 2, 'pal.unified4@gmail.com', '$2y$10$oHwCMSR3v2Z/Mr0bz316sO3WPu/QFUGDN9euUGxsJED3w5Fqi6yjK', 'Pallab', 'Mondal', 'male', 'College More', 'Kolkata', 'Wb', 70091, '91', '', '7205872812', '', '0000-00-00', 'nopicture.png', '22.5748872', '88.4339322', '', 0, 0, 0, '2017-11-08 08:12:16', '2017-11-08 08:12:16', '0', NULL, '1', '', '0', '0', '0', '1', 0, 0, '0.00', 'XunTFWMwm5', '', '2017-12-08'),
(17, 0, 2, 'pal.unified@gmail.com', '$2y$10$xMrcUcawBAwF/TcjTZ.s4exLa4JBr85b4ujiFhiDhTjW/2JyxPBdq', 'Pallab', 'Mondal', 'male', 'College More', 'Kolkata', 'Wb', 70091, '91', '', '7205872818', '', '0000-00-00', 'nopicture.png', '22.5748872', '88.4339322', '', 0, 0, 0, '2017-11-08 08:12:59', '2017-11-08 08:12:59', '0', NULL, '1', 'cSSoqHutnSk:APA91bHt53F3HPlqPZ0cIGUWvSKhlciiYLXLkKTm1zJ-kB1E1qwKcN2LdMqG-OWHT9gbuu7qt5_JpaFjGCjz4LNtAvHZyDeA_t5s1DbdHQopuhlC_qmtPFCu1r8idW2axVs0qxeQGeEq', '0', '0', '0', '1', 0, 0, '0.00', 'VkPvBch5bQ', '', '2017-12-08'),
(19, 0, 2, 'poiklk@rochester.rr.com', '$2y$10$RwsqFDALHzIXSO/01v.Z3e6qiGa0HlaylK728XrqrMrhgbhuR.dA.', 'Scott', 'Provvidenza', 'male', '3 Stoneleigh Trail', 'Victor', 'NY', 14564, '91', '', '5857398362', '', '0000-00-00', 'nopicture.png', '43.0193016', '-77.3981166', '', 0, 0, 0, '2017-11-08 16:19:22', '2017-11-08 16:19:22', '0', NULL, '1', 'f1t-1Ah2wAA:APA91bE5zYWM17Ub4cdJGXG9g1q2bkRj2kWSDc8FsNmb3f1TQTEWtQkh02mak_XDyCAleozfv2r-RWQzoWnhzw9aMwlr9AldyXy89jpUgifmEx3kh_HRmKSdj43Z6llRbNmVKt3Q6HKV', '0', '0', '0', '1', 0, 0, '0.00', 'KLw2DaWUYD', '', '2017-12-08'),
(20, 2, 3, 'djdjdhdj@gmail.com', '$2y$10$cP6tZZ0WRzs7KxCndt8Xc.foXkzG7gBJvmZyxrFLYFJz5qqr074Ou', 'pallab', 'gandjdjd', 'male', 'selimpur', 'kolkata', 'west bengal', 70003, '91', '', '9833520753', '', '0000-00-00', 'nopicture.png', '22.646334', '88.241765', '', 0, 0, 0, '2017-11-09 07:13:38', '2017-11-09 07:13:38', '0', NULL, '2', 'E0C64232EFF98A3A966655C6C33E53D5EBA5A25BE954364407D77D9CDDDDCFB9', '0', '0', '0', '1', 77, 5, '0.00', '', '', '2017-12-09'),
(21, 0, 4, 'fjfjdh@gmail.com', '$2y$10$8LE886ggabkgaP0Hmx5XpeKBymWSH4ElwrFT339Z3r6nBON2F/svK', 'ffhh', 'gghdhh', 'male', 'selimpur', 'kolkata', 'westbengal', 700031, '91', '', '98365254568565555', '', '0000-00-00', 'nopicture.png', '22.512593', '88.367965', '', 0, 0, 0, '2017-11-09 07:31:45', '2017-11-09 07:31:45', '0', NULL, '2', '9E066FDBED8E1B3D73E4F988E464DFDB83E2F7D10359BEADA6BE44E0E686EB7E', '0', '0', '0', '1', 0, 2, '0.00', '', '123456', '2018-02-07'),
(22, 0, 4, 'samrat.unified@gmail.com', '$2y$10$C4D7oF1TFGJXlu8rjbFnzOL3C7rSh.WL.OngPe0jNN0Y3lvc9bG3K', 'Samrat', 'Biswas', 'male', '10 Kolkata Road', 'Kolkata', 'West Bengal', 700055, '91', '9051193322', '9051193322', '', '0000-00-00', '140740IMG_20171109_193732.jpg', '22.7626309', '88.4151421', 'My Company', 0, 0, 22, '2017-11-09 10:26:54', '2017-11-09 14:07:40', '0', NULL, '1', 'ejlgdLHt2FI:APA91bF6b0wma1JWYFXlpEqI30Gh0i9veOhqtt83sT8_DlxH5BB-IBZhs0GsxxlO431uW_T0gMYWPGJn1jau0LRVXlXoyMKQ1GW--DW2HsiTd2T1SbIv43oiHoMassJfmZ8WeKckxSgp', '0', '1', '1', '1', 0, 0, '0.00', '', '', '2017-12-09'),
(23, 2, 3, 'pallab234@gmail.com', '$2y$10$4yJRGzjt7TBSZIoOh4SnKO9QVQTMY45dcEcRfBnfSwlcbz5bBwuVS', 'Tgh', 'Dgdh', 'male', 'Selimpur', 'Kolkata', 'West Bengal', 700031, '91', '', '9836556565', '', '0000-00-00', 'nopicture.png', '22.5058664', '88.36885269999999', '', 0, 0, 0, '2017-11-10 06:36:51', '2017-11-10 06:36:51', '0', NULL, '1', 'chTOEbLbxs0:APA91bF-cZvf_bLRJF1NyL84TGOn5JEQyaf937-ESejLrc1tIL45YLuuBJFrlZj3YIFxHSdpMOZTlWXp2-Y_lOLVYgYVFBV1kPrbJ967WTpVxNcQbHD7rPeTdb77poF81ZckP_e7fTL3', '0', '0', '0', '1', 81, 3, '12.00', '', '', '2017-12-10'),
(24, 0, 3, 'pal9090@gmail.com', '$2y$10$TjlWSTjd2NkE.Ot/IOVmpeL8wvdm0xO.qg11FpbESJzxfyWXivTNK', 'Tgh', 'Dgdh', 'male', 'Selimpur', 'Kolkata', 'West Bengal', 700031, '91', '', '6598989565', '', '0000-00-00', 'nopicture.png', '22.5058664', '88.36885269999999', '', 0, 0, 0, '2017-11-10 06:38:49', '2017-11-10 06:38:49', '0', NULL, '1', 'c66An6p6G3k:APA91bFbN9wxuNgrifB2ensdju2Ia6zY3LLlnhs8_8J6vSsVkW_2QLHmfLofSy2FI3y3N4Mmo8BJ-yD4N9qlV647j32J68DBZeyRV1jNb-JeRFfZWzFD8GuJJOCwgRNzXE0OIZZEo0lw', '0', '0', '0', '0', 77, 0, '12.00', '', '', '2017-12-10'),
(25, 0, 3, 'debalina@unifiedinfotech.net', '$2y$10$LJRb1zWHfODP9L0IYHzlve0RLpx9pM8H828f4CY87PC7skFdnGF7G', 'Deb', 'Lina', 'male', 'College More', 'Kolkata', 'WB', 700091, '91', '', '7097381601', '', '0000-00-00', '55970.jpg', '22.5748872', '88.4339322', 'Uipl', 0, 0, 0, '2017-11-10 07:30:36', '2017-11-10 07:30:36', '0', NULL, '1', '', '0', '1', '1', '1', 0, 5, '12.00', '', '123456', '2018-02-08'),
(26, 0, 3, 'pallabgangopadhyay.92@gmail.com', '$2y$10$ZydpQvrl8/ED/TFsLde6ienHz75/JPhZ9FsLxLCttAj9mLpq3Dt2O', 'Pallab', 'Gang', 'male', 'Dhakuria', 'Kolkata', 'West Bengal', 700031, '91', '', '8697988377', '', '0000-00-00', 'nopicture.png', '22.5074967', '88.37271439999999', '', 0, 0, 0, '2017-11-10 07:37:21', '2017-11-10 07:37:21', '0', NULL, '1', 'f_6V1ksSJyE:APA91bHDNNN7rwTnGfoOzqymskk6gFF0y1DxkGu60PvkkIEeQmEeMuVcCNujoElOx-khTPqeuVlXibcDmj3W9c0OfYf2HU8uyiR4qMubO1oyeuYlZ-M_a6BUsrRX8pXRBUNe5RkXNXYe', '0', '1', '1', '1', 0, 0, '12.00', '', '', '2017-12-10'),
(27, 0, 3, 'pallab1992@gmail.com', '$2y$10$ag3.eo0Hk1i5e7jo21Bm5enuNgNQbeHs9CXNRTmxSLEUYTKRMVNtu', 'Pallab', 'Fbxhxh', 'male', 'Jadavpur', 'Kolkata', 'West Bengal', 700031, '91', '', '9977747140', '', '0000-00-00', 'nopicture.png', '22.5074967', '88.37271439999999', '', 0, 0, 0, '2017-11-10 10:35:43', '2017-11-10 10:35:43', '0', NULL, '1', 'c0whxFievfQ:APA91bFKZG7axwn2_rR3JCObai2mQXBBLeaUH1C__Zj4a8wy4WL8OISO3DUUWTF3tANMrQ_Fog0lUcjwwdhTzURo1Flo8cvx5T5o6LVHbr2Gjy54Dmj2xmSYmStXVl-gzOyUtsO1NBts', '0', '1', '0', '1', 0, 0, '12.00', '', '', '2017-12-10'),
(28, 0, 3, 'satya@gmail.com', '$2y$10$docVn7VgeHCzDEuI.QV6Uu5K3BZMp2S8Ai9r2QAeB8hlDotkUEF/S', 'Deeeeb', 'Paaan', 'male', 'College More', 'Kolkata', 'Wb', 700091, '91', '', '8145124865', '', '0000-00-00', 'nopicture.png', '22.5748872', '88.4339322', 'Uipl', 0, 0, 0, '2017-11-10 11:28:49', '2017-11-10 11:28:49', '0', NULL, '1', 'fyDSLZqmWEc:APA91bF5MiT_69sI98LueG2-6HV2EsDD5U8v6vI5xac9W24BKRFDbtUtpSqNfh8_YUpBYy0d6ybAXsDdoeuWKGH6ioRUEPa5TMvSRt2GBA82__I3aICACEET7om82T_obEEjdna6TKU3', '0', '1', '1', '1', 0, 0, '12.00', '', '', '2017-12-10'),
(30, 0, 3, 'dhdhdh@gmail.com', '$2y$10$uGIPvOd03FGAeUwElsx7R.J3X7wB3ljLC2y95Y24JF2ODL0yDPwVK', 'Bfbfb', 'Fhfbfb', 'male', 'Selimpur', 'Kolkata', 'West Bengal', 700031, '91', '', '9865326532', '', '0000-00-00', 'nopicture.png', '22.5058664', '88.36885269999999', '', 0, 0, 0, '2017-11-10 14:53:27', '2017-11-10 14:53:27', '0', NULL, '1', 'dpiQ-JdRMUA:APA91bGNDs-Nr5HIF2z45t6ow0ybNrsHOMfI_ZTUXJY35C5S3GXxyWjSeBZ0mIbtj08auZqG3ebvkVr_MFwqfjestil9KXIoPfa9fZLo9O2UTRrZX1cOTQGBb-xFi6Tx3F-g9-aFMwlx', '0', '0', '0', '1', 88, 2, '12.00', '', '123456', '2018-02-08'),
(31, 0, 3, 'sambaran.unified@gmail.com', '$2y$10$yBZnpCm7RyKOPodW5X1FJ.0iqz.p5dXKTyPYSidLdeVWmoMHqIp9O', 'Sambaran', 'Das', 'male', 'saltlake', 'kolkata', 'westbengal', 700091, '91', '', '7501500090', '', '0000-00-00', '191714file.jpg', 'Optional(22.565567999999999)', 'Optional(88.410949000000002)', 'uipl', 0, 0, 31, '2017-11-10 14:55:51', '2017-11-15 19:17:14', '0', NULL, '2', '', '0', '1', '1', '0', 0, 0, '0.00', '', '', '2017-12-10'),
(32, 0, 3, 'fhgvg@gmail.com', '$2y$10$0VuL5uZirDlZAlY2W/Vpt.WB.Cpq66h9oWTVi0485dDkUtVmNG34.', 'Jfjdjfjf', 'jdjdj', 'male', 'Selimpur', 'Kolkata', 'West Bengal', 700031, '91', '', '9856231475', '', '0000-00-00', 'nopicture.png', '22.512593', '88.367965', '', 0, 0, 0, '2017-11-10 14:57:36', '2017-11-10 14:57:36', '0', NULL, '2', '', '0', '1', '1', '1', 0, 0, '0.00', '', '123456', '2018-02-08'),
(33, 0, 3, 'rdjdj@gmail.com', '$2y$10$NVEhx84HItkx5cIhlXAf4.nHPhLDEDImdQpEoyFBvrEIQLPQqLBEm', 'dhdhdh', 'dbdbdb', 'male', 'selimpur', 'kolkata', 'west bengal', 700031, '91', '', '9836520712', '', '0000-00-00', '61332.jpg', '22.512593', '88.367965', '', 0, 0, 0, '2017-11-13 07:01:35', '2017-11-13 07:01:35', '0', NULL, '2', '', '0', '0', '0', '1', 85, 4, '0.00', '', '123456', '2018-02-11'),
(34, 0, 3, 'ruby@gmail.com', '$2y$10$H//UQxQ377YnW625reBsoOIHw7Joof3ePWlW.mZhnQurddMm9aZwS', 'dhdhdh', 'dbdbdb', 'male', 'selimpur', 'kolkata', 'west bengal', 700031, '91', '', '9824646856', '', '0000-00-00', '15529.jpg', '22.512593', '88.367965', '', 0, 0, 0, '2017-11-13 07:30:22', '2017-11-13 07:30:22', '0', NULL, '2', '', '0', '1', '1', '1', 0, 0, '0.00', '', '123456', '2018-02-11'),
(35, 0, 2, 'sreea@unifiedinfotech.net', '$2y$10$r5CIkkEYZ.kZ98z4sRZP..W4sw9cdZWarNjIpgzODtMckPIfNcFUu', 'Sreea', 'Bhattacharya', 'male', 'Saltlake', 'Kolkata', 'West Bengal', 700091, '91', '', '9051930675', '', '0000-00-00', 'nopicture.png', '22.5816962', '88.4304141', '', 0, 0, 0, '2017-11-17 09:44:22', '2017-11-17 09:44:22', '0', NULL, '1', 'ewfAdhNzQ2o:APA91bGy408q0J2rqBQDKimt6MT__jm4hJelSImy35Dy7bnc_ol6erjKg2jvXRkugjlXE2Lt2SJSUXHJgzhvG8AQooHlA-HoHg3XrWGOTNwcBOA1cOi-aYzNaXEJo3bTi-SKEaEa5C7Q', '0', '1', '1', '1', 0, 0, '0.00', 'JStzLB3dMe', '', '2017-12-17'),
(36, 0, 3, 'abhisekh.unified@gmail.com', '$2y$10$kao1cGueL7mYhnH/eugM8e8q26RKKCjCCVR7A8WVWB/GYKaUUcSZu', 'Pallab', 'Mondal', 'male', 'College More', 'Kolkata', 'Wb', 700091, '91', '', '8609796386', '', '0000-00-00', '075112IMG_20171123_132032.jpg', '22.5746794', '88.4336392', 'Uipk', 0, 0, 36, '2017-11-17 13:00:18', '2017-11-23 07:51:12', '0', NULL, '2', '', '0', '1', '1', '1', 0, 39, '12.00', '', '123456', '2018-02-15'),
(37, 0, 4, 'ankan@gmail.com', '$2y$10$OxMPIjOsYDo05hBnmyqCZelhbwGoBvBApUJfBmg8gt8lEUJ7rXWnm', 'Ankan', 'Dey', 'male', 'College More', 'Kolkata', 'WB', 700091, '91', '', '9883734138', '', '0000-00-00', '143402IMG_20171120_200249.jpg', '22.5746794', '88.4336392', 'Uipl', 0, 0, 37, '2017-11-20 14:30:42', '2017-11-20 14:34:02', '0', NULL, '1', '', '0', '1', '1', '1', 0, 0, '0.00', '', '', '2017-12-20'),
(38, 0, 4, 'mostain.unified@gmail.com,', '$2y$10$61z/DUar.E6Q.giDD6wbiuHEsRnSLfFfLDzAki0AKwF8XcBM3erV2', 'mostain,', 'dutta,', 'male', 'baranagar,', 'kolkata,', 'westbengal,', 700010, '1,', '9863250753', '1234567890,', '', '2001-01-01', 'nopicture.png', '12345,', '54321,', 'uipl,', 100, 0, 0, '2017-11-24 06:49:09', '2017-11-24 06:49:09', '0', NULL, '', '1234,', '0', '0', '0', '0', 0, 0, '20.00', 'yWbKXGFlIQ', '123456', '2018-02-22'),
(39, 0, 2, 'souvick.uipl@gmail.com', '$2y$10$guhtihUOsBtcWlCO81oknufbEnEtePPKOSsCgPwfW9.wliCOx.fFW', 'raj', 'Ganguly', 'male', 'salt lake', 'Kolkata', 'westbengal', 700091, '91', '', '7685066691', '', '0000-00-00', '144202IMG_20171124_201151.jpg', '22.5816962', '88.4304141', '', 0, 0, 39, '2017-11-24 07:54:33', '2017-11-24 14:42:02', '0', NULL, '1', 'ehxOhngzksg:APA91bEsoUbtFS9-yNsC9vCwnfDxJfcVjolTEapvmOW4t3a5J08iBI1MIVktZUKN-ndGQN9Xe9_TJVOuIKRBoeHmWgb31W-pN4hZk7VgbdRN_FstWBgysksZ9bH2Lj9VZOU8atY0Olap', '0', '1', '1', '1', 0, 0, '0.00', 'DP20eUWd1x', '', '2017-12-24'),
(40, 0, 4, 'mrinal.unified@gmail.com', '$2y$10$twuzMX7UecLw0Kis3.b.6.wHOaaUlv6zq6lASU.EnzrdTHBH.AsXy', 'pal', 'lab', 'male', 'salt lake', 'Kolkata', 'westbengal', 700031, '91', '', '9890466715', '', '0000-00-00', 'nopicture.png', '22.512593', '88.367965', '', 0, 0, 0, '2017-11-24 07:57:32', '2017-11-24 07:57:32', '0', NULL, '2', '', '0', '1', '1', '1', 0, 0, '0.00', '', '', '2017-12-24'),
(41, 2, 3, 'rihana@gmail.com', '$2y$10$09STh02CtHnKiFLwABDDSOD/KtO4Ng6cQszCmhiBtIn.xtdJ08RQ.', 'Rihana', 'Roy', 'male', 'Birati', 'Kolkata', 'westbengal', 743296, '+91', '', '1234567899', '', '1985-10-09', 'nopicture.png', '12345', '54321', 'uipl', 100, 0, 0, '2017-11-27 08:20:51', '2017-11-27 08:20:51', '0', NULL, '2', '1234', '0', '0', '0', '0', 11, 0, '20.00', 'yWbKXGFlIQ', '', '2017-12-06'),
(42, 2, 3, 'rihana1@gmail.com', '$2y$10$wsInHW8DG0Iho9DbDlUEGOfB1idG1q/T4sr9EJ7VgULiXqIGqza3a', 'Rihana1', 'Roy', 'male', 'Birati', 'Kolkata', 'westbengal', 743296, '+91', '', '1234567891', '', '1985-10-09', 'nopicture.png', '12345', '54321', 'uipl', 100, 0, 0, '2017-11-27 08:33:46', '2017-11-27 08:33:46', '0', NULL, '2', '1234', '0', '0', '0', '0', 11, 0, '20.00', 'yWbKXGFlIQ', '', '2017-12-06'),
(43, 2, 3, 'rihana2@gmail.com', '$2y$10$Tz26zRdF7cKTvDdz412Wver6S0QjS.5NMNXN6efeA2h/ynWAhZ7/a', 'Rihana1', 'Roy', 'male', 'Birati', 'Kolkata', 'westbengal', 743296, '+91', '', '1234567892', '', '1985-10-09', 'nopicture.png', '12345', '54321', 'uipl', 100, 0, 0, '2017-11-27 08:36:06', '2017-11-27 08:36:06', '0', NULL, '2', '1234', '0', '0', '0', '0', 11, 0, '20.00', 'yWbKXGFlIQ', '', '2017-12-06'),
(44, 2, 3, 'rihana3@gmail.com', '$2y$10$xmx4QZMDZjZEOwy2yG/yA.cztwi6iEK.8Ji11US5.njBaUde6JXUK', 'Rihana1', 'Roy', 'male', 'Birati', 'Kolkata', 'westbengal', 743296, '+91', '', '1234567893', '', '1985-10-09', 'nopicture.png', '12345', '54321', 'uipl', 100, 0, 0, '2017-11-27 08:36:48', '2017-11-27 08:36:48', '0', NULL, '2', '1234', '0', '0', '0', '0', 11, 0, '20.00', 'yWbKXGFlIQ', '', '2017-12-06'),
(45, 2, 3, 'rihana4@gmail.com', '$2y$10$fpTqsax2UlyI6oNHS2DSyu/6XExW8zKHWrIbzeYeLKG2IdaZAHdlu', 'Rihana1', 'Roy', 'male', 'Birati', 'Kolkata', 'westbengal', 743296, '+91', '', '1234567894', '', '1985-10-09', 'nopicture.png', '12345', '54321', 'uipl', 100, 0, 0, '2017-11-27 09:20:30', '2017-11-27 09:20:30', '0', NULL, '2', '1234', '0', '0', '0', '0', 11, 0, '20.00', 'yWbKXGFlIQ', '', '2017-12-06'),
(46, 2, 3, 'rihana5@gmail.com', '$2y$10$.m92kB.oryqY5q53fEimMOyX9gbO/IAZTBn1QVcbUQYh.POERcMLq', 'Rihana1', 'Roy', 'male', 'Birati', 'Kolkata', 'westbengal', 743296, '+91', '', '1234567895', '', '1985-10-09', 'nopicture.png', '12345', '54321', 'uipl', 100, 0, 0, '2017-11-27 09:23:28', '2017-11-27 09:23:28', '0', NULL, '2', '1234', '0', '0', '0', '0', 1, 0, '20.00', 'yWbKXGFlIQ', '', '2017-12-06'),
(47, 2, 3, 'rihana6@gmail.com', '$2y$10$3sVYTq6qovepwBgoGIH8tuRVx1Yoplwf0DqKk7j6259ATrmKm.82.', 'Rihana1', 'Roy', 'male', 'Birati', 'Kolkata', 'westbengal', 743296, '+91', '', '1234567896', '', '1985-10-09', 'nopicture.png', '12345', '54321', 'uipl', 100, 0, 0, '2017-11-27 09:37:48', '2017-11-27 09:37:48', '0', NULL, '2', '1234', '0', '0', '0', '0', 1, 0, '20.00', 'yWbKXGFlIQ', '', '2017-12-06'),
(48, 2, 3, 'rihana7@gmail.com', '$2y$10$TNspQZPDL3z8H9/uymFjZ.WaOcixqZi3YA5e5pyLiQpP6.1pD8u/6', 'Rihana1', 'Roy', 'male', 'Birati', 'Kolkata', 'westbengal', 743296, '+91', '', '1234567897', '', '1985-10-09', 'nopicture.png', '12345', '54321', 'uipl', 100, 0, 0, '2017-11-27 09:38:40', '2017-11-27 09:38:40', '0', NULL, '2', '1234', '0', '0', '0', '0', 1, 0, '20.00', 'yWbKXGFlIQ', '', '2017-12-06'),
(49, 2, 3, 'rihana8@gmail.com', '$2y$10$LRboR6tfk9CsqE0DRmsxguDg3vYNJqtSkFT2Vu6KezXmjEEEf4yc.', 'Rihana1', 'Roy', 'male', 'Birati', 'Kolkata', 'westbengal', 743296, '+91', '', '1234567898', '', '1985-10-09', 'nopicture.png', '12345', '54321', 'uipl', 100, 0, 0, '2017-11-27 09:43:59', '2017-11-27 09:43:59', '0', NULL, '2', '1234', '0', '0', '0', '0', 1, 0, '20.00', 'yWbKXGFlIQ', '', '2017-12-06'),
(50, 2, 3, 'rihana9@gmail.com', '$2y$10$8oVZwJ8Tkrrx4Z4jNK4N.uyrC0OwqB2OyNbjcVI1qR25.bLNP8Ulm', 'Rihana1', 'Roy', 'male', 'Birati', 'Kolkata', 'westbengal', 743296, '+91', '', '1234567119', '', '1985-10-09', 'nopicture.png', '12345', '54321', 'uipl', 100, 0, 0, '2017-11-27 09:45:38', '2017-11-27 09:45:38', '0', NULL, '2', '1234', '0', '0', '0', '0', 0, 0, '20.00', 'yWbKXGFlIQ', '', '2017-12-06'),
(51, 2, 3, 'rihana22@gmail.com', '$2y$10$N0PYrgICJQI7jKyRnwEvZef55H/DMpksVx7PXor6qx0jWPdIT.ruu', 'Rihana1', 'Roy', 'male', 'Birati', 'Kolkata', 'westbengal', 743296, '+91', '', '1234567129', '', '1985-10-09', 'nopicture.png', '12345', '54321', 'uipl', 100, 0, 0, '2017-11-27 09:46:50', '2017-11-27 09:46:50', '0', NULL, '2', '1234', '0', '0', '0', '0', 0, 0, '20.00', 'yWbKXGFlIQ', '', '2017-12-06'),
(52, 2, 3, 'rihana11@gmail.com', '$2y$10$IF85IMPQiQUvI70mvG.ImOTL694yrkJ1xXJhOzQb9nKxd60HtTPJa', 'Rihana1', 'Roy', 'male', 'Birati', 'Kolkata', 'westbengal', 743296, '+91', '', '1234567139', '', '1985-10-09', 'nopicture.png', '12345', '54321', 'uipl', 100, 0, 0, '2017-11-27 09:50:25', '2017-11-27 09:50:25', '0', NULL, '2', '1234', '0', '0', '0', '0', 0, 0, '20.00', 'yWbKXGFlIQ', '', '2017-12-06'),
(53, 2, 3, 'rihana13@gmail.com', '$2y$10$tUyFzWBnfqKjs1Fn6BAEMOJfYioI8zo9hdi5RW6hQQPXdKtDutgBC', 'Rihana1', 'Roy', 'male', 'Birati', 'Kolkata', 'westbengal', 743296, '+91', '', '1234567149', '', '1985-10-09', 'nopicture.png', '12345', '54321', 'uipl', 100, 0, 0, '2017-11-27 09:52:14', '2017-11-27 09:52:14', '0', NULL, '2', '1234', '0', '0', '0', '0', 0, 0, '20.00', 'yWbKXGFlIQ', '', '2017-12-06'),
(54, 2, 3, 'rihana14@gmail.com', '$2y$10$Y3xSUEC.j8bkpR5KFyVVeudcZF8ZIO/VttBwzHpitM9mo44vUN3hq', 'Rihana1', 'Roy', 'male', 'Birati', 'Kolkata', 'westbengal', 743296, '+91', '', '1234567159', '', '1985-10-09', 'nopicture.png', '12345', '54321', 'uipl', 100, 0, 0, '2017-11-27 09:55:24', '2017-11-27 09:55:24', '0', NULL, '2', '1234', '0', '0', '0', '0', 0, 0, '20.00', 'yWbKXGFlIQ', '', '2017-12-06'),
(55, 2, 3, 'rihana15@gmail.com', '$2y$10$UoWjx4d8pVKV1XDALWpVJ.Iq0ACivGlCV.p1gBaYlfppOfJr9BcFK', 'Rihana1', 'Roy', 'male', 'Birati', 'Kolkata', 'westbengal', 743296, '+91', '', '1234567169', '', '1985-10-09', 'nopicture.png', '12345', '54321', 'uipl', 100, 0, 0, '2017-11-27 09:58:21', '2017-11-27 09:58:21', '0', NULL, '2', '1234', '0', '0', '0', '0', 0, 0, '20.00', 'yWbKXGFlIQ', '', '2017-12-06'),
(56, 0, 3, 'arijita.unified1@gmail.com', '$2y$10$pl0gYsyb4QCL2bCGNyK5IezZRtlZ2REGpCcBBeqL/HEGgr9xpg1lC', 'Arijita', 'Dey', 'male', 'DN 53', 'Kolkata', 'West Bengal', 700091, '91', '9856325699', '9856325899', '', '0000-00-00', 'nopicture.png', '22.5353965', '88.3482485', '', 0, 0, 0, '2017-11-27 10:02:03', '2017-11-27 10:02:03', '0', NULL, '1', '', '0', '0', '0', '1', 0, 0, '10.00', '', '123456', '2018-02-25'),
(57, 0, 3, 'arijita.unified@gmail.com', '$2y$10$50CHxhPTVeLXAguDNfuBoeC9aOKUsPt68xX4EFtXVnXvG8FTjnU7K', 'Arijita', 'Dey', 'male', 'DN 53', 'Kolkata', 'West Bengal', 700091, '91', '9856325698', '9856325896', '', '0000-00-00', 'nopicture.png', '22.5353965', '88.3482485', '', 0, 0, 0, '2017-11-27 10:04:08', '2017-11-27 10:04:08', '0', NULL, '1', '', '0', '0', '0', '1', 0, 0, '10.00', '', '123456', '2018-02-25'),
(58, 2, 3, 'rihana16@gmail.com', '$2y$10$S9hQTwaGAvDnMgZMX7kvMeWXPWl2tIxnJcwfK.VSmvX.DIfVIa0R6', 'Rihana1', 'Roy', 'male', 'Birati', 'Kolkata', 'westbengal', 743296, '+91', '', '1234567179', '', '1985-10-09', 'nopicture.png', '12345', '54321', 'uipl', 100, 0, 0, '2017-11-27 10:08:24', '2017-11-27 10:08:24', '0', NULL, '2', '1234', '0', '0', '0', '0', 0, 0, '20.00', 'yWbKXGFlIQ', '', '2017-12-06'),
(59, 0, 2, 'abc@gmail.com', '$2y$10$RGQFBZCjkoNp4ePmyINpiuTpxcyNKFL9jhzmxFt3f9RvZDd0r.4rq', 'raja', 'ganguly', 'male', 'saltlake', 'kolkata', 'westbengal', 700031, '91', '', '9836520756', '', '0000-00-00', 'nopicture.png', '22.5074967', '88.37271439999999', '', 0, 0, 0, '2017-11-27 10:49:39', '2017-11-27 10:49:39', '0', NULL, '1', 'dwjpFC3P1-c:APA91bEE8Vwv4ndeoXwg-wsWo20JNSevyLZh3wswHydAEmwSzfE65DwhPX0-VHGYNYCsm35AX4ZrUy4vPza-homr8dh02q4wGBi_R5NvuOCNaL6b8MT4doC51qeTTFL4NGFAsLtMuNQt', '0', '0', '0', '1', 0, 0, '0.00', 'OsF5BB5TC6', '', '2017-12-27');

-- --------------------------------------------------------

--
-- Table structure for table `user_card_details`
--

CREATE TABLE `user_card_details` (
  `id` int(11) NOT NULL,
  `user_id` int(11) NOT NULL,
  `card_number` varchar(20) NOT NULL,
  `name_on_card` varchar(255) NOT NULL,
  `card_type` enum('0','1') DEFAULT NULL COMMENT '0=credit card,1=debit card',
  `is_primary` int(1) NOT NULL COMMENT '1 ====> Primary, 0 ===> Secondry',
  `is_deleted` int(1) NOT NULL DEFAULT '0' COMMENT '1=delete,0=undelete',
  `created_at` datetime NOT NULL,
  `updated_at` timestamp NOT NULL DEFAULT CURRENT_TIMESTAMP
) ENGINE=InnoDB DEFAULT CHARSET=latin1;

--
-- Dumping data for table `user_card_details`
--

INSERT INTO `user_card_details` (`id`, `user_id`, `card_number`, `name_on_card`, `card_type`, `is_primary`, `is_deleted`, `created_at`, `updated_at`) VALUES
(1, 0, '123456789123456789', 'demo', '0', 0, 0, '2017-11-06 10:57:52', '2017-11-05 23:57:52'),
(2, 0, '123456789123456789', 'demo', '0', 0, 0, '2017-11-07 06:27:11', '2017-11-07 00:57:11'),
(3, 0, '123456789123456789', 'demo', '0', 0, 0, '2017-11-07 07:42:05', '2017-11-07 02:12:05'),
(4, 0, '123456789123456789', 'demo', '0', 0, 0, '2017-11-07 10:22:28', '2017-11-07 04:52:28'),
(5, 0, '123456789123456789', 'demo', '0', 0, 0, '2017-11-07 10:34:08', '2017-11-07 05:04:08'),
(6, 0, '123456789123456789', 'demo', '0', 0, 0, '2017-11-07 10:36:47', '2017-11-07 05:06:47'),
(7, 0, '123456789123456789', 'demo', '0', 0, 0, '2017-11-08 07:19:06', '2017-11-08 01:49:06'),
(8, 0, '123456789123456789', 'demo', '0', 0, 0, '2017-11-08 08:04:53', '2017-11-08 02:34:53'),
(9, 0, '123456789123456789', 'demo', '0', 0, 0, '2017-11-08 08:06:40', '2017-11-08 02:36:40'),
(10, 0, '123456789123456789', 'demo', '0', 0, 0, '2017-11-08 08:09:48', '2017-11-08 02:39:48'),
(11, 0, '123456789123456789', 'demo', '0', 0, 0, '2017-11-08 08:12:15', '2017-11-08 02:42:15'),
(12, 0, '123456789123456789', 'demo', '0', 0, 0, '2017-11-08 08:12:59', '2017-11-08 02:42:59'),
(13, 0, '123456789123456789', 'demo', '0', 0, 0, '2017-11-08 14:25:51', '2017-11-08 08:55:51'),
(14, 0, '123456789123456789', 'demo', '0', 0, 0, '2017-11-08 16:19:22', '2017-11-08 10:49:22'),
(15, 0, '123456789123456789', 'demo', '0', 0, 0, '2017-11-09 07:13:32', '2017-11-09 01:43:32'),
(16, 0, '123456789123456789', 'demo', '0', 0, 0, '2017-11-09 10:26:54', '2017-11-09 04:56:54'),
(17, 0, '123456789123456789', 'demo', '0', 0, 0, '2017-11-10 06:36:50', '2017-11-10 01:06:50'),
(18, 0, '123456789123456789', 'demo', '0', 0, 0, '2017-11-10 06:38:49', '2017-11-10 01:08:49'),
(19, 0, '123456789123456789', 'demo', '0', 0, 0, '2017-11-10 07:37:21', '2017-11-10 02:07:21'),
(20, 0, '123456789123456789', 'demo', '0', 0, 0, '2017-11-10 10:35:42', '2017-11-10 05:05:42'),
(21, 0, '123456789123456789', 'demo', '0', 0, 0, '2017-11-10 11:28:48', '2017-11-10 05:58:48'),
(22, 0, '123456789123456789', 'demo', '0', 0, 0, '2017-11-10 14:46:35', '2017-11-10 09:16:35'),
(23, 0, '123456789123456789', 'demo', '0', 0, 0, '2017-11-10 14:55:51', '2017-11-10 09:25:51'),
(24, 0, '123456789123456789', 'demo', '0', 0, 0, '2017-11-17 09:44:22', '2017-11-17 04:14:22'),
(25, 0, '123456789123456789', 'demo', '0', 0, 0, '2017-11-20 14:30:42', '2017-11-20 09:00:42'),
(26, 0, '123456789123456789', 'demo', '0', 0, 0, '2017-11-24 07:54:33', '2017-11-24 02:24:33'),
(27, 0, '123456789123456789', 'demo', '0', 0, 0, '2017-11-24 07:57:32', '2017-11-24 02:27:32'),
(28, 0, '123456789123456789', 'demo', '0', 0, 0, '2017-11-27 10:49:39', '2017-11-27 05:19:39');

-- --------------------------------------------------------

--
-- Table structure for table `user_plan`
--

CREATE TABLE `user_plan` (
  `id` int(255) NOT NULL,
  `user_id` int(255) NOT NULL,
  `plan_id` int(255) NOT NULL,
  `transaction_id` int(255) NOT NULL,
  `expire_on` date NOT NULL
) ENGINE=InnoDB DEFAULT CHARSET=latin1;

--
-- Dumping data for table `user_plan`
--

INSERT INTO `user_plan` (`id`, `user_id`, `plan_id`, `transaction_id`, `expire_on`) VALUES
(1, 2, 1, 12345, '2017-12-06'),
(2, 3, 1, 12345, '2017-12-07'),
(3, 4, 1, 12345, '2017-12-07'),
(4, 6, 1, 12345, '2017-12-07'),
(5, 7, 1, 12345, '2017-12-07'),
(6, 13, 1, 12345, '2017-12-08'),
(7, 14, 1, 12345, '2017-12-08'),
(8, 15, 1, 12345, '2017-12-08'),
(9, 16, 1, 12345, '2017-12-08'),
(10, 17, 1, 12345, '2017-12-08'),
(11, 18, 1, 12345, '2017-12-08'),
(12, 22, 1, 12345, '2017-12-09'),
(13, 35, 1, 12345, '2017-12-17'),
(14, 37, 1, 12345, '2017-12-20'),
(15, 39, 1, 12345, '2017-12-24'),
(16, 40, 1, 12345, '2017-12-24'),
(17, 59, 1, 12345, '2017-12-27');

-- --------------------------------------------------------

--
-- Structure for view `dumpSiteAverageRating`
--

CREATE ALGORITHM=UNDEFINED DEFINER=`uipl`@`%` SQL SECURITY DEFINER VIEW `dumpSiteAverageRating`  AS  select `rating`.`id` AS `id`,`rating`.`to_id` AS `to_id`,`rating`.`from_id` AS `from_id`,round(avg(`rating`.`rating`),1) AS `average_rating`,`rating`.`type` AS `type`,`rating`.`job_site_id` AS `job_site_id`,`rating`.`description` AS `description`,`rating`.`created_at` AS `created_at`,`rating`.`updated_at` AS `updated_at`,`rating`.`is_deleted` AS `is_deleted`,`rating`.`is_approved` AS `is_approved` from `rating` where ((`rating`.`is_deleted` = '0') and (`rating`.`is_approved` = '1') and (`rating`.`type` = 'dump_site')) group by `rating`.`to_id` ;

-- --------------------------------------------------------

--
-- Structure for view `dumpSiteDetails`
--

CREATE ALGORITHM=UNDEFINED DEFINER=`uipl`@`%` SQL SECURITY DEFINER VIEW `dumpSiteDetails`  AS  select `dump_site`.`id` AS `id`,`dump_site`.`user_id` AS `user_id`,`dump_site`.`site_name` AS `site_name`,`dump_site`.`description` AS `description`,`dump_site`.`street` AS `street`,`dump_site`.`city` AS `city`,`dump_site`.`state` AS `state`,`dump_site`.`zipcode` AS `zipcode`,`dump_site`.`direction_note` AS `direction_note`,`dump_site`.`phone_no` AS `phone_no`,`dump_site`.`primary_mobile_no` AS `primary_mobile_no`,`dump_site`.`secondary_mobile_no` AS `secondary_mobile_no`,`dump_site`.`email` AS `email`,`dump_site`.`website` AS `website`,`dump_site`.`hours_of_operations` AS `hours_of_operations`,`dump_site`.`driver_instructions` AS `driver_instructions`,`dump_site`.`quantity_required` AS `quantity_required`,`dump_site`.`is_call_advance` AS `is_call_advance`,`dump_site`.`dump_location` AS `dump_location`,`dump_site`.`latitude` AS `latitude`,`dump_site`.`longitude` AS `longitude`,`dump_site`.`is_available` AS `is_available`,`dump_site`.`is_deleted` AS `is_deleted`,`dump_site`.`created_at` AS `created_at`,`dump_site`.`updated_at` AS `updated_at`,(case when isnull(`dumpSiteAverageRating`.`average_rating`) then 0 else `dumpSiteAverageRating`.`average_rating` end) AS `averageRating` from (`dumpSiteListAllActive` `dump_site` left join `dumpSiteAverageRating` on((`dump_site`.`id` = `dumpSiteAverageRating`.`to_id`))) ;

-- --------------------------------------------------------

--
-- Structure for view `dumpSiteListAllActive`
--

CREATE ALGORITHM=UNDEFINED DEFINER=`uipl`@`%` SQL SECURITY DEFINER VIEW `dumpSiteListAllActive`  AS  select `dump_site`.`id` AS `id`,`dump_site`.`user_id` AS `user_id`,`dump_site`.`site_name` AS `site_name`,`dump_site`.`description` AS `description`,`dump_site`.`street` AS `street`,`dump_site`.`city` AS `city`,`dump_site`.`state` AS `state`,`dump_site`.`zipcode` AS `zipcode`,`dump_site`.`direction_note` AS `direction_note`,`dump_site`.`phone_no` AS `phone_no`,`dump_site`.`primary_mobile_no` AS `primary_mobile_no`,`dump_site`.`secondary_mobile_no` AS `secondary_mobile_no`,`dump_site`.`email` AS `email`,`dump_site`.`website` AS `website`,`dump_site`.`hours_of_operations` AS `hours_of_operations`,`dump_site`.`driver_instructions` AS `driver_instructions`,`dump_site`.`quantity_required` AS `quantity_required`,`dump_site`.`is_call_advance` AS `is_call_advance`,`dump_site`.`dump_location` AS `dump_location`,`dump_site`.`latitude` AS `latitude`,`dump_site`.`longitude` AS `longitude`,`dump_site`.`is_available` AS `is_available`,`dump_site`.`is_deleted` AS `is_deleted`,`dump_site`.`created_at` AS `created_at`,`dump_site`.`updated_at` AS `updated_at` from `dump_site` where (`dump_site`.`is_deleted` = '0') ;

--
-- Indexes for dumped tables
--

--
-- Indexes for table `accepted_dump_materials`
--
ALTER TABLE `accepted_dump_materials`
  ADD PRIMARY KEY (`id`);

--
-- Indexes for table `appeared_in_search_analytics_driver`
--
ALTER TABLE `appeared_in_search_analytics_driver`
  ADD PRIMARY KEY (`id`);

--
-- Indexes for table `appeared_in_search_analytics_dump_site`
--
ALTER TABLE `appeared_in_search_analytics_dump_site`
  ADD PRIMARY KEY (`id`);

--
-- Indexes for table `appeared_in_search_analytics_job_site`
--
ALTER TABLE `appeared_in_search_analytics_job_site`
  ADD PRIMARY KEY (`id`);

--
-- Indexes for table `calls_analytics`
--
ALTER TABLE `calls_analytics`
  ADD PRIMARY KEY (`id`);

--
-- Indexes for table `chat`
--
ALTER TABLE `chat`
  ADD PRIMARY KEY (`id`);

--
-- Indexes for table `coupon`
--
ALTER TABLE `coupon`
  ADD PRIMARY KEY (`id`);

--
-- Indexes for table `details_viewed_analytics`
--
ALTER TABLE `details_viewed_analytics`
  ADD PRIMARY KEY (`id`);

--
-- Indexes for table `devices`
--
ALTER TABLE `devices`
  ADD PRIMARY KEY (`id`);

--
-- Indexes for table `driver_preferences`
--
ALTER TABLE `driver_preferences`
  ADD PRIMARY KEY (`id`);

--
-- Indexes for table `driver_preference_materials`
--
ALTER TABLE `driver_preference_materials`
  ADD PRIMARY KEY (`id`);

--
-- Indexes for table `dump_site`
--
ALTER TABLE `dump_site`
  ADD PRIMARY KEY (`id`);

--
-- Indexes for table `dump_site_timing`
--
ALTER TABLE `dump_site_timing`
  ADD PRIMARY KEY (`id`);

--
-- Indexes for table `favourites`
--
ALTER TABLE `favourites`
  ADD PRIMARY KEY (`id`);

--
-- Indexes for table `fees`
--
ALTER TABLE `fees`
  ADD PRIMARY KEY (`id`);

--
-- Indexes for table `forgot_password_requests`
--
ALTER TABLE `forgot_password_requests`
  ADD PRIMARY KEY (`id`);

--
-- Indexes for table `image`
--
ALTER TABLE `image`
  ADD PRIMARY KEY (`id`);

--
-- Indexes for table `job_site`
--
ALTER TABLE `job_site`
  ADD PRIMARY KEY (`id`);

--
-- Indexes for table `job_site_to_driver`
--
ALTER TABLE `job_site_to_driver`
  ADD PRIMARY KEY (`id`);

--
-- Indexes for table `lead`
--
ALTER TABLE `lead`
  ADD PRIMARY KEY (`id`);

--
-- Indexes for table `master_reference_code`
--
ALTER TABLE `master_reference_code`
  ADD PRIMARY KEY (`id`);

--
-- Indexes for table `materials`
--
ALTER TABLE `materials`
  ADD PRIMARY KEY (`id`);

--
-- Indexes for table `otp`
--
ALTER TABLE `otp`
  ADD PRIMARY KEY (`id`);

--
-- Indexes for table `plan`
--
ALTER TABLE `plan`
  ADD PRIMARY KEY (`id`);

--
-- Indexes for table `pre_payment`
--
ALTER TABLE `pre_payment`
  ADD PRIMARY KEY (`id`);

--
-- Indexes for table `rating`
--
ALTER TABLE `rating`
  ADD PRIMARY KEY (`id`);

--
-- Indexes for table `sitesettings`
--
ALTER TABLE `sitesettings`
  ADD PRIMARY KEY (`id`);

--
-- Indexes for table `transaction`
--
ALTER TABLE `transaction`
  ADD PRIMARY KEY (`id`);

--
-- Indexes for table `users`
--
ALTER TABLE `users`
  ADD PRIMARY KEY (`id`);

--
-- Indexes for table `user_card_details`
--
ALTER TABLE `user_card_details`
  ADD PRIMARY KEY (`id`);

--
-- Indexes for table `user_plan`
--
ALTER TABLE `user_plan`
  ADD PRIMARY KEY (`id`);

--
-- AUTO_INCREMENT for dumped tables
--

--
-- AUTO_INCREMENT for table `accepted_dump_materials`
--
ALTER TABLE `accepted_dump_materials`
  MODIFY `id` int(255) NOT NULL AUTO_INCREMENT, AUTO_INCREMENT=224;
--
-- AUTO_INCREMENT for table `appeared_in_search_analytics_driver`
--
ALTER TABLE `appeared_in_search_analytics_driver`
  MODIFY `id` int(11) NOT NULL AUTO_INCREMENT, AUTO_INCREMENT=468;
--
-- AUTO_INCREMENT for table `appeared_in_search_analytics_dump_site`
--
ALTER TABLE `appeared_in_search_analytics_dump_site`
  MODIFY `id` int(11) NOT NULL AUTO_INCREMENT, AUTO_INCREMENT=1702;
--
-- AUTO_INCREMENT for table `appeared_in_search_analytics_job_site`
--
ALTER TABLE `appeared_in_search_analytics_job_site`
  MODIFY `id` int(11) NOT NULL AUTO_INCREMENT, AUTO_INCREMENT=1119;
--
-- AUTO_INCREMENT for table `calls_analytics`
--
ALTER TABLE `calls_analytics`
  MODIFY `id` int(11) NOT NULL AUTO_INCREMENT, AUTO_INCREMENT=4;
--
-- AUTO_INCREMENT for table `chat`
--
ALTER TABLE `chat`
  MODIFY `id` int(11) NOT NULL AUTO_INCREMENT;
--
-- AUTO_INCREMENT for table `coupon`
--
ALTER TABLE `coupon`
  MODIFY `id` int(255) NOT NULL AUTO_INCREMENT, AUTO_INCREMENT=2;
--
-- AUTO_INCREMENT for table `details_viewed_analytics`
--
ALTER TABLE `details_viewed_analytics`
  MODIFY `id` int(11) NOT NULL AUTO_INCREMENT, AUTO_INCREMENT=559;
--
-- AUTO_INCREMENT for table `devices`
--
ALTER TABLE `devices`
  MODIFY `id` int(11) NOT NULL AUTO_INCREMENT, AUTO_INCREMENT=262;
--
-- AUTO_INCREMENT for table `driver_preferences`
--
ALTER TABLE `driver_preferences`
  MODIFY `id` int(255) NOT NULL AUTO_INCREMENT, AUTO_INCREMENT=18;
--
-- AUTO_INCREMENT for table `driver_preference_materials`
--
ALTER TABLE `driver_preference_materials`
  MODIFY `id` int(255) NOT NULL AUTO_INCREMENT, AUTO_INCREMENT=175;
--
-- AUTO_INCREMENT for table `dump_site`
--
ALTER TABLE `dump_site`
  MODIFY `id` int(11) NOT NULL AUTO_INCREMENT, AUTO_INCREMENT=62;
--
-- AUTO_INCREMENT for table `dump_site_timing`
--
ALTER TABLE `dump_site_timing`
  MODIFY `id` int(11) NOT NULL AUTO_INCREMENT, AUTO_INCREMENT=162;
--
-- AUTO_INCREMENT for table `favourites`
--
ALTER TABLE `favourites`
  MODIFY `id` int(11) NOT NULL AUTO_INCREMENT, AUTO_INCREMENT=52;
--
-- AUTO_INCREMENT for table `fees`
--
ALTER TABLE `fees`
  MODIFY `id` int(255) NOT NULL AUTO_INCREMENT;
--
-- AUTO_INCREMENT for table `forgot_password_requests`
--
ALTER TABLE `forgot_password_requests`
  MODIFY `id` int(11) NOT NULL AUTO_INCREMENT;
--
-- AUTO_INCREMENT for table `image`
--
ALTER TABLE `image`
  MODIFY `id` int(255) NOT NULL AUTO_INCREMENT, AUTO_INCREMENT=49;
--
-- AUTO_INCREMENT for table `job_site`
--
ALTER TABLE `job_site`
  MODIFY `id` int(255) NOT NULL AUTO_INCREMENT, AUTO_INCREMENT=27;
--
-- AUTO_INCREMENT for table `job_site_to_driver`
--
ALTER TABLE `job_site_to_driver`
  MODIFY `id` int(11) NOT NULL AUTO_INCREMENT, AUTO_INCREMENT=90;
--
-- AUTO_INCREMENT for table `lead`
--
ALTER TABLE `lead`
  MODIFY `id` int(255) NOT NULL AUTO_INCREMENT, AUTO_INCREMENT=15;
--
-- AUTO_INCREMENT for table `master_reference_code`
--
ALTER TABLE `master_reference_code`
  MODIFY `id` int(255) NOT NULL AUTO_INCREMENT, AUTO_INCREMENT=2;
--
-- AUTO_INCREMENT for table `materials`
--
ALTER TABLE `materials`
  MODIFY `id` int(255) NOT NULL AUTO_INCREMENT, AUTO_INCREMENT=7;
--
-- AUTO_INCREMENT for table `otp`
--
ALTER TABLE `otp`
  MODIFY `id` int(255) NOT NULL AUTO_INCREMENT, AUTO_INCREMENT=59;
--
-- AUTO_INCREMENT for table `plan`
--
ALTER TABLE `plan`
  MODIFY `id` int(11) NOT NULL AUTO_INCREMENT, AUTO_INCREMENT=3;
--
-- AUTO_INCREMENT for table `pre_payment`
--
ALTER TABLE `pre_payment`
  MODIFY `id` int(255) NOT NULL AUTO_INCREMENT, AUTO_INCREMENT=37;
--
-- AUTO_INCREMENT for table `rating`
--
ALTER TABLE `rating`
  MODIFY `id` int(255) NOT NULL AUTO_INCREMENT, AUTO_INCREMENT=33;
--
-- AUTO_INCREMENT for table `sitesettings`
--
ALTER TABLE `sitesettings`
  MODIFY `id` int(11) NOT NULL AUTO_INCREMENT, AUTO_INCREMENT=17;
--
-- AUTO_INCREMENT for table `transaction`
--
ALTER TABLE `transaction`
  MODIFY `id` int(255) NOT NULL AUTO_INCREMENT, AUTO_INCREMENT=29;
--
-- AUTO_INCREMENT for table `users`
--
ALTER TABLE `users`
  MODIFY `id` int(11) NOT NULL AUTO_INCREMENT, AUTO_INCREMENT=60;
--
-- AUTO_INCREMENT for table `user_card_details`
--
ALTER TABLE `user_card_details`
  MODIFY `id` int(11) NOT NULL AUTO_INCREMENT, AUTO_INCREMENT=29;
--
-- AUTO_INCREMENT for table `user_plan`
--
ALTER TABLE `user_plan`
  MODIFY `id` int(255) NOT NULL AUTO_INCREMENT, AUTO_INCREMENT=18;
DELIMITER $$
--
-- Events
--
CREATE DEFINER=`uipl`@`%` EVENT `make_driver_unavailable` ON SCHEDULE EVERY 24 HOUR STARTS '2017-11-23 11:59:00' ON COMPLETION NOT PRESERVE ENABLE COMMENT 'Make driver unavailable every end of the day' DO UPDATE driver_preferences SET driver_preferences.is_available = '0' WHERE driver_preferences.id > 0$$

DELIMITER ;

